000
CXUS56 KHNX 112327
CF6MCE
PRELIMINARY LOCAL CLIMATOLOGICAL DATA (WS FORM: F-6)
STATION: MERCED CA AIRPORT
MONTH: AUGUST
YEAR: 2021
LATITUDE: 37 16 N
LONGITUDE: 120 36 W
TEMPERATURE IN F: :PCPN: SNOW: WIND :SUNSHINE: SKY :PK WND
================================================================================
1 2 3 4 5 6A 6B 7 8 9 10 11 12 13 14 15 16 17 18
12Z AVG MX 2MIN
DY MAX MIN AVG DEP HDD CDD WTR SNW DPTH SPD SPD DIR MIN PSBL S-S WX SPD DR
================================================================================
1 101 64 83 4 0 18 0.00 0.0 0 7.4 17 340 M M 0 21 350
2 96 60 78 -1 0 13 0.00 0.0 0 7.5 15 340 M M 0 8 19 320
3 101 61 81 2 0 16 0.00 0.0 0 7.0 15 340 M M 0 18 340
4 101 63 82 3 0 17 0.00 0.0 0 8.1 18 330 M M 0 22 330
5 93 61 77 -2 0 12 0.00 0.0 0 7.9 14 330 M M 0 17 320
6 92 59 76 -3 0 11 0.00 0.0 0 5.8 15 360 M M 2 19 340
7 99 63 81 2 0 16 0.00 0.0 0 4.7 12 330 M M 0 8 14 320
8 100 63 82 4 0 17 0.00 0.0 0 5.6 9 270 M M 0 13 330
9 100 65 83 5 0 18 0.00 0.0 0 5.3 13 340 M M 0 8 15 330
10 102 64 83 5 0 18 0.00 0.0 0 5.9 10 320 M M 0 17 290
11 105 68 87 9 0 22 0.00 0.0 0 8.1 14 340 M M 0 22 330
12 100 70 85 7 0 20 0.00 0.0 0 8.5 15 340 M M 0 21 340
13 98 68 83 5 0 18 0.00 0.0 0 7.7 15 330 M M 0 19 340
14 101 67 84 6 0 19 0.00 0.0 0 5.0 10 340 M M 0 8 15 270
15 100 69 85 7 0 20 0.00 0.0 0 5.7 13 340 M M 0 17 340
16 100 72 86 8 0 21 0.00 0.0 0 4.6 12 330 M M 0 8 14 340
17 95 63 79 1 0 14 0.00 0.0 0 5.1 14 260 M M 0 19 250
18 85 57 71 -7 0 6 0.00 0.0 0 6.7 14 330 M M 5 8 18 300
19 87 60 74 -4 0 9 0.00 0.0 0 4.1 10 350 M M 10 8 14 330
20 90 59 75 -3 0 10 0.00 0.0 0 4.1 10 340 M M 10 8 12 330
21 86 60 73 -5 0 8 0.00 0.0 0 7.8 14 310 M M 8 18 18 300
22 90 58 74 -3 0 9 0.00 0.0 0 6.0 12 320 M M 0 15 320
23 93 60 77 0 0 12 0.00 0.0 0 5.8 13 340 M M 0 8 16 340
24 92 61 77 0 0 12 0.00 0.0 0 7.9 13 330 M M 0 8 17 320
25 94 60 77 0 0 12 0.00 0.0 0 7.0 13 320 M M 0 17 310
26 96 57 77 0 0 12 0.00 0.0 0 5.4 15 350 M M 0 8 19 320
27 98 58 78 1 0 13 0.00 0.0 0 4.2 12 310 M M 3 8 18 360
28 103 62 83 6 0 18 0.00 0.0 0 3.5 10 330 M M 8 8 14 330
29 105 62 84 7 0 19 0.00 0.0 0 5.3 15 340 M M 3 8 18 350
30 108 62 85 8 0 20 0.00 0.0 0 4.6 14 330 M M 0 8 18 350
31 99 61 80 4 0 15 0.00 0.0 0 5.8 13 320 M M 0 17 320
================================================================================
SM 3010 1937 0 465 0.00 0.0 188.1 M 49
================================================================================
AV 97.1 62.5 6.1 FASTST M M 2 MAX(MPH)
MISC ----> 18 330 # 22 330
================================================================================
NOTES:
# LAST OF SEVERAL OCCURRENCES
COLUMN 17 PEAK WIND IN M.P.H.
PRELIMINARY LOCAL CLIMATOLOGICAL DATA (WS FORM: F-6) , PAGE 2
STATION: MERCED CA AIRPORT
MONTH: AUGUST
YEAR: 2021
LATITUDE: 37 16 N
LONGITUDE: 120 36 W
[TEMPERATURE DATA] [PRECIPITATION DATA] SYMBOLS USED IN COLUMN 16
AVERAGE MONTHLY: 79.8 TOTAL FOR MONTH: 0.00 1 = FOG OR MIST
DPTR FM NORMAL: 1.9 DPTR FM NORMAL: 0.00 2 = FOG REDUCING VISIBILITY
HIGHEST: 108 ON 30 GRTST 24HR 0.00 ON 1- 1 TO 1/4 MILE OR LESS
LOWEST: 57 ON 26,18 3 = THUNDER
SNOW, ICE PELLETS, HAIL 4 = ICE PELLETS
TOTAL MONTH: 0.0 INCH 5 = HAIL
GRTST 24HR 0.0 6 = FREEZING RAIN OR DRIZZLE
GRTST DEPTH: 0 7 = DUSTSTORM OR SANDSTORM:
VSBY 1/2 MILE OR LESS
8 = SMOKE OR HAZE
[NO. OF DAYS WITH] [WEATHER - DAYS WITH] 9 = BLOWING SNOW
X = TORNADO
MAX 32 OR BELOW: 0 0.01 INCH OR MORE: 0
MAX 90 OR ABOVE: 28 0.10 INCH OR MORE: 0
MIN 32 OR BELOW: 0 0.50 INCH OR MORE: 0
MIN 0 OR BELOW: 0 1.00 INCH OR MORE: 0
[HDD (BASE 65) ]
TOTAL THIS MO. 0 CLEAR (SCALE 0-3) 25
DPTR FM NORMAL 0 PTCLDY (SCALE 4-7) 4
TOTAL FM JUL 1 0 CLOUDY (SCALE 8-10) 2
DPTR FM NORMAL 0
[CDD (BASE 65) ]
TOTAL THIS MO. 465
DPTR FM NORMAL 67 [PRESSURE DATA]
TOTAL FM JAN 1 1609 HIGHEST SLP 30.07 ON 2
DPTR FM NORMAL 353 LOWEST SLP 29.59 ON 31
[REMARKS]
#FINAL-08-21#