000
CXAK59 PAFG 010953
CLMMCG
CLIMATE REPORT
NATIONAL WEATHER SERVICE FAIRBANKS AK
153 AM AKDT TUE AUG 01 2023
...................................
...THE MCGRATH AK CLIMATE SUMMARY FOR THE MONTH OF JULY 2023...
CLIMATE NORMAL PERIOD 1991 TO 2020
CLIMATE RECORD PERIOD 1946 TO 2023
WEATHER OBSERVED NORMAL DEPART LAST YEAR`S
VALUE DATE(S) VALUE FROM VALUE DATE(S)
NORMAL
................................................................
TEMPERATURE (F)
RECORD
HIGH 89 07/08/2019
07/07/2009
07/30/1977
LOW 31 07/17/2003
HIGHEST 83 07/23 MM MM MM 07/12
LOWEST 43 07/15 MM MM MM 06/30
AVG. MAXIMUM 69.4 69.5 -0.1 MM
AVG. MINIMUM 51.8 52.1 -0.3 MM
MEAN 60.6 60.8 -0.2 MM
DAYS MAX >= 90 0 0.0 0.0 MM
DAYS MAX <= 32 0 0.0 0.0 MM
DAYS MIN <= 32 0 0.0 0.0 MM
DAYS MIN <= 0 0 0.0 0.0 MM
PRECIPITATION (INCHES)
RECORD
MAXIMUM 5.37 1975
MINIMUM 0.38
TOTALS 2.86 2.50 0.36 MM
DAILY AVG. 0.09 0.08 0.01 MM
DAYS >= .01 15 15.1 -0.1 MM
DAYS >= .10 10 7.5 2.5 MM
DAYS >= .50 1 1.0 0.0 MM
DAYS >= 1.00 0 0.1 -0.1 MM
GREATEST
24 HR. TOTAL 1.04 07/15 TO 07/16 MM
DEGREE DAYS
HEATING TOTAL 144 147 -3 MM
SINCE 7/1 144 148 -4 MM
COOLING TOTAL 15 17 -2 MM
SINCE 1/1 16 28 -12 MM
................................................................
WIND (MPH)
AVERAGE WIND SPEED 3.9
HIGHEST WIND SPEED/DIRECTION 25/210 DATE 07/03
HIGHEST GUST SPEED/DIRECTION 34/220 DATE 07/03
SKY COVER
AVERAGE SKY COVER 0.61
NUMBER OF DAYS FAIR 8
WEATHER CONDITIONS. NUMBER OF DAYS WITH
THUNDERSTORM 0 MIXED PRECIP 0
HEAVY RAIN 1 RAIN 7
LIGHT RAIN 18 FREEZING RAIN 0
LT FREEZING RAIN 0 HAIL 0
HEAVY SNOW 0 SNOW 0
LIGHT SNOW 0 SLEET 0
FOG 12 FOG W/VIS <= 1/4 MILE 0
HAZE 1
- INDICATES NEGATIVE NUMBERS.
R INDICATES RECORD WAS SET OR TIED.
MM INDICATES DATA IS MISSING.
T INDICATES TRACE AMOUNT.
$$