000
CXUS53 KEAX 011559
CLSMCI
STLCLSWS1 000
TTAA00 EAX 011557
CLIMATE REPORT
NATIONAL WEATHER SERVICE KANSAS CITY/PLEASANT HILL MO
1045 AM CDT THU SEP 01 2022
...................................
...THE KANSAS CITY INTERNATIONAL MO CLIMATE SUMMARY FOR THE SEASON, FROM
6/1/2022 TO 8/31/2022...
CLIMATE NORMAL PERIOD: 1991 TO 2020
CLIMATE RECORD PERIOD: 1888 TO 2022
WEATHER OBSERVED NORMAL DEPART LAST YEAR`S
VALUE DATE(S) VALUE FROM VALUE DATE(S)
NORMAL
................................................................
TEMPERATURE (F)
RECORD
HIGH 113 08/14/1936
LOW 37 06/27/2013
HIGHEST 101 07/23 99 2 98 08/11
06/17
06/18
LOWEST 52 06/03 50 2 53 06/22
AVG. MAXIMUM 88.4 86.5 1.9 88.6
AVG. MINIMUM 67.8 66.1 1.7 68.7
MEAN 78.1 76.3 1.8 78.6
DAYS MAX >= 90 42 31.8 10.2 39
DAYS MAX <= 32 0 0.0 0.0 0
DAYS MIN <= 32 0 0.0 0.0 0
DAYS MIN <= 0 0 0.0 0.0 0
PRECIPITATION (INCHES)
RECORD
MAXIMUM 29.56 1969
MINIMUM 1.12 1936
TOTALS 9.44 14.07 -4.63 15.11
DAILY AVG. 0.10 0.15 -0.05 0.17
DAYS >= .01 28 27.6 0.4 27
DAYS >= .10 16 18.8 -2.8 19
DAYS >= .50 7 9.2 -2.2 11
DAYS >= 1.00 4 4.6 -0.6 7
GREATEST
24 HR. TOTAL 3.16
SNOWFALL (INCHES)
RECORDS
TOTAL MM 2021
TOTALS 0.0 0.0 0.0 T
SINCE 7/1 0.0 0.0 0.0 MM
DAYS >= TRACE 0 0.0 0.0 1
DAYS >= 1.0 0 0.0 0.0 0
GREATEST
SNOW DEPTH 0
24 HR TOTAL MM
DEGREE DAYS
HEATING TOTAL 3 9 -6 0
COOLING TOTAL 1227 1054 173 1279
................................................................
WIND (MPH)
AVERAGE WIND SPEED 8.3
HIGHEST WIND SPEED/DIRECTION 40/330 DATE 06/08
HIGHEST GUST SPEED/DIRECTION 61/320 DATE 06/08
SKY COVER
POSSIBLE SUNSHINE (PERCENT) MM
AVERAGE SKY COVER 0.46
NUMBER OF DAYS FAIR 37
NUMBER OF DAYS PC 43
NUMBER OF DAYS CLOUDY 12
AVERAGE RH (PERCENT) 69
WEATHER CONDITIONS. NUMBER OF DAYS WITH
THUNDERSTORM 27 MIXED PRECIP 0
HEAVY RAIN 9 RAIN 13
LIGHT RAIN 36 FREEZING RAIN 0
LT FREEZING RAIN 0 HAIL 0
HEAVY SNOW 0 SNOW 0
LIGHT SNOW 0 SLEET 0
FOG 48 FOG W/VIS <= 1/4 MILE 1
HAZE 63
- INDICATES NEGATIVE NUMBERS.
R INDICATES RECORD WAS SET OR TIED.
MM INDICATES DATA IS MISSING.
T INDICATES TRACE AMOUNT.
$$