000
CXUS53 KGLD 012110
CLMMCK
CLIMATE REPORT
NATIONAL WEATHER SERVICE
310 PM MDT FRI SEP 01 2023
...................................
...THE MCCOOK NE CLIMATE SUMMARY FOR THE MONTH OF AUGUST 2023...
CLIMATE NORMAL PERIOD: 1991 TO 2020
CLIMATE RECORD PERIOD: 1896 TO 2023
WEATHER OBSERVED NORMAL DEPART LAST YEAR`S
VALUE DATE(S) VALUE FROM VALUE DATE(S)
NORMAL
................................................................
TEMPERATURE (F)
RECORD
HIGH 111 08/03/1930
LOW 39 08/24/1928
08/28/1911
HIGHEST 103 08/19 101 2 106 08/02
08/22
08/23
LOWEST 50 08/15 52 -2 51 08/20
AVG. MAXIMUM 91.0 88.6 2.4 95.2
AVG. MINIMUM 61.5 61.7 -0.2 61.6
MEAN 76.3 75.2 1.1 78.4
DAYS MAX >= 90 15 15.6 -0.6 26
DAYS MAX <= 32 0 0.0 0.0 0
DAYS MIN <= 32 0 0.0 0.0 0
DAYS MIN <= 0 0 0.0 0.0 0
PRECIPITATION (INCHES)
RECORD
MAXIMUM 6.16 1992
MINIMUM 0.08 1971
TOTALS 3.68 3.13 0.55 0.20
DAILY AVG. 0.12 0.10 0.02 0.01
DAYS >= .01 8 9.6 -1.6 4
DAYS >= .10 6 5.0 1.0 0
DAYS >= .50 2 2.0 0.0 0
DAYS >= 1.00 1 0.8 0.2 0
GREATEST
24 HR. TOTAL 1.86 08/04 TO 08/04 0.08
STORM TOTAL 1.86
(MM/DD(HH))
................................................................
- INDICATES NEGATIVE NUMBERS.
R INDICATES RECORD WAS SET OR TIED.
MM INDICATES DATA IS MISSING.
T INDICATES TRACE AMOUNT.
$$