000
CXUS52 KFFC 022222
CLMMCN
CLIMATE REPORT
NATIONAL WEATHER SERVICE PEACHTREE CITY GA
522 PM EST SAT DEC 02 2023
...................................
...THE MACON CLIMATE SUMMARY FOR THE MONTH OF NOVEMBER 2023...
CLIMATE NORMAL PERIOD: 1991 TO 2020
CLIMATE RECORD PERIOD: 1899 TO 2023
WEATHER OBSERVED NORMAL DEPART LAST YEAR`S
VALUE DATE(S) VALUE FROM VALUE DATE(S)
NORMAL
................................................................
TEMPERATURE (F)
RECORD
HIGH 88 11/02/1961
11/01/1961
LOW 10 11/25/1950
HIGHEST 83 11/07 85 -2 87 11/07
11/08
LOWEST 25 11/29 22 3 25 11/21
AVG. MAXIMUM 69.0 69.1 -0.1 70.2
AVG. MINIMUM 42.9 42.5 0.4 46.8
MEAN 55.9 55.8 0.1 58.5
DAYS MAX >= 90 0 0.0 0.0 0
DAYS MAX <= 32 0 0.0 0.0 0
DAYS MIN <= 32 5 5.5 -0.5 5
DAYS MIN <= 0 0 0.0 0.0 0
PRECIPITATION (INCHES)
RECORD
MAXIMUM 5.89 2022
MINIMUM 0.29 2021
TOTALS 1.60 3.37 -1.77
DAILY AVG. 0.05 0.11 -0.06 0.20
DAYS >= .01 6 7.7 -1.7 9
DAYS >= .10 4 4.7 -0.7 5
DAYS >= .50 2 2.2 -0.2 5
DAYS >= 1.00 0 1.1 -1.1 2
GREATEST
24 HR. TOTAL 0.62 11/21 TO 11/22 2.47 11/10 TO 11/11
SNOWFALL (INCHES)
RECORDS
TOTAL MM MM
24 HR TOTAL MM
SNOW DEPTH MM MM
TOTALS 0.0 MM MM 0.0
SINCE 7/1 0.0 MM MM MM
SNOWDEPTH AVG. MM MM
DAYS >= TRACE 0 MM MM 0
DAYS >= 1.0 0 MM MM 0
GREATEST
24 HR TOTAL MM MM
DEGREE DAYS
HEATING TOTAL 269 295 -26 227
SINCE 7/1 334 377 -43 MM
COOLING TOTAL 3 19 -16 40
SINCE 1/1 2282 2321 -39 MM
................................................................
WIND (MPH)
AVERAGE WIND SPEED 5.5
HIGHEST WIND SPEED/DIRECTION 22/080 DATE 11/14
HIGHEST GUST SPEED/DIRECTION 32/080 DATE 11/14
SKY COVER
POSSIBLE SUNSHINE (PERCENT) MM
AVERAGE SKY COVER 0.31
NUMBER OF DAYS FAIR 20
NUMBER OF DAYS PC 4
NUMBER OF DAYS CLOUDY 6
AVERAGE RH (PERCENT) 70
WEATHER CONDITIONS. NUMBER OF DAYS WITH
THUNDERSTORM 1 MIXED PRECIP 1
HEAVY RAIN 1 RAIN 6
LIGHT RAIN 4 FREEZING RAIN 0
LT FREEZING RAIN 0 HAIL 0
HEAVY SNOW 0 SNOW 0
LIGHT SNOW 0 SLEET 0
FOG 12 FOG W/VIS <= 1/4 MILE 1
HAZE 1
- INDICATES NEGATIVE NUMBERS.
R INDICATES RECORD WAS SET OR TIED.
MM INDICATES DATA IS MISSING.
T INDICATES TRACE AMOUNT.
$$