000
CXUS52 KMLB 010625
CF6MCO
PRELIMINARY LOCAL CLIMATOLOGICAL DATA (WS FORM: F-6)
STATION: ORLANDO INTL
MONTH: SEPTEMBER
YEAR: 2023
LATITUDE: 28 25 N
LONGITUDE: 81 19 W
TEMPERATURE IN F: :PCPN: SNOW: WIND :SUNSHINE: SKY :PK WND
================================================================================
1 2 3 4 5 6A 6B 7 8 9 10 11 12 13 14 15 16 17 18
12Z AVG MX 2MIN
DY MAX MIN AVG DEP HDD CDD WTR SNW DPTH SPD SPD DIR MIN PSBL S-S WX SPD DR
================================================================================
1 91 74 83 1 0 18 1.70 0.0 0 6.7 21 310 M M 7 13 28 290
2 88 75 82 0 0 17 T 0.0 0 9.3 18 50 M M 7 26 50
3 90 72 81 -1 0 16 0.00 0.0 0 9.3 17 50 M M 3 24 40
4 91 72 82 0 0 17 0.00 0.0 0 7.7 16 80 M M 2 21 80
5 92 71 82 0 0 17 0.00 0.0 0 5.0 15 80 M M 5 31 100
6 95 74 85 3 0 20 0.00 0.0 0 3.8 15 130 M M 4 20 130
7 94 73 84 2 0 19 0.00 0.0 0 4.5 15 120 M M 3 19 120
8 88 71 80 -2 0 15 0.89 0.0 0 6.3 35 310 M M 6 13 47 310
9 91 70 81 -1 0 16 0.00 0.0 0 4.3 16 120 M M 4 21 120
10 94 74 84 2 0 19 0.00 0.0 0 4.6 16 100 M M 2 28 100
11 95 71 83 1 0 18 2.48 0.0 0 6.1 46 360 M M 3 123 57 10
12 94 73 84 2 0 19 T 0.0 0 4.2 17 140 M M 5 3 22 130
13 92 77 85 4 0 20 0.00 0.0 0 4.0 22 70 M M 3 3 26 70
14 93 77 85 4 0 20 T 0.0 0 4.8 18 60 M M 4 26 50
15 95 77 86 5 0 21 0.00 0.0 0 5.8 21 350 M M 5 26 10
16 91 77 84 3 0 19 0.05 0.0 0 6.9 20 70 M M 3 26 50
17 94 76 85 4 0 20 T 0.0 0 4.5 22 160 M M 3 3 28 170
18 92 77 85 4 0 20 0.00 0.0 0 7.4 17 60 M M 5 25 50
19 88 74 81 0 0 16 0.00 0.0 0 9.4 16 60 M M 7 22 40
20 92 73 83 2 0 18 0.38 0.0 0 7.9 24 160 M M 7 13 32 160
21 90 73 82 1 0 17 0.19 0.0 0 6.3 37 10 M M 6 13 45 10
22 88 72 80 0 0 15 0.00 0.0 0 8.2 24 360 M M 3 30 10
23 87 68 78 -2 0 13 0.00 0.0 0 5.3 15 80 M M 2 20 90
24 88 66 77 -3 0 12 0.00 0.0 0 4.5 13 100 M M 7 21 90
25 92 74 83 3 0 18 0.27 0.0 0 3.9 24 120 M M 5 13 32 100
26 89 74 82 2 0 17 0.34 0.0 0 6.7 29 170 M M 7 13 38 170
27 88 74 81 1 0 16 0.82 0.0 0 4.6 20 10 M M 8 13 27 30
28 89 74 82 2 0 17 0.16 0.0 0 8.0 21 340 M M 6 1 30 360
29 90 75 83 4 0 18 T 0.0 0 8.0 18 60 M M 9 1 24 70
30 90 77 84 5 0 19 T 0.0 0 9.8 21 40 M M 8 27 50
================================================================================
SM 2731 2205 0 527 7.28 0.0 187.8 M 149
================================================================================
AV 91.0 73.5 6.3 FASTST M M 5 MAX(MPH)
MISC ----> 46 360 57 10
================================================================================
NOTES:
# LAST OF SEVERAL OCCURRENCES
COLUMN 17 PEAK WIND IN M.P.H.
PRELIMINARY LOCAL CLIMATOLOGICAL DATA (WS FORM: F-6) , PAGE 2
STATION: ORLANDO INTL
MONTH: SEPTEMBER
YEAR: 2023
LATITUDE: 28 25 N
LONGITUDE: 81 19 W
[TEMPERATURE DATA] [PRECIPITATION DATA] SYMBOLS USED IN COLUMN 16
AVERAGE MONTHLY: 82.3 TOTAL FOR MONTH: 7.28 1 = FOG OR MIST
DPTR FM NORMAL: 1.3 DPTR FM NORMAL: 0.91 2 = FOG REDUCING VISIBILITY
HIGHEST: 95 ON 15,11 GRTST 24HR 2.48 ON 11-11 TO 1/4 MILE OR LESS
LOWEST: 66 ON 24 3 = THUNDER
SNOW, ICE PELLETS, HAIL 4 = ICE PELLETS
TOTAL MONTH: 0.0 INCH 5 = HAIL
GRTST 24HR 0.0 6 = FREEZING RAIN OR DRIZZLE
GRTST DEPTH: 0 7 = DUSTSTORM OR SANDSTORM:
VSBY 1/2 MILE OR LESS
8 = SMOKE OR HAZE
[NO. OF DAYS WITH] [WEATHER - DAYS WITH] 9 = BLOWING SNOW
X = TORNADO
MAX 32 OR BELOW: 0 0.01 INCH OR MORE: 10
MAX 90 OR ABOVE: 21 0.10 INCH OR MORE: 9
MIN 32 OR BELOW: 0 0.50 INCH OR MORE: 4
MIN 0 OR BELOW: 0 1.00 INCH OR MORE: 2
[HDD (BASE 65) ]
TOTAL THIS MO. 0 CLEAR (SCALE 0-3) 8
DPTR FM NORMAL 0 PTCLDY (SCALE 4-7) 21
TOTAL FM JUL 1 0 CLOUDY (SCALE 8-10) 1
DPTR FM NORMAL 0
[CDD (BASE 65) ]
TOTAL THIS MO. 527
DPTR FM NORMAL 47 [PRESSURE DATA]
TOTAL FM JAN 1 3588 HIGHEST SLP M ON M
DPTR FM NORMAL 682 LOWEST SLP 29.83 ON 17
[REMARKS]
#FINAL-09-23#