000
CXUS52 KMLB 011256
CLMMCO
CLIMATE REPORT
NATIONAL WEATHER SERVICE MELBOURNE FL
856 AM EDT SAT APR 01 2023
...................................
...THE ORLANDO INTL CLIMATE SUMMARY FOR THE MONTH OF MARCH 2023...
CLIMATE NORMAL PERIOD 1991 TO 2020
CLIMATE RECORD PERIOD 1892 TO 2023
WEATHER OBSERVED NORMAL DEPART LAST YEAR`S
VALUE DATE(S) VALUE FROM VALUE
NORMAL
..............................................................
TEMPERATURE (F)
MONTHLY RECORD
HOTTEST 74.0 2020
COLDEST 59.1 1915
DAILY RECORD
HIGH 97 03/30/1907
LOW 25 03/03/1980
MARCH 2023
HIGHEST 92 03/25 91
03/26
LOWEST 47 03/20 41
03/21
AVG. MAXIMUM 84.1 78.9 5.2 83.9
AVG. MINIMUM 59.7 55.8 3.9 61.1
MEAN 71.9 67.3 4.6 72.5
DAYS MAX >= 90 8 0.8 7.2 2
DAYS MAX <= 32 0 0.0 0.0 0
DAYS MIN <= 32 0 0.0 0.0 0
DAYS MIN <= 0 0 0.0 0.0 0
PRECIPITATION (INCHES)
MONTHLY RECORD
MAXIMUM 12.24 1930
MINIMUM 0.02 2006
DAILY RECORD
MAXIMUM 5.02 03/15/1960
MARCH 2023
TOTALS 0.33 3.03 -2.70 5.76
DAYS >= .01 2 6.8 -4.8 9
DAYS >= .10 2 4.0 -2.0 7
DAYS >= .50 0 1.7 -1.7 6
DAYS >= 1.00 0 1.1 -1.1 3
GREATEST
24 HR. TOTAL 0.18 03/05 TO 03/05
SNOWFALL (INCHES)
TOTALS 0.0 0.0 0.0 0.0
SINCE 7/1 0.0 0.0 0.0 MM
DAYS >= TRACE 0 0
DEGREE DAYS
HEATING TOTAL 21 54 -33 13
SINCE 7/1 282 517 -235 MM
COOLING TOTAL 242 127 115 254
SINCE 1/1 496 240 256 MM
..............................................................
WIND (MPH)
AVERAGE WIND SPEED 9.0
HIGHEST WIND SPEED/DIRECTION 28/180 DATE 03/03
HIGHEST GUST SPEED/DIRECTION 36/170 DATE 03/03
SKY COVER
POSSIBLE SUNSHINE (PERCENT) MM
AVERAGE SKY COVER 0.41
NUMBER OF DAYS FAIR 13
NUMBER OF DAYS PC 16
NUMBER OF DAYS CLOUDY 2
AVERAGE RH (PERCENT) 64
WEATHER CONDITIONS. NUMBER OF DAYS WITH
THUNDERSTORM 1 MIXED PRECIP 0
HEAVY RAIN 2 RAIN 1
LIGHT RAIN 8 LT FREEZING RAIN 0
HAIL 0 LIGHT SNOW 0
SLEET 0 FOG 10
FOG W/VIS <= 1/4 MILE 0 HAZE 0
- INDICATES NEGATIVE NUMBERS.
R INDICATES RECORD WAS SET OR TIED.
MM INDICATES DATA IS MISSING.
T INDICATES TRACE AMOUNT.
$$