000
CXUS53 KDMX 050259
CF6MCW
PRELIMINARY LOCAL CLIMATOLOGICAL DATA (WS FORM: F-6)
STATION: MASON CITY IA
MONTH: JUNE
YEAR: 2022
LATITUDE: 43 9 N
LONGITUDE: 93 20 W
TEMPERATURE IN F: :PCPN: SNOW: WIND :SUNSHINE: SKY :PK WND
================================================================================
1 2 3 4 5 6A 6B 7 8 9 10 11 12 13 14 15 16 17 18
12Z AVG MX 2MIN
DY MAX MIN AVG DEP HDD CDD WTR SNW DPTH SPD SPD DIR MIN PSBL S-S WX SPD DR
================================================================================
1 70 46 58 -6 7 0 0.00 0.0 0 9.5 18 310 M M 2 25 320
2 78 42 60 -5 5 0 0.00 0.0 0 12.3 25 280 M M 1 33 280
3 75 44 60 -5 5 0 0.00 0.0 0 9.2 17 340 M M 2 26 10
4 61 54 58 -7 7 0 0.47 0.0 0 9.5 17 120 M M 10 1 23 130
5 71 55 63 -3 2 0 0.32 0.0 0 8.1 15 80 M M 9 13 20 60
6 73 60 67 1 0 2 T 0.0 0 7.3 20 70 M M 9 12 31 60
7 77 54 66 0 0 1 0.12 0.0 0 4.2 17 200 M M 7 3 23 210
8 76 54 65 -2 0 0 0.22 0.0 0 9.4 18 340 M M 6 13 25 360
9 79 51 65 -2 0 0 T 0.0 0 6.1 20 230 M M 4 26 220
10 75 60 68 1 0 3 0.07 0.0 0 6.9 15 210 M M 6 19 220
11 74 60 67 -1 0 2 0.03 0.0 0 7.9 17 210 M M 6 22 220
12 86 62 74 6 0 9 0.00 0.0 0 9.2 16 120 M M 5 1 23 120
13 78 68 73 5 0 8 0.44 0.0 0 13.2 25 120 M M 6 13 34 120
14 94 73 84 16 0 19 0.09 0.0 0 15.9 31 210 M M 2 13 45 200
15 74 62 68 -1 0 3 1.82 0.0 0 7.5 26 70 M M 6 13 32 320
16 85 61 73 4 0 8 0.00 0.0 0 15.1 30 270 M M 0 41 300
17 84 57 71 2 0 6 0.00 0.0 0 7.0 17 360 M M 0 8 21 360
18 84 57 71 2 0 6 0.00 0.0 0 12.9 23 150 M M 0 32 150
19 92 63 78 8 0 13 0.00 0.0 0 15.5 23 180 M M 0 32 180
20 95 70 83 13 0 18 0.00 0.0 0 15.4 24 180 M M 0 34 180
21 89 62 76 6 0 11 T 0.0 0 13.2 22 220 M M 1 3 31 240
22 85 59 72 2 0 7 0.00 0.0 0 8.4 21 300 M M 0 29 320
23 91 58 75 5 0 10 0.00 0.0 0 9.9 22 220 M M 0 30 220
24 84 65 75 5 0 10 0.09 0.0 0 12.9 25 200 M M 3 13 34 200
25 84 62 73 2 0 8 1.88 0.0 0 12.7 26 60 M M 5 13 45 50
26 74 52 63 -8 2 0 0.00 0.0 0 14.2 26 310 M M 1 38 310
27 81 49 65 -6 0 0 0.00 0.0 0 7.5 17 280 M M 1 21 280
28 85 59 72 1 0 7 T 0.0 0 11.6 26 200 M M 2 3 35 210
29 89 55 72 1 0 7 T 0.0 0 10.7 24 170 M M 0 1 35 200
30 83 69 76 5 0 11 0.00 0.0 0 12.2 24 220 M M 1 34 230
================================================================================
SM 2426 1743 28 169 5.55 0.0 315.4 M 95
================================================================================
AV 80.9 58.1 10.5 FASTST M M 3 MAX(MPH)
MISC ----> 31 210 # 45 50
================================================================================
NOTES:
# LAST OF SEVERAL OCCURRENCES
COLUMN 17 PEAK WIND IN M.P.H.
PRELIMINARY LOCAL CLIMATOLOGICAL DATA (WS FORM: F-6) , PAGE 2
STATION: MASON CITY IA
MONTH: JUNE
YEAR: 2022
LATITUDE: 43 9 N
LONGITUDE: 93 20 W
[TEMPERATURE DATA] [PRECIPITATION DATA] SYMBOLS USED IN COLUMN 16
AVERAGE MONTHLY: 69.5 TOTAL FOR MONTH: 5.55 1 = FOG OR MIST
DPTR FM NORMAL: 1.0 DPTR FM NORMAL: 0.16 2 = FOG REDUCING VISIBILITY
HIGHEST: 95 ON 20 GRTST 24HR 1.97 ON 24-25 TO 1/4 MILE OR LESS
LOWEST: 42 ON 2 3 = THUNDER
SNOW, ICE PELLETS, HAIL 4 = ICE PELLETS
TOTAL MONTH: 0.0 INCH 5 = HAIL
GRTST 24HR 0.0 6 = FREEZING RAIN OR DRIZZLE
GRTST DEPTH: 0 7 = DUSTSTORM OR SANDSTORM:
VSBY 1/2 MILE OR LESS
8 = SMOKE OR HAZE
[NO. OF DAYS WITH] [WEATHER - DAYS WITH] 9 = BLOWING SNOW
X = TORNADO
MAX 32 OR BELOW: 0 0.01 INCH OR MORE: 11
MAX 90 OR ABOVE: 4 0.10 INCH OR MORE: 7
MIN 32 OR BELOW: 0 0.50 INCH OR MORE: 2
MIN 0 OR BELOW: 0 1.00 INCH OR MORE: 2
[HDD (BASE 65) ]
TOTAL THIS MO. 28 CLEAR (SCALE 0-3) 18
DPTR FM NORMAL -11 PTCLDY (SCALE 4-7) 9
TOTAL FM JUL 1 7493 CLOUDY (SCALE 8-10) 3
DPTR FM NORMAL -151
[CDD (BASE 65) ]
TOTAL THIS MO. 169
DPTR FM NORMAL 27 [PRESSURE DATA]
TOTAL FM JAN 1 237 HIGHEST SLP 30.30 ON 27
DPTR FM NORMAL 57 LOWEST SLP 29.57 ON 14
[REMARKS]
#FINAL-06-22#