152
CXUS54 KMAF 011110
CF6MDD
PRELIMINARY LOCAL CLIMATOLOGICAL DATA (WS FORM: F-6)
STATION: MIDLAND AIRPARK
MONTH: AUGUST
YEAR: 2020
LATITUDE: 32 2 N
LONGITUDE: 102 6 W
TEMPERATURE IN F: :PCPN: SNOW: WIND :SUNSHINE: SKY :PK WND
================================================================================
1 2 3 4 5 6A 6B 7 8 9 10 11 12 13 14 15 16 17 18
12Z AVG MX 2MIN
DY MAX MIN AVG DEP HDD CDD WTR SNW DPTH SPD SPD DIR MIN PSBL S-S WX SPD DR
================================================================================
1 98 72 85 M 0 20 M M M 5.1 15 100 M M 2 20 100
2 100 71 86 M 0 21 M M M 7.7 24 100 M M 1 8 31 100
3 92 68 80 M 0 15 0.15 M M 9.3 22 20 M M 4 3 30 360
4 101 71 86 M 0 21 M M M 10.1 17 170 M M 0 8 22 140
5 103 77 90 M 0 25 M M M 14.4 20 180 M M 0 24 180
6 102 76 89 M 0 24 M M M 14.7 21 150 M M 0 26 180
7 100 76 88 M 0 23 M M M 13.6 21 180 M M 0 26 190
8 99 76 88 M 0 23 M M M 12.7 20 180 M M 0 25 180
9 100 75 88 M 0 23 M M M 13.9 23 140 M M 0 29 140
10 101 75 88 M 0 23 M M M 12.5 16 160 M M 0 22 170
11 102 76 89 M 0 24 M M M 12.8 17 170 M M 0 25 160
12 105 77 91 M 0 26 M M M 10.9 16 150 M M 0 23 170
13 105 77 91 M 0 26 M M M 12.4 17 180 M M 0 23 180
14 108 78 93 M 0 28 M M M 7.8 15 200 M M 0 26 120
15 105 82 94 M 0 29 M M M 7.7 21 150 M M 0 8 31 90
16 99 77 88 M 0 23 M M M 8.6 16 30 M M 1 22 60
17 92 68 80 M 0 15 0.31 M M 8.2 15 70 M M 1 3 23 110
18 96 69 83 M 0 18 M M M 5.0 10 360 M M 2 22 70
19 98 70 84 M 0 19 M M M 5.4 13 140 M M 0 18 80
20 100 76 88 M 0 23 M M M 11.7 18 140 M M 0 26 120
21 99 71 85 M 0 20 M M M 9.7 17 120 M M 0 26 160
22 98 76 87 M 0 22 M M M 8.0 15 130 M M 1 28 150
23 97 74 86 M 0 21 M M M 9.4 14 110 M M 0 20 110
24 93 71 82 M 0 17 M M M 9.0 13 150 M M 0 21 110
25 95 70 83 M 0 18 M M M 5.3 8 70 M M 2 22 230
26 96 72 84 M 0 19 M M M 7.5 13 90 M M 2 17 100
27 100 73 87 M 0 22 M M M 7.3 15 200 M M 1 20 200
28 103 77 90 M 0 25 M M M 10.2 16 200 M M 0 23 140
29 103 78 91 M 0 26 M M M 8.5 15 140 M M 1 24 120
30 104 75 90 M 0 25 M M M 9.4 14 170 M M 0 23 170
31 101 78 90 M 0 25 M M M 12.7 23 320 M M 2 29 320
================================================================================
SM 3095 2302 0 689 0.46 M 301.4 M 20
================================================================================
AV 99.8 74.3 9.7 FASTST M M 1 MAX(MPH)
MISC ----> 24 100 # 31 100
================================================================================
NOTES:
# LAST OF SEVERAL OCCURRENCES
COLUMN 17 PEAK WIND IN M.P.H.
PRELIMINARY LOCAL CLIMATOLOGICAL DATA (WS FORM: F-6) , PAGE 2
STATION: MIDLAND AIRPARK
MONTH: AUGUST
YEAR: 2020
LATITUDE: 32 2 N
LONGITUDE: 102 6 W
[TEMPERATURE DATA] [PRECIPITATION DATA] SYMBOLS USED IN COLUMN 16
AVERAGE MONTHLY: 87.0 TOTAL FOR MONTH: 0.46 1 = FOG OR MIST
DPTR FM NORMAL: 0.0 DPTR FM NORMAL: M 2 = FOG REDUCING VISIBILITY
HIGHEST: 108 ON 14 GRTST 24HR 0.31 ON 17-17 TO 1/4 MILE OR LESS
LOWEST: 68 ON 17, 3 3 = THUNDER
SNOW, ICE PELLETS, HAIL 4 = ICE PELLETS
TOTAL MONTH: M 5 = HAIL
GRTST 24HR M ON M 6 = FREEZING RAIN OR DRIZZLE
GRTST DEPTH: M ON M 7 = DUSTSTORM OR SANDSTORM:
VSBY 1/2 MILE OR LESS
8 = SMOKE OR HAZE
[NO. OF DAYS WITH] [WEATHER - DAYS WITH] 9 = BLOWING SNOW
X = TORNADO
MAX 32 OR BELOW: 0 0.01 INCH OR MORE: 2
MAX 90 OR ABOVE: 31 0.10 INCH OR MORE: 2
MIN 32 OR BELOW: 0 0.50 INCH OR MORE: 0
MIN 0 OR BELOW: 0 1.00 INCH OR MORE: 0
[HDD (BASE 65) ]
TOTAL THIS MO. 0 CLEAR (SCALE 0-3) 30
DPTR FM NORMAL M PTCLDY (SCALE 4-7) 1
TOTAL FM JUL 1 0 CLOUDY (SCALE 8-10) 0
DPTR FM NORMAL M
[CDD (BASE 65) ]
TOTAL THIS MO. 689
DPTR FM NORMAL M [PRESSURE DATA]
TOTAL FM JAN 1 2555 HIGHEST SLP M ON M
DPTR FM NORMAL M LOWEST SLP M ON M
[REMARKS]
#FINAL-08-20#