000
CXUS53 KPAH 010700
CF6MDH
PRELIMINARY LOCAL CLIMATOLOGICAL DATA (WS FORM: F-6)
STATION: CARBONDALE IL
MONTH: JUNE
YEAR: 2022
LATITUDE: 37 46 N
LONGITUDE: 89 15 W
TEMPERATURE IN F: :PCPN: SNOW: WIND :SUNSHINE: SKY :PK WND
================================================================================
1 2 3 4 5 6A 6B 7 8 9 10 11 12 13 14 15 16 17 18
12Z AVG MX 2MIN
DY MAX MIN AVG DEP HDD CDD WTR SNW DPTH SPD SPD DIR MIN PSBL S-S WX SPD DR
================================================================================
1 87 68 78 7 0 13 0.10 M M 5.2 18 320 M M 3 13 24 310
2 80 58 69 -3 0 4 0.00 M M 7.4 17 330 M M 3 22 330
3 83 52 68 -4 0 3 0.00 M M 2.0 13 10 M M 0 18 40
4 85 53 69 -3 0 4 0.00 M M 1.9 10 100 M M 1 14 140
5 85 61 73 1 0 8 0.00 M M 4.1 12 160 M M 1 19 90
6 80 63 72 -1 0 7 0.42 M M 6.7 17 220 M M 6 1 23 220
7 85 65 75 2 0 10 T M M 3.4 10 210 M M 4 12 14 240
8 88 65 77 4 0 12 0.05 M M 8.9 20 190 M M 3 123 27 250
9 84 58 71 -3 0 6 0.00 M M 2.9 12 340 M M 1 12 17 50
10 84 60 72 -2 0 7 T M M 3.9 14 190 M M 3 19 220
11 87 65 76 2 0 11 0.00 M M 7.1 17 200 M M 4 23 190
12 94 73 84 10 0 19 0.00 M M 8.7 17 210 M M 1 24 210
13 99 79 89 14 0 24 0.00 M M 9.9 21 200 M M 1 29 200
14 98 79 89 14 0 24 0.00 M M 11.3 20 210 M M 0 8 27 200
15 98 73 86 11 0 21 0.00 M M 10.4 22 210 M M 0 31 190
16 97 76 87 12 0 22 0.00 M M 8.2 18 230 M M 1 8 26 250
17 91 71 81 5 0 16 0.03 M M 5.4 33 330 M M 1 13 52 330
18 87 59 73 -3 0 8 0.00 M M 6.9 17 10 M M 0 12 31 50
19 87 54 71 -5 0 6 0.00 M M 3.9 14 150 M M 0 1 22 50
20 93 56 75 -1 0 10 0.00 M M 3.9 13 250 M M 0 16 230
21 96 60 78 2 0 13 0.00 M M 4.3 14 200 M M 0 20 210
22 96 70 83 7 0 18 0.00 M M 6.6 17 310 M M 0 8 24 280
23 92 65 79 2 0 14 0.00 M M 4.1 13 80 M M 0 19 90
24 93 62 78 1 0 13 0.00 M M 3.2 10 110 M M 0 17 20
25 96 65 81 4 0 16 0.00 M M 5.0 14 180 M M 0 18 190
26 84 64 74 -3 0 9 0.08 M M 7.7 20 90 M M 5 13 30 80
27 84 60 72 -5 0 7 0.00 M M 7.6 17 350 M M 0 27 10
28 82 57 70 -7 0 5 0.00 M M 3.0 12 70 M M 0 16 80
29 87 52 70 -7 0 5 0.00 M M 1.8 10 140 M M 0 1 15 140
30 94 58 76 -2 0 11 0.00 M M 5.4 17 200 M M 0 1 23 200
================================================================================
SM 2676 1901 0 346 0.68 M 170.8 M 38
================================================================================
AV 89.2 63.4 5.7 FASTST M M 1 MAX(MPH)
MISC ----> 33 330 52 330
================================================================================
NOTES:
# LAST OF SEVERAL OCCURRENCES
COLUMN 17 PEAK WIND IN M.P.H.
PRELIMINARY LOCAL CLIMATOLOGICAL DATA (WS FORM: F-6) , PAGE 2
STATION: CARBONDALE IL
MONTH: JUNE
YEAR: 2022
LATITUDE: 37 46 N
LONGITUDE: 89 15 W
[TEMPERATURE DATA] [PRECIPITATION DATA] SYMBOLS USED IN COLUMN 16
AVERAGE MONTHLY: 76.3 TOTAL FOR MONTH: 0.68 1 = FOG OR MIST
DPTR FM NORMAL: 1.4 DPTR FM NORMAL: -3.43 2 = FOG REDUCING VISIBILITY
HIGHEST: 99 ON 13 GRTST 24HR 0.42 ON 6- 6 TO 1/4 MILE OR LESS
LOWEST: 52 ON 29, 3 3 = THUNDER
SNOW, ICE PELLETS, HAIL 4 = ICE PELLETS
TOTAL MONTH: M 5 = HAIL
GRTST 24HR M ON M 6 = FREEZING RAIN OR DRIZZLE
GRTST DEPTH: M ON M 7 = DUSTSTORM OR SANDSTORM:
VSBY 1/2 MILE OR LESS
8 = SMOKE OR HAZE
[NO. OF DAYS WITH] [WEATHER - DAYS WITH] 9 = BLOWING SNOW
X = TORNADO
MAX 32 OR BELOW: 0 0.01 INCH OR MORE: 5
MAX 90 OR ABOVE: 13 0.10 INCH OR MORE: 2
MIN 32 OR BELOW: 0 0.50 INCH OR MORE: 0
MIN 0 OR BELOW: 0 1.00 INCH OR MORE: 0
[HDD (BASE 65) ]
TOTAL THIS MO. 0 CLEAR (SCALE 0-3) 25
DPTR FM NORMAL -4 PTCLDY (SCALE 4-7) 5
TOTAL FM JUL 1 4131 CLOUDY (SCALE 8-10) 0
DPTR FM NORMAL -328
[CDD (BASE 65) ]
TOTAL THIS MO. 346
DPTR FM NORMAL 44 [PRESSURE DATA]
TOTAL FM JAN 1 544 HIGHEST SLP M ON M
DPTR FM NORMAL 96 LOWEST SLP 29.71 ON 6
[REMARKS]
#FINAL-06-22#