029
CXUS51 KCTP 010800
CF6MDT
PRELIMINARY LOCAL CLIMATOLOGICAL DATA (WS FORM: F-6)
STATION: HARRISBURG PA
MONTH: SEPTEMBER
YEAR: 2020
LATITUDE: 40 11 N
LONGITUDE: 76 46 W
TEMPERATURE IN F: :PCPN: SNOW: WIND :SUNSHINE: SKY :PK WND
================================================================================
1 2 3 4 5 6A 6B 7 8 9 10 11 12 13 14 15 16 17 18
12Z AVG MX 2MIN
DY MAX MIN AVG DEP HDD CDD WTR SNW DPTH SPD SPD DIR MIN PSBL S-S WX SPD DR
================================================================================
1 76 65 71 0 0 6 0.21 0.0 0 3.8 10 130 M M 10 1 13 130
2 83 70 77 6 0 12 0.49 0.0 0 7.1 14 220 M M 9 1 21 230
3 81 71 76 5 0 11 0.69 0.0 0 2.0 14 350 M M 8 1 19 350
4 85 67 76 6 0 11 0.00 0.0 0 7.8 15 330 M M 5 12 19 300
5 81 57 69 -1 0 4 0.00 0.0 0 5.4 17 220 M M 1 21 210
6 83 60 72 2 0 7 0.00 0.0 0 5.2 14 180 M M 3 18 200
7 84 63 74 5 0 9 0.00 0.0 0 7.7 16 190 M M 5 20 180
8 85 64 75 6 0 10 0.00 0.0 0 4.7 9 140 M M 5 18 M M
9 84 68 76 7 0 11 0.00 0.0 0 4.0 10 140 M M 7 18 13 150
10 84 73 79 11 0 14 0.01 0.0 0 4.0 9 150 M M 9 18 11 150
11 78 67 73 5 0 8 0.00 0.0 0 5.7 13 360 M M 8 18 20 40
12 73 59 66 -2 0 1 0.02 0.0 0 8.4 17 110 M M 10 1 24 130
13 81 59 70 3 0 5 T 0.0 0 4.2 15 200 M M 7 23 190
14 76 56 66 -1 0 1 0.00 0.0 0 6.8 17 340 M M 8 25 10
15 68 49 59 -7 6 0 0.00 0.0 0 3.3 9 100 M M 5 12 100
16 74 48 61 -5 4 0 0.00 0.0 0 5.5 14 210 M M 5 8 21 180
17 73 55 64 -2 1 0 0.00 0.0 0 1.5 7 330 M M 8 8 8 10
18 75 51 63 -2 2 0 0.00 0.0 0 8.0 20 340 M M 4 25 30
19 66 43 55 -10 10 0 0.00 0.0 0 5.4 15 20 M M 1 22 20
20 67 43 55 -9 10 0 0.00 0.0 0 4.7 13 70 M M 1 17 100
21 68 43 56 -8 9 0 0.00 0.0 0 3.3 10 10 M M 0 8 16 100
22 75 43 59 -4 6 0 0.00 0.0 0 8.3 16 320 M M 1 21 290
23 84 56 70 7 0 5 0.00 0.0 0 7.7 18 320 M M 2 8 22 320
24 74 58 66 4 0 1 0.00 0.0 0 1.4 8 300 M M 9 9 300
25 79 56 68 6 0 3 0.00 0.0 0 3.5 12 140 M M 7 18 14 180
26 69 62 66 4 0 1 0.04 0.0 0 2.7 9 110 M M 10 18 11 110
27 75 65 70 9 0 5 0.04 0.0 0 2.9 7 110 M M 10 18 10 350
28 85 67 76 15 0 11 0.00 0.0 0 7.6 18 150 M M 7 18 22 150
29 75 56 66 6 0 1 0.22 0.0 0 10.1 21 320 M M 10 1 25 320
30 71 56 64 4 1 0 0.10 0.0 0 10.5 23 280 M M 4 1 29 280
================================================================================
SM 2312 1750 49 137 1.82 0.0 163.2 M 179
================================================================================
AV 77.1 58.3 5.4 FASTST M M 6 MAX(MPH)
MISC ----> 23 280 29 280
================================================================================
NOTES:
# LAST OF SEVERAL OCCURRENCES
COLUMN 17 PEAK WIND IN M.P.H.
PRELIMINARY LOCAL CLIMATOLOGICAL DATA (WS FORM: F-6) , PAGE 2
STATION: HARRISBURG PA
MONTH: SEPTEMBER
YEAR: 2020
LATITUDE: 40 11 N
LONGITUDE: 76 46 W
[TEMPERATURE DATA] [PRECIPITATION DATA] SYMBOLS USED IN COLUMN 16
AVERAGE MONTHLY: 67.7 TOTAL FOR MONTH: 1.82 1 = FOG OR MIST
DPTR FM NORMAL: 1.8 DPTR FM NORMAL: -2.25 2 = FOG REDUCING VISIBILITY
HIGHEST: 85 ON 28, 8 GRTST 24HR 1.06 ON 2- 3 TO 1/4 MILE OR LESS
LOWEST: 43 ON 22,21 3 = THUNDER
SNOW, ICE PELLETS, HAIL 4 = ICE PELLETS
TOTAL MONTH: 0.0 INCH 5 = HAIL
GRTST 24HR 0.0 6 = FREEZING RAIN OR DRIZZLE
GRTST DEPTH: 0 7 = DUSTSTORM OR SANDSTORM:
VSBY 1/2 MILE OR LESS
8 = SMOKE OR HAZE
[NO. OF DAYS WITH] [WEATHER - DAYS WITH] 9 = BLOWING SNOW
X = TORNADO
MAX 32 OR BELOW: 0 0.01 INCH OR MORE: 9
MAX 90 OR ABOVE: 0 0.10 INCH OR MORE: 5
MIN 32 OR BELOW: 0 0.50 INCH OR MORE: 1
MIN 0 OR BELOW: 0 1.00 INCH OR MORE: 0
[HDD (BASE 65) ]
TOTAL THIS MO. 49 CLEAR (SCALE 0-3) 7
DPTR FM NORMAL -21 PTCLDY (SCALE 4-7) 13
TOTAL FM JUL 1 49 CLOUDY (SCALE 8-10) 10
DPTR FM NORMAL -22
[CDD (BASE 65) ]
TOTAL THIS MO. 137
DPTR FM NORMAL 40 [PRESSURE DATA]
TOTAL FM JAN 1 1418 HIGHEST SLP 30.59 ON 21
DPTR FM NORMAL 425 LOWEST SLP 29.52 ON 30
[REMARKS]
#FINAL-09-20#