000
CXUS56 KPDT 011810
CF6MEH
PRELIMINARY LOCAL CLIMATOLOGICAL DATA (WS FORM: F-6)
STATION: MEACHAM OR
MONTH: JULY
YEAR: 2021
LATITUDE: 45 30 N
LONGITUDE: 118 24 W
TEMPERATURE IN F: :PCPN: SNOW: WIND :SUNSHINE: SKY :PK WND
================================================================================
1 2 3 4 5 6A 6B 7 8 9 10 11 12 13 14 15 16 17 18
12Z AVG MX 2MIN
DY MAX MIN AVG DEP HDD CDD WTR SNW DPTH SPD SPD DIR MIN PSBL S-S WX SPD DR
================================================================================
1 88 59 74 17 0 9 0.00 M M 1.2 7 300 M M 0 13 320
2 87 50 69 11 0 4 0.00 M M 1.1 8 270 M M 0 8 14 310
3 89 43 66 8 0 1 0.00 M M 1.2 8 270 M M 0 16 230
4 87 43 65 7 0 0 0.00 M M 1.5 9 310 M M 0 17 290
5 88 41 65 7 0 0 0.00 M M 0.9 8 280 M M 0 16 270
6 91 41 66 7 0 1 0.00 M M 0.7 9 30 M M 0 16 50
7 84 53 69 10 0 4 0.00 M M 1.9 9 280 M M 0 22 270
8 83 42 63 4 2 0 0.00 M M 1.7 8 20 M M 0 17 20
9 87 38 63 4 2 0 0.00 M M 1.2 8 20 M M 0 14 30
10 88 42 65 5 0 0 0.00 M M 1.2 8 270 M M 0 15 280
11 87 42 65 5 0 0 0.00 M M 1.3 9 30 M M 0 17 40
12 88 38 63 3 2 0 0.00 M M 1.6 6 280 M M 0 M M
13 89 43 66 6 0 1 0.00 M M 1.3 6 99 M M 0 8 M M
14 91 47 69 9 0 4 0.00 M M 1.3 7 300 M M 0 8 15 40
15 84 45 65 5 0 0 0.00 M M 1.5 9 270 M M 0 19 260
16 80 44 62 1 3 0 0.00 M M 0.8 8 270 M M 1 17 270
17 80 41 61 0 4 0 0.00 M M 1.5 7 20 M M 1 13 40
18 85 44 65 4 0 0 0.00 M M 1.4 8 30 M M 1 15 40
19 79 50 65 4 0 0 T M M 0.6 6 300 M M 1 8 10 260
20 82 50 66 5 0 1 T M M 1.6 7 30 M M 2 12 40
21 75 45 60 -1 5 0 0.00 M M 1.6 9 300 M M 0 20 270
22 76 34 55 -6 10 0 0.00 M M 1.1 8 20 M M 0 8 15 40
23 80 34 57 -4 8 0 0.00 M M 1.3 8 270 M M 0 8 15 290
24 87 39 63 2 2 0 0.00 M M 1.0 6 99 M M 0 M M
25 89 43 66 5 0 1 0.00 M M 0.6 8 30 M M 0 17 10
26 83 45 64 3 1 0 T M M 0.5 8 90 M M 0 8 14 100
27 81 49 65 4 0 0 T M M 0.6 6 290 M M 3 11 20
28 86 58 72 11 0 7 T M M 1.4 7 30 M M 5 M M
29 92 50 71 10 0 6 0.00 M M 1.6 9 30 M M 0 8 17 50
30 97 51 74 13 0 9 0.00 M M 2.2 10 20 M M 0 8 19 30
31 94 60 77 16 0 12 0.04 M M 0.7 7 270 M M 3 8 16 320
================================================================================
SM 2657 1404 39 60 0.04 M 38.1 M 17
================================================================================
AV 85.7 45.3 1.2 FASTST M M 1 MAX(MPH)
MISC ----> 10 20 22 270
================================================================================
NOTES:
# LAST OF SEVERAL OCCURRENCES
COLUMN 17 PEAK WIND IN M.P.H.
PRELIMINARY LOCAL CLIMATOLOGICAL DATA (WS FORM: F-6) , PAGE 2
STATION: MEACHAM OR
MONTH: JULY
YEAR: 2021
LATITUDE: 45 30 N
LONGITUDE: 118 24 W
[TEMPERATURE DATA] [PRECIPITATION DATA] SYMBOLS USED IN COLUMN 16
AVERAGE MONTHLY: 65.5 TOTAL FOR MONTH: 0.04 1 = FOG OR MIST
DPTR FM NORMAL: 5.3 DPTR FM NORMAL: -0.54 2 = FOG REDUCING VISIBILITY
HIGHEST: 97 ON 30 GRTST 24HR 0.04 ON 31-31 TO 1/4 MILE OR LESS
LOWEST: 34 ON 23,22 3 = THUNDER
SNOW, ICE PELLETS, HAIL 4 = ICE PELLETS
TOTAL MONTH: M 5 = HAIL
GRTST 24HR M ON M 6 = FREEZING RAIN OR DRIZZLE
GRTST DEPTH: M ON M 7 = DUSTSTORM OR SANDSTORM:
VSBY 1/2 MILE OR LESS
8 = SMOKE OR HAZE
[NO. OF DAYS WITH] [WEATHER - DAYS WITH] 9 = BLOWING SNOW
X = TORNADO
MAX 32 OR BELOW: 0 0.01 INCH OR MORE: 1
MAX 90 OR ABOVE: 5 0.10 INCH OR MORE: 0
MIN 32 OR BELOW: 0 0.50 INCH OR MORE: 0
MIN 0 OR BELOW: 0 1.00 INCH OR MORE: 0
[HDD (BASE 65) ]
TOTAL THIS MO. 39 CLEAR (SCALE 0-3) 30
DPTR FM NORMAL -128 PTCLDY (SCALE 4-7) 1
TOTAL FM JUL 1 39 CLOUDY (SCALE 8-10) 0
DPTR FM NORMAL -126
[CDD (BASE 65) ]
TOTAL THIS MO. 60
DPTR FM NORMAL 42 [PRESSURE DATA]
TOTAL FM JAN 1 127 HIGHEST SLP 30.24 ON 23
DPTR FM NORMAL 105 LOWEST SLP 29.76 ON 1
[REMARKS]
#FINAL-07-21#