000
CXUS56 KPDT 020532
CF6MEH
PRELIMINARY LOCAL CLIMATOLOGICAL DATA (WS FORM: F-6)
STATION: MEACHAM OR
MONTH: JUNE
YEAR: 2020
LATITUDE: 45 30 N
LONGITUDE: 118 24 W
TEMPERATURE IN F: :PCPN: SNOW: WIND :SUNSHINE: SKY :PK WND
================================================================================
1 2 3 4 5 6A 6B 7 8 9 10 11 12 13 14 15 16 17 18
12Z AVG MX 2MIN
DY MAX MIN AVG DEP HDD CDD WTR SNW DPTH SPD SPD DIR MIN PSBL S-S WX SPD DR
================================================================================
1 66 37 52 2 13 0 T M M 1.0 8 280 M M 3 14 20
2 75 31 53 3 12 0 0.00 M M 1.2 7 300 M M 0 12 260
3 69 39 54 3 11 0 0.00 M M 0.9 8 270 M M 0 12 270
4 66 40 53 2 12 0 0.00 M M 1.7 9 290 M M 0 8 14 280
5 72 41 57 6 8 0 0.16 M M 1.1 8 270 M M 4 1 14 310
6 58 43 51 0 14 0 T M M 2.7 10 280 M M 6 8 22 280
7 47 38 43 -8 22 0 0.29 M M 3.6 9 270 M M 10 1 18 290
8 57 40 49 -3 16 0 T M M 3.4 10 270 M M 8 20 270
9 61 41 51 -1 14 0 0.08 M M 0.3 7 290 M M 10 18 11 100
10 76 46 61 9 4 0 0.00 M M 1.1 8 100 M M 5 12 250
11 75 50 63 11 2 0 0.00 M M 1.4 7 20 M M 1 13 30
12 77 49 63 11 2 0 0.21 M M 1.0 9 30 M M 2 1 16 320
13 56 40 48 -4 17 0 0.76 M M 1.2 8 270 M M 10 1 16 300
14 58 37 48 -5 17 0 0.31 M M 1.8 10 290 M M 6 1 19 300
15 52 40 46 -7 19 0 0.87 M M 0.4 7 280 M M 10 1 12 300
16 56 41 49 -4 16 0 0.04 M M 0.7 8 260 M M 9 1 14 250
17 65 42 54 1 11 0 0.00 M M 2.3 9 270 M M 6 14 270
18 71 37 54 0 11 0 0.00 M M 0.8 9 40 M M 2 12 20
19 79 39 59 5 6 0 0.00 M M 1.3 7 270 M M 0 11 270
20 71 50 61 7 4 0 0.01 M M 0.7 7 300 M M 7 14 300
21 73 44 59 5 6 0 T M M 2.2 8 300 M M 5 14 250
22 78 37 58 4 7 0 0.00 M M 1.2 7 290 M M 0 11 260
23 86 44 65 10 0 0 0.00 M M 0.7 8 30 M M 0 14 30
24 80 49 65 10 0 0 0.00 M M 1.9 8 270 M M 0 17 320
25 77 45 61 6 4 0 0.00 M M 1.4 8 10 M M 0 13 350
26 86 46 66 10 0 1 0.00 M M 1.7 8 280 M M 0 16 260
27 73 47 60 4 5 0 T M M 3.6 13 270 M M 1 22 240
28 53 44 49 -7 16 0 0.11 M M 2.4 8 270 M M 9 1 13 260
29 68 46 57 1 8 0 0.03 M M 3.2 12 30 M M 7 1 19 270
30 67 48 58 2 7 0 0.00 M M 3.5 10 270 M M 8 20 270
================================================================================
SM 2048 1271 284 1 2.87 M 50.4 M 129
================================================================================
AV 68.3 42.4 1.7 FASTST M M 4 MAX(MPH)
MISC ----> # 13 270 # 22 280
================================================================================
NOTES:
# LAST OF SEVERAL OCCURRENCES
COLUMN 17 PEAK WIND IN M.P.H.
PRELIMINARY LOCAL CLIMATOLOGICAL DATA (WS FORM: F-6) , PAGE 2
STATION: MEACHAM OR
MONTH: JUNE
YEAR: 2020
LATITUDE: 45 30 N
LONGITUDE: 118 24 W
[TEMPERATURE DATA] [PRECIPITATION DATA] SYMBOLS USED IN COLUMN 16
AVERAGE MONTHLY: 55.3 TOTAL FOR MONTH: 2.87 1 = FOG OR MIST
DPTR FM NORMAL: 2.1 DPTR FM NORMAL: 0.75 2 = FOG REDUCING VISIBILITY
HIGHEST: 86 ON 26,23 GRTST 24HR 0.87 ON 15-15 TO 1/4 MILE OR LESS
LOWEST: 31 ON 2 3 = THUNDER
SNOW, ICE PELLETS, HAIL 4 = ICE PELLETS
TOTAL MONTH: M 5 = HAIL
GRTST 24HR M ON M 6 = FREEZING RAIN OR DRIZZLE
GRTST DEPTH: M ON M 7 = DUSTSTORM OR SANDSTORM:
VSBY 1/2 MILE OR LESS
8 = SMOKE OR HAZE
[NO. OF DAYS WITH] [WEATHER - DAYS WITH] 9 = BLOWING SNOW
X = TORNADO
MAX 32 OR BELOW: 0 0.01 INCH OR MORE: 11
MAX 90 OR ABOVE: 0 0.10 INCH OR MORE: 7
MIN 32 OR BELOW: 1 0.50 INCH OR MORE: 2
MIN 0 OR BELOW: 0 1.00 INCH OR MORE: 0
[HDD (BASE 65) ]
TOTAL THIS MO. 284 CLEAR (SCALE 0-3) 14
DPTR FM NORMAL -72 PTCLDY (SCALE 4-7) 10
TOTAL FM JUL 1 7816 CLOUDY (SCALE 8-10) 6
DPTR FM NORMAL -496
[CDD (BASE 65) ]
TOTAL THIS MO. 1
DPTR FM NORMAL -1 [PRESSURE DATA]
TOTAL FM JAN 1 7 HIGHEST SLP 30.24 ON 18
DPTR FM NORMAL 5 LOWEST SLP 29.63 ON 5
[REMARKS]
#FINAL-06-20#