000
CXUS54 KJAN 011925
CF6MEI
PRELIMINARY LOCAL CLIMATOLOGICAL DATA (WS FORM: F-6)
STATION: MERIDIAN
MONTH: NOVEMBER
YEAR: 2022
LATITUDE: 32 19 N
LONGITUDE: 88 45 W
TEMPERATURE IN F: :PCPN: SNOW: WIND :SUNSHINE: SKY :PK WND
================================================================================
1 2 3 4 5 6A 6B 7 8 9 10 11 12 13 14 15 16 17 18
12Z AVG MX 2MIN
DY MAX MIN AVG DEP HDD CDD WTR SNW DPTH SPD SPD DIR MIN PSBL S-S WX SPD DR
================================================================================
1 72 49 61 1 4 0 T 0.0 0 1.2 10 40 M M 1 1 15 40
2 80 54 67 7 0 2 0.00 0.0 0 2.3 10 10 M M 1 1 13 10
3 80 50 65 6 0 0 0.00 0.0 0 2.3 10 150 M M 0 1 15 130
4 78 53 66 7 0 1 0.00 0.0 0 6.9 16 140 M M 2 22 160
5 70 62 66 7 0 1 0.91 0.0 0 9.5 20 150 M M 8 13 27 170
6 85 64 75 17 0 10 0.00 0.0 0 3.9 15 210 M M 4 1 21 210
7 88 61 75 17 0 10 0.00 0.0 0 2.2 14 60 M M 0 1 17 60
8 87 62 75 17 0 10 0.00 0.0 0 2.1 12 40 M M 0 18 15 70
9 75 50 63 6 2 0 0.00 0.0 0 5.8 16 60 M M 0 22 80
10 76 48 62 5 3 0 0.00 0.0 0 7.5 15 30 M M 2 20 40
11 80 59 70 13 0 5 0.00 0.0 0 4.7 15 310 M M 3 21 300
12 61 35 48 -8 17 0 0.01 0.0 0 9.6 18 360 M M 8 1 25 330
13 51 29 40 -16 25 0 0.00 0.0 0 7.4 17 360 M M 0 23 40
14 61 29 45 -11 20 0 0.15 0.0 0 4.4 13 140 M M 2 1 17 120
15 54 42 48 -8 17 0 0.34 0.0 0 9.1 17 320 M M 10 1 26 290
16 53 33 43 -12 22 0 0.00 0.0 0 5.9 14 10 M M 2 21 360
17 50 27 39 -16 26 0 0.00 0.0 0 3.6 17 360 M M 0 24 10
18 57 25 41 -14 24 0 0.00 0.0 0 2.0 9 20 M M 0 13 60
19 49 29 39 -16 26 0 0.00 0.0 0 3.3 9 360 M M 0 12 340
20 53 28 41 -13 24 0 0.00 0.0 0 5.4 12 10 M M 0 17 10
21 58 27 43 -11 22 0 0.01 T 0 3.7 9 20 M M 2 6 17 50
22 67 45 56 2 9 0 T 0.0 0 3.6 9 50 M M 6 13 110
23 73 43 58 4 7 0 0.00 0.0 0 3.2 9 60 M M 2 14 60
24 71 46 59 5 6 0 0.83 0.0 0 4.1 14 100 M M 3 1 18 110
25 65 54 60 7 5 0 0.03 0.0 0 5.6 15 40 M M 10 1 22 50
26 68 54 61 8 4 0 0.38 0.0 0 8.1 18 220 M M 6 1 29 240
27 70 44 57 4 8 0 0.00 0.0 0 8.2 22 230 M M 1 1 36 220
28 69 40 55 2 10 0 0.00 0.0 0 0.5 7 70 M M 0 1 10 50
29 76 42 59 7 6 0 0.24 0.0 0 9.0 29 200 M M 5 13 39 190
30 74 36 55 3 10 0 0.21 0.0 0 10.1 31 320 M M 3 13 45 310
================================================================================
SM 2051 1320 297 39 3.11 T 155.2 M 81
================================================================================
AV 68.4 44.0 5.2 FASTST M M 3 MAX(MPH)
MISC ----> 31 320 45 310
================================================================================
NOTES:
# LAST OF SEVERAL OCCURRENCES
COLUMN 17 PEAK WIND IN M.P.H.
PRELIMINARY LOCAL CLIMATOLOGICAL DATA (WS FORM: F-6) , PAGE 2
STATION: MERIDIAN
MONTH: NOVEMBER
YEAR: 2022
LATITUDE: 32 19 N
LONGITUDE: 88 45 W
[TEMPERATURE DATA] [PRECIPITATION DATA] SYMBOLS USED IN COLUMN 16
AVERAGE MONTHLY: 56.2 TOTAL FOR MONTH: 3.11 1 = FOG OR MIST
DPTR FM NORMAL: 0.4 DPTR FM NORMAL: -1.10 2 = FOG REDUCING VISIBILITY
HIGHEST: 88 ON 7 GRTST 24HR 0.91 ON 5- 5 TO 1/4 MILE OR LESS
LOWEST: 25 ON 18 3 = THUNDER
SNOW, ICE PELLETS, HAIL 4 = ICE PELLETS
TOTAL MONTH: T 5 = HAIL
GRTST 24HR T ON 21-21 6 = FREEZING RAIN OR DRIZZLE
GRTST DEPTH: 0 7 = DUSTSTORM OR SANDSTORM:
VSBY 1/2 MILE OR LESS
8 = SMOKE OR HAZE
[NO. OF DAYS WITH] [WEATHER - DAYS WITH] 9 = BLOWING SNOW
X = TORNADO
MAX 32 OR BELOW: 0 0.01 INCH OR MORE: 10
MAX 90 OR ABOVE: 0 0.10 INCH OR MORE: 7
MIN 32 OR BELOW: 7 0.50 INCH OR MORE: 2
MIN 0 OR BELOW: 0 1.00 INCH OR MORE: 0
[HDD (BASE 65) ]
TOTAL THIS MO. 297 CLEAR (SCALE 0-3) 21
DPTR FM NORMAL 0 PTCLDY (SCALE 4-7) 5
TOTAL FM JUL 1 390 CLOUDY (SCALE 8-10) 4
DPTR FM NORMAL 9
[CDD (BASE 65) ]
TOTAL THIS MO. 39
DPTR FM NORMAL 18 [PRESSURE DATA]
TOTAL FM JAN 1 2554 HIGHEST SLP 30.48 ON 20
DPTR FM NORMAL 85 LOWEST SLP 29.69 ON 11
[REMARKS]
#FINAL-11-22#