000
CXUS54 KJAN 011414
CF6MEI
PRELIMINARY LOCAL CLIMATOLOGICAL DATA (WS FORM: F-6)
STATION: MERIDIAN
MONTH: MAY
YEAR: 2020
LATITUDE: 32 19 N
LONGITUDE: 88 45 W
TEMPERATURE IN F: :PCPN: SNOW: WIND :SUNSHINE: SKY :PK WND
================================================================================
1 2 3 4 5 6A 6B 7 8 9 10 11 12 13 14 15 16 17 18
12Z AVG MX 2MIN
DY MAX MIN AVG DEP HDD CDD WTR SNW DPTH SPD SPD DIR MIN PSBL S-S WX SPD DR
================================================================================
1 84 47 66 -1 0 1 0.00 0.0 0 3.2 12 220 M M 0 13 290
2 85 51 68 1 0 3 0.00 0.0 0 4.6 15 190 M M 0 20 200
3 86 56 71 4 0 6 0.00 0.0 0 5.6 16 190 M M 0 23 200
4 85 60 73 5 0 8 0.00 0.0 0 5.8 15 170 M M 1 21 200
5 81 63 72 4 0 7 0.00 0.0 0 6.5 16 260 M M 6 25 280
6 81 55 68 0 0 3 0.00 0.0 0 11.4 25 340 M M 0 38 340
7 75 44 60 -8 5 0 0.00 0.0 0 3.0 12 50 M M 0 17 50
8 67 53 60 -9 5 0 0.24 0.0 0 8.4 25 180 M M 6 13 36 190
9 68 48 58 -11 7 0 0.00 0.0 0 8.1 22 60 M M 0 28 60
10 77 42 60 -9 5 0 0.00 0.0 0 3.4 14 350 M M 0 19 350
11 76 47 62 -8 3 0 0.00 0.0 0 6.4 21 40 M M 0 26 40
12 82 49 66 -4 0 1 0.00 0.0 0 4.7 15 140 M M 0 22 130
13 86 55 71 1 0 6 0.00 0.0 0 3.9 14 170 M M 2 19 170
14 84 60 72 2 0 7 0.17 0.0 0 5.7 29 180 M M 4 13 39 180
15 84 68 76 5 0 11 0.43 0.0 0 6.7 26 150 M M 8 1 35 160
16 87 64 76 5 0 11 T 0.0 0 7.0 17 160 M M 5 12 22 150
17 87 69 78 7 0 13 0.41 0.0 0 9.5 22 170 M M 4 13 29 150
18 82 61 72 0 0 7 T 0.0 0 5.3 17 300 M M 6 1 23 300
19 83 57 70 -2 0 5 0.00 0.0 0 5.4 17 310 M M 4 1 24 250
20 83 57 70 -2 0 5 0.00 0.0 0 4.4 13 20 M M 2 16 20
21 84 60 72 0 0 7 0.00 0.0 0 3.6 10 170 M M 5 19 200
22 91 70 81 9 0 16 T 0.0 0 6.7 28 200 M M 4 3 41 200
23 92 67 80 7 0 15 0.35 0.0 0 5.8 22 240 M M 6 138 31 250
24 91 64 78 5 0 13 T 0.0 0 3.8 30 170 M M 2 13 41 170
25 91 66 79 6 0 14 T 0.0 0 6.2 18 80 M M 3 3 24 200
26 85 70 78 4 0 13 1.66 0.0 0 5.8 18 250 M M 8 13 40 250
27 81 65 73 -1 0 8 0.84 0.0 0 4.6 12 320 M M 6 138 17 320
28 86 63 75 1 0 10 0.00 0.0 0 3.8 16 210 M M 4 12 21 230
29 89 65 77 3 0 12 0.00 0.0 0 1.9 12 330 M M 3 15 320
30 88 64 76 2 0 11 0.00 0.0 0 4.8 14 10 M M 1 19 340
31 86 60 73 -2 0 8 0.00 0.0 0 4.9 15 360 M M 0 20 10
================================================================================
SM 2587 1820 25 221 4.10 0.0 170.9 M 90
================================================================================
AV 83.5 58.7 5.5 FASTST M M 3 MAX(MPH)
MISC ----> # 30 170 # 41 200
================================================================================
NOTES:
# LAST OF SEVERAL OCCURRENCES
COLUMN 17 PEAK WIND IN M.P.H.
PRELIMINARY LOCAL CLIMATOLOGICAL DATA (WS FORM: F-6) , PAGE 2
STATION: MERIDIAN
MONTH: MAY
YEAR: 2020
LATITUDE: 32 19 N
LONGITUDE: 88 45 W
[TEMPERATURE DATA] [PRECIPITATION DATA] SYMBOLS USED IN COLUMN 16
AVERAGE MONTHLY: 71.1 TOTAL FOR MONTH: 4.10 1 = FOG OR MIST
DPTR FM NORMAL: 0.3 DPTR FM NORMAL: -0.40 2 = FOG REDUCING VISIBILITY
HIGHEST: 92 ON 23 GRTST 24HR 1.66 ON 26-26 TO 1/4 MILE OR LESS
LOWEST: 42 ON 10 3 = THUNDER
SNOW, ICE PELLETS, HAIL 4 = ICE PELLETS
TOTAL MONTH: 0.0 INCH 5 = HAIL
GRTST 24HR 0.0 6 = FREEZING RAIN OR DRIZZLE
GRTST DEPTH: 0 7 = DUSTSTORM OR SANDSTORM:
VSBY 1/2 MILE OR LESS
8 = SMOKE OR HAZE
[NO. OF DAYS WITH] [WEATHER - DAYS WITH] 9 = BLOWING SNOW
X = TORNADO
MAX 32 OR BELOW: 0 0.01 INCH OR MORE: 7
MAX 90 OR ABOVE: 4 0.10 INCH OR MORE: 7
MIN 32 OR BELOW: 0 0.50 INCH OR MORE: 2
MIN 0 OR BELOW: 0 1.00 INCH OR MORE: 1
[HDD (BASE 65) ]
TOTAL THIS MO. 25 CLEAR (SCALE 0-3) 17
DPTR FM NORMAL 6 PTCLDY (SCALE 4-7) 14
TOTAL FM JUL 1 1677 CLOUDY (SCALE 8-10) 0
DPTR FM NORMAL -876
[CDD (BASE 65) ]
TOTAL THIS MO. 221
DPTR FM NORMAL 21 [PRESSURE DATA]
TOTAL FM JAN 1 455 HIGHEST SLP M ON M
DPTR FM NORMAL 172 LOWEST SLP 29.71 ON 17
[REMARKS]
#FINAL-05-20#