000
CXUS54 KJAN 011414
CF6MEI
PRELIMINARY LOCAL CLIMATOLOGICAL DATA (WS FORM: F-6)
STATION: MERIDIAN
MONTH: FEBRUARY
YEAR: 2020
LATITUDE: 32 19 N
LONGITUDE: 88 45 W
TEMPERATURE IN F: :PCPN: SNOW: WIND :SUNSHINE: SKY :PK WND
================================================================================
1 2 3 4 5 6A 6B 7 8 9 10 11 12 13 14 15 16 17 18
12Z AVG MX 2MIN
DY MAX MIN AVG DEP HDD CDD WTR SNW DPTH SPD SPD DIR MIN PSBL S-S WX SPD DR
================================================================================
1 57 37 47 1 18 0 T 0.0 0 6.3 15 310 M M 8 21 290
2 74 34 54 8 11 0 0.00 0.0 0 6.4 16 230 M M 0 22 230
3 76 43 60 14 5 0 0.00 0.0 0 10.6 20 180 M M 0 27 180
4 71 59 65 19 0 0 0.02 0.0 0 9.2 18 170 M M 7 1 26 170
5 71 65 68 21 0 3 1.92 0.0 0 12.1 37 170 M M 10 13 48 160
6 66 39 53 6 12 0 1.57 0.0 0 9.3 23 300 M M 9 138 38 310
7 54 32 43 -4 22 0 T 0.0 0 5.5 16 250 M M 4 26 250
8 65 41 53 6 12 0 0.00 0.0 0 4.8 14 350 M M 3 20 340
9 72 40 56 9 9 0 T 0.0 0 8.4 21 140 M M 7 29 180
10 74 62 68 20 0 3 2.24 0.0 0 10.2 23 180 M M 10 1 32 170
11 71 51 61 13 4 0 0.58 0.0 0 9.3 18 200 M M 10 18 27 200
12 76 51 64 16 1 0 0.01 0.0 0 11.0 23 180 M M 10 1 35 160
13 73 44 59 11 6 0 0.21 0.0 0 11.6 20 340 M M 10 18 28 300
14 55 33 44 -4 21 0 0.00 0.0 0 10.8 18 10 M M 2 30 10
15 65 30 48 -1 17 0 T 0.0 0 3.5 12 110 M M 2 16 120
16 61 48 55 6 10 0 0.11 0.0 0 4.0 9 130 M M 10 3 13 110
17 70 54 62 13 3 0 0.11 0.0 0 5.3 14 190 M M 9 1 18 210
18 76 62 69 20 0 4 0.26 0.0 0 7.0 20 190 M M 10 128 26 190
19 62 50 56 6 9 0 0.35 0.0 0 10.2 18 20 M M 10 1 26 10
20 50 39 45 -5 20 0 2.17 0.0 0 13.8 24 10 M M 10 1 32 10
21 51 31 41 -9 24 0 0.00 0.0 0 10.2 18 20 M M 0 27 350
22 60 29 45 -5 20 0 0.00 0.0 0 1.3 9 190 M M 0 15 170
23 58 39 49 -2 16 0 0.00 0.0 0 2.7 12 180 M M 6 15 180
24 65 51 58 7 7 0 0.30 0.0 0 7.3 16 210 M M 9 1 25 200
25 64 47 56 5 9 0 0.00 0.0 0 2.2 12 310 M M 1 1 17 310
26 57 40 49 -2 16 0 0.03 0.0 0 8.2 24 330 M M 7 18 32 310
27 54 33 44 -8 21 0 0.00 0.0 0 5.6 17 340 M M 2 23 340
28 64 31 48 -4 17 0 0.00 0.0 0 7.9 24 300 M M 0 36 290
29 71 34 53 1 12 0 0.00 0.0 0 5.6 16 330 M M 0 24 330
================================================================================
SM 1883 1249 322 10 9.88 0.0 220.3 M 166
================================================================================
AV 64.9 43.1 7.6 FASTST M M 6 MAX(MPH)
MISC ----> # 37 170 # 48 160
================================================================================
NOTES:
# LAST OF SEVERAL OCCURRENCES
COLUMN 17 PEAK WIND IN M.P.H.
PRELIMINARY LOCAL CLIMATOLOGICAL DATA (WS FORM: F-6) , PAGE 2
STATION: MERIDIAN
MONTH: FEBRUARY
YEAR: 2020
LATITUDE: 32 19 N
LONGITUDE: 88 45 W
[TEMPERATURE DATA] [PRECIPITATION DATA] SYMBOLS USED IN COLUMN 16
AVERAGE MONTHLY: 54.0 TOTAL FOR MONTH: 9.88 1 = FOG OR MIST
DPTR FM NORMAL: 5.3 DPTR FM NORMAL: 4.28 2 = FOG REDUCING VISIBILITY
HIGHEST: 76 ON 18,12 GRTST 24HR 2.24 ON 10-10 TO 1/4 MILE OR LESS
LOWEST: 29 ON 22 3 = THUNDER
SNOW, ICE PELLETS, HAIL 4 = ICE PELLETS
TOTAL MONTH: 0.0 INCH 5 = HAIL
GRTST 24HR 0.0 6 = FREEZING RAIN OR DRIZZLE
GRTST DEPTH: 0 7 = DUSTSTORM OR SANDSTORM:
VSBY 1/2 MILE OR LESS
8 = SMOKE OR HAZE
[NO. OF DAYS WITH] [WEATHER - DAYS WITH] 9 = BLOWING SNOW
X = TORNADO
MAX 32 OR BELOW: 0 0.01 INCH OR MORE: 14
MAX 90 OR ABOVE: 0 0.10 INCH OR MORE: 11
MIN 32 OR BELOW: 5 0.50 INCH OR MORE: 5
MIN 0 OR BELOW: 0 1.00 INCH OR MORE: 4
[HDD (BASE 65) ]
TOTAL THIS MO. 322 CLEAR (SCALE 0-3) 10
DPTR FM NORMAL -138 PTCLDY (SCALE 4-7) 7
TOTAL FM JUL 1 1506 CLOUDY (SCALE 8-10) 12
DPTR FM NORMAL -604
[CDD (BASE 65) ]
TOTAL THIS MO. 10
DPTR FM NORMAL 6 [PRESSURE DATA]
TOTAL FM JAN 1 15 HIGHEST SLP M ON M
DPTR FM NORMAL 8 LOWEST SLP 29.50 ON M
[REMARKS]
#FINAL-02-20#