000
CXUS54 KJAN 181410
CF6MEI
PRELIMINARY LOCAL CLIMATOLOGICAL DATA (WS FORM: F-6)
STATION: MERIDIAN
MONTH: MARCH
YEAR: 2024
LATITUDE: 32 19 N
LONGITUDE: 88 45 W
TEMPERATURE IN F: :PCPN: SNOW: WIND :SUNSHINE: SKY :PK WND
================================================================================
1 2 3 4 5 6A 6B 7 8 9 10 11 12 13 14 15 16 17 18
12Z AVG MX 2MIN
DY MAX MIN AVG DEP HDD CDD WTR SNW DPTH SPD SPD DIR MIN PSBL S-S WX SPD DR
================================================================================
1 52 45 49 -6 16 0 1.43 0.0 M 5.5 20 110 M M 10 13 25 110
2 59 48 54 -1 11 0 0.00 0.0 M 3.3 9 10 M M 9 12 12 10
3 75 50 63 7 2 0 0.00 0.0 M 2.4 13 190 M M 8 128 17 170
4 72 51 62 6 3 0 0.24 0.0 0 4.7 15 140 M M 7 12 21 140
5 67 60 64 8 1 0 0.40 0.0 0 5.3 18 200 M M 9 138 23 200
6 78 53 66 10 0 1 0.01 0.0 0 5.5 15 330 M M 5 1 19 320
7 77 50 64 8 1 0 0.00 0.0 0 1.8 9 190 M M 3 12 14 220
8 65 57 61 4 4 0 4.43 0.0 M 8.1 21 340 M M 7 123 29 170
9 69 48 59 2 6 0 0.00 0.0 M 9.6 21 340 M M 9 1 28 320
10 67 40 54 -3 11 0 0.00 0.0 0 5.6 17 340 M M 0 23 360
11 70 39 55 -3 10 0 0.00 0.0 0 1.5 9 30 M M 0 14 90
12 74 38 56 -2 9 0 0.00 0.0 0 3.3 13 170 M M 0 16 180
13 77 50 64 6 1 0 0.00 0.0 0 5.8 17 200 M M 3 8 24 190
14 80 54 67 9 0 2 0.10 0.0 0 7.2 22 160 M M 4 13 28 160
15 73 59 66 8 0 1 0.42 0.0 0 5.8 21 20 M M 7 13 28 20
16 71 55 63 4 2 0 T 0.0 0 2.9 10 10 M M 6 12 14 20
17 61 55 58 -1 7 0 1.64 0.0 0 3.7 12 330 M M 10 13 15 50
================================================================================
SM 1187 852 84 4 8.67 0.0 82.0 M 97
================================================================================
AV 69.8 50.1 4.8 FASTST M M 6 MAX(MPH)
MISC ----> 22 160 29 170
================================================================================
NOTES:
# LAST OF SEVERAL OCCURRENCES
COLUMN 17 PEAK WIND IN M.P.H.
PRELIMINARY LOCAL CLIMATOLOGICAL DATA (WS FORM: F-6) , PAGE 2
STATION: MERIDIAN
MONTH: MARCH
YEAR: 2024
LATITUDE: 32 19 N
LONGITUDE: 88 45 W
[TEMPERATURE DATA] [PRECIPITATION DATA] SYMBOLS USED IN COLUMN 16
AVERAGE MONTHLY: 60.0 TOTAL FOR MONTH: 8.67 1 = FOG OR MIST
DPTR FM NORMAL: 3.0 DPTR FM NORMAL: 5.37 2 = FOG REDUCING VISIBILITY
HIGHEST: 80 ON 14 GRTST 24HR 4.43 ON 8- 8 TO 1/4 MILE OR LESS
LOWEST: 38 ON 12 3 = THUNDER
SNOW, ICE PELLETS, HAIL 4 = ICE PELLETS
TOTAL MONTH: 0.0 INCH 5 = HAIL
GRTST 24HR 0.0 6 = FREEZING RAIN OR DRIZZLE
GRTST DEPTH: 0 7 = DUSTSTORM OR SANDSTORM:
VSBY 1/2 MILE OR LESS
8 = SMOKE OR HAZE
[NO. OF DAYS WITH] [WEATHER - DAYS WITH] 9 = BLOWING SNOW
X = TORNADO
MAX 32 OR BELOW: 0 0.01 INCH OR MORE: 8
MAX 90 OR ABOVE: 0 0.10 INCH OR MORE: 7
MIN 32 OR BELOW: 0 0.50 INCH OR MORE: 3
MIN 0 OR BELOW: 0 1.00 INCH OR MORE: 3
[HDD (BASE 65) ]
TOTAL THIS MO. 84 CLEAR (SCALE 0-3) 5
DPTR FM NORMAL -68 PTCLDY (SCALE 4-7) 6
TOTAL FM JUL 1 1801 CLOUDY (SCALE 8-10) 6
DPTR FM NORMAL -135
[CDD (BASE 65) ]
TOTAL THIS MO. 4
DPTR FM NORMAL -13 [PRESSURE DATA]
TOTAL FM JAN 1 18 HIGHEST SLP M ON M
DPTR FM NORMAL -15 LOWEST SLP 29.73 ON 8
[REMARKS]