000
CXUS54 KMEG 050539
CF6MEM
PRELIMINARY LOCAL CLIMATOLOGICAL DATA (WS FORM: F-6)
STATION: MEMPHIS
MONTH: JANUARY
YEAR: 2022
LATITUDE: 35 3 N
LONGITUDE: 89 59 W
TEMPERATURE IN F: :PCPN: SNOW: WIND :SUNSHINE: SKY :PK WND
================================================================================
1 2 3 4 5 6A 6B 7 8 9 10 11 12 13 14 15 16 17 18
12Z AVG MX 2MIN
DY MAX MIN AVG DEP HDD CDD WTR SNW DPTH SPD SPD DIR MIN PSBL S-S WX SPD DR
================================================================================
1 79 51 65 23 0 0 1.25 0.0 0 10.8 31 210 M M 9 13 39 190
2 51 29 40 -2 25 0 0.13 0.3 0 14.2 21 340 M M 10 146 27 330
3 41 28 35 -7 30 0 0.00 0.0 T 7.1 20 330 M M 6 26 340
4 42 25 34 -8 31 0 T T 0 10.1 17 190 M M 5 1 22 200
5 57 37 47 5 18 0 0.00 0.0 0 7.1 18 200 M M 6 23 200
6 42 23 33 -9 32 0 0.09 0.2 T 12.0 22 50 M M 8 168 29 40
7 35 20 28 -14 37 0 0.00 0.0 T 6.9 15 60 M M 6 18 60
8 61 27 44 2 21 0 0.05 0.0 0 12.0 22 160 M M 8 30 160
9 63 33 48 6 17 0 0.91 0.0 0 13.9 25 10 M M 9 13 34 30
10 47 25 36 -6 29 0 0.00 0.0 0 5.3 18 10 M M 1 24 360
11 56 30 43 1 22 0 0.00 0.0 0 4.2 12 170 M M 0 13 190
12 59 35 47 5 18 0 0.00 0.0 0 9.8 21 220 M M 6 27 220
13 66 41 54 12 11 0 0.00 0.0 0 5.4 16 330 M M 4 19 210
14 54 39 47 5 18 0 0.00 0.0 0 4.6 12 80 M M 8 15 60
15 50 39 45 3 20 0 0.67 0.0 0 13.7 23 60 M M 10 1 29 60
16 41 31 36 -6 29 0 0.34 1.2 1 12.3 22 30 M M 7 1 28 350
17 48 31 40 -2 25 0 0.00 0.0 1 7.4 18 310 M M 4 25 320
18 60 31 46 4 19 0 0.00 0.0 0 8.8 21 180 M M 5 27 230
19 60 30 45 3 20 0 0.37 0.0 0 13.4 26 10 M M 9 13 34 20
20 30 20 25 -17 40 0 0.00 0.0 0 15.4 28 10 M M 6 33 10
21 35 17 26 -16 39 0 0.00 0.0 0 9.3 15 30 M M 1 20 40
22 39 18 29 -13 36 0 0.00 0.0 0 3.7 9 300 M M 1 16 310
23 54 25 40 -2 25 0 0.00 0.0 0 5.4 16 230 M M 1 21 230
24 65 30 48 6 17 0 0.00 0.0 0 7.6 18 200 M M 3 27 220
25 51 28 40 -2 25 0 0.00 0.0 0 13.0 25 40 M M 3 32 30
26 40 22 31 -11 34 0 0.00 0.0 0 9.5 18 30 M M 2 24 70
27 50 25 38 -4 27 0 0.00 0.0 0 4.8 12 320 M M 7 16 320
28 49 26 38 -5 27 0 0.00 0.0 0 11.8 29 300 M M 4 38 300
29 44 20 32 -11 33 0 0.00 0.0 0 7.2 16 210 M M 0 24 260
30 61 33 47 4 18 0 0.00 0.0 0 5.7 14 270 M M 2 20 250
31 68 30 49 6 16 0 0.00 0.0 0 4.9 14 200 M M 2 20 230
================================================================================
SM 1598 899 759 0 3.81 1.7 277.3 M 153
================================================================================
AV 51.5 29.0 8.9 FASTST M M 5 MAX(MPH)
MISC ----> 31 210 39 190
================================================================================
NOTES:
# LAST OF SEVERAL OCCURRENCES
COLUMN 17 PEAK WIND IN M.P.H.
PRELIMINARY LOCAL CLIMATOLOGICAL DATA (WS FORM: F-6) , PAGE 2
STATION: MEMPHIS
MONTH: JANUARY
YEAR: 2022
LATITUDE: 35 3 N
LONGITUDE: 89 59 W
[TEMPERATURE DATA] [PRECIPITATION DATA] SYMBOLS USED IN COLUMN 16
AVERAGE MONTHLY: 40.3 TOTAL FOR MONTH: 3.81 1 = FOG OR MIST
DPTR FM NORMAL: -1.8 DPTR FM NORMAL: -0.33 2 = FOG REDUCING VISIBILITY
HIGHEST: 79 ON 1 GRTST 24HR 2.03 ON 15-16 TO 1/4 MILE OR LESS
LOWEST: 17 ON 21 3 = THUNDER
SNOW, ICE PELLETS, HAIL 4 = ICE PELLETS
TOTAL MONTH: 1.7 INCHES 5 = HAIL
GRTST 24HR 1.2 ON 16-16 6 = FREEZING RAIN OR DRIZZLE
GRTST DEPTH: 1 ON 17,16 7 = DUSTSTORM OR SANDSTORM:
VSBY 1/2 MILE OR LESS
8 = SMOKE OR HAZE
[NO. OF DAYS WITH] [WEATHER - DAYS WITH] 9 = BLOWING SNOW
X = TORNADO
MAX 32 OR BELOW: 1 0.01 INCH OR MORE: 8
MAX 90 OR ABOVE: 0 0.10 INCH OR MORE: 6
MIN 32 OR BELOW: 23 0.50 INCH OR MORE: 3
MIN 0 OR BELOW: 0 1.00 INCH OR MORE: 1
[HDD (BASE 65) ]
TOTAL THIS MO. 759 CLEAR (SCALE 0-3) 10
DPTR FM NORMAL 49 PTCLDY (SCALE 4-7) 15
TOTAL FM JUL 1 1490 CLOUDY (SCALE 8-10) 6
DPTR FM NORMAL -348
[CDD (BASE 65) ]
TOTAL THIS MO. 0
DPTR FM NORMAL -1 [PRESSURE DATA]
TOTAL FM JAN 1 0 HIGHEST SLP 30.67 ON 10
DPTR FM NORMAL -1 LOWEST SLP 29.58 ON 1
[REMARKS]
#FINAL-01-22#