000
CXUS54 KMEG 031527
CLMMEM
CLIMATE REPORT
NATIONAL WEATHER SERVICE MEMPHIS TN
1027 AM CDT TUE OCT 03 2023
...................................
...THE MEMPHIS CLIMATE SUMMARY FOR THE MONTH OF SEPTEMBER 2023...
CLIMATE NORMAL PERIOD 1991 TO 2020
CLIMATE RECORD PERIOD 1872 TO 2023
WEATHER OBSERVED NORMAL DEPART LAST YEAR`S
VALUE DATE(S) VALUE FROM VALUE DATE(S)
NORMAL
................................................................
TEMPERATURE (F)
RECORD
HIGH 103 09/05/1954
09/07/1925
09/06/1925
LOW 36 09/30/1949
09/29/1942
HIGHEST 97 09/04 84 13 102 09/21
LOWEST 60 09/18 65 -5 51 09/29
09/30
AVG. MAXIMUM 87.8 86.0 1.8 88.8
AVG. MINIMUM 67.6 65.9 1.7 66.7
MEAN 77.7 76.0 1.7 77.7
DAYS MAX >= 90 11 10.2 0.8 17
DAYS MAX <= 32 0 0.0 0.0 0
DAYS MIN <= 32 0 0.0 0.0 0
DAYS MIN <= 0 0 0.0 0.0 0
PRECIPITATION (INCHES)
RECORD
MAXIMUM 12.34 2002
MINIMUM 0.00 1897
TOTALS 1.63 3.03 -1.40 2.24
DAILY AVG. 0.05 0.10 -0.05 0.07
DAYS >= .01 4 7.1 -3.1 5
DAYS >= .10 3 4.1 -1.1 3
DAYS >= .50 2 1.8 0.2 2
DAYS >= 1.00 0 1.0 -1.0 1
GREATEST
24 HR. TOTAL 0.97 09/06 TO 09/06
SNOWFALL (INCHES)
RECORDS
TOTAL 0.0 2002
TOTALS 0.0 0.0 0.0 0.0
SINCE 7/1 0.0 0.0 0.0 MM
SNOWDEPTH AVG. 0 0
DAYS >= 1.0 0 0.0 0.0 0
GREATEST
SNOW DEPTH 0 0 MM
24 HR TOTAL MM
DEGREE DAYS
HEATING TOTAL 0 7 -7 3
SINCE 7/1 0 4 -4 MM
COOLING TOTAL 388 335 53 394
SINCE 1/1 2246 2197 49 MM
................................................................
WIND (MPH)
AVERAGE WIND SPEED 6.1
HIGHEST WIND SPEED/DIRECTION 26/340 DATE 09/06
HIGHEST GUST SPEED/DIRECTION 39/330 DATE 09/06
SKY COVER
POSSIBLE SUNSHINE (PERCENT) MM
AVERAGE SKY COVER 0.41
NUMBER OF DAYS FAIR 12
NUMBER OF DAYS PC 14
NUMBER OF DAYS CLOUDY 4
AVERAGE RH (PERCENT) 63
WEATHER CONDITIONS. NUMBER OF DAYS WITH
THUNDERSTORM 4 MIXED PRECIP 0
HEAVY RAIN 3 RAIN 2
LIGHT RAIN 6 FREEZING RAIN 0
LT FREEZING RAIN 0 HAIL 0
HEAVY SNOW 0 SNOW 0
LIGHT SNOW 0 SLEET 0
FOG 3 FOG W/VIS <= 1/4 MILE 0
HAZE 4
- INDICATES NEGATIVE NUMBERS.
R INDICATES RECORD WAS SET OR TIED.
MM INDICATES DATA IS MISSING.
T INDICATES TRACE AMOUNT.
$$