000
CXUS53 KGRB 311410
CF6MFI
PRELIMINARY LOCAL CLIMATOLOGICAL DATA (WS FORM: F-6)
STATION: MARSHFIELD WI
MONTH: APRIL
YEAR: 2020
LATITUDE: 44 37 N
LONGITUDE: 90 11 W
TEMPERATURE IN F: :PCPN: SNOW: WIND :SUNSHINE: SKY :PK WND
================================================================================
1 2 3 4 5 6A 6B 7 8 9 10 11 12 13 14 15 16 17 18
12Z AVG MX 2MIN
DY MAX MIN AVG DEP HDD CDD WTR SNW DPTH SPD SPD DIR MIN PSBL S-S WX SPD DR
================================================================================
1 51 31 41 3 24 0 0.00 0.0 0 6.4 14 130 M M 2 19 130
2 60 35 48 9 17 0 0.00 0.0 0 10.2 20 140 M M 4 25 140
3 57 28 43 4 22 0 0.18 T 0 10.5 21 320 M M 10 16 30 310
4 43 24 34 -6 31 0 0.00 0.0 0 9.7 22 330 M M 4 28 330
5 54 27 41 1 24 0 0.00 0.0 0 6.0 13 170 M M 1 20 160
6 57 36 47 6 18 0 T 0.0 0 7.4 16 160 M M 6 1 22 170
7 56 41 49 8 16 0 T 0.0 0 5.9 15 330 M M 8 12 19 340
8 59 37 48 6 17 0 0.00 0.0 0 11.4 28 310 M M 3 12 37 290
9 39 30 35 -7 30 0 0.01 T 0 15.6 31 330 M M 6 128 44 300
10 45 30 38 -5 27 0 0.00 0.0 0 9.9 21 320 M M 5 27 330
11 60 28 44 1 21 0 0.00 0.0 0 5.8 15 210 M M 2 19 210
12 48 29 39 -5 26 0 0.84 4.6 5 13.8 23 350 M M 10 12 36 350
13 32 23 28 -16 37 0 0.04 0.5 4 18.2 28 320 M M 6 18 36 330
14 28 15 22 -22 43 0 0.01 0.1 3 9.1 23 320 M M 5 1 29 320
15 29 9 19 -26 46 0 0.00 0.0 3 8.1 17 310 M M 3 18 22 310
16 38 18 28 -17 37 0 0.00 0.0 1 9.2 17 290 M M 1 24 280
17 45 27 36 -10 29 0 0.00 0.0 T 7.2 16 290 M M 3 23 300
18 64 28 46 0 19 0 0.00 0.0 0 13.7 28 220 M M 3 38 230
19 50 30 40 -7 25 0 0.00 0.0 0 10.4 21 320 M M 2 28 290
20 58 30 44 -3 21 0 0.06 T 0 14.5 36 310 M M 3 18 49 310
21 42 27 35 -13 30 0 0.00 0.0 0 13.0 26 310 M M 2 36 300
22 52 30 41 -7 24 0 T 0.0 0 14.1 23 120 M M 4 34 110
23 47 32 40 -8 25 0 T T 0 8.3 17 100 M M 10 1 23 90
24 62 37 50 1 15 0 0.00 0.0 0 4.6 13 70 M M 4 17 80
25 64 37 51 2 14 0 0.00 0.0 0 5.2 13 130 M M 1 17 80
26 66 37 52 2 13 0 0.01 0.0 0 4.7 21 140 M M 2 27 160
27 65 44 55 5 10 0 0.20 0.0 0 6.1 14 190 M M 5 1 21 140
28 53 44 49 -1 16 0 0.03 0.0 0 11.3 23 100 M M 9 128 33 90
29 55 43 49 -1 16 0 T 0.0 0 15.9 29 10 M M 8 1 45 350
30 64 39 52 1 13 0 0.00 0.0 0 12.7 24 340 M M 0 39 330
================================================================================
SM 1543 926 706 0 1.38 5.2 298.9 M 132
================================================================================
AV 51.4 30.9 10.0 FASTST M M 4 MAX(MPH)
MISC ----> # 36 310 # 49 310
================================================================================
NOTES:
# LAST OF SEVERAL OCCURRENCES
COLUMN 17 PEAK WIND IN M.P.H.
PRELIMINARY LOCAL CLIMATOLOGICAL DATA (WS FORM: F-6) , PAGE 2
STATION: MARSHFIELD WI
MONTH: APRIL
YEAR: 2020
LATITUDE: 44 37 N
LONGITUDE: 90 11 W
[TEMPERATURE DATA] [PRECIPITATION DATA] SYMBOLS USED IN COLUMN 16
AVERAGE MONTHLY: 41.2 TOTAL FOR MONTH: 1.38 1 = FOG OR MIST
DPTR FM NORMAL: -3.8 DPTR FM NORMAL: -0.85 2 = FOG REDUCING VISIBILITY
HIGHEST: 66 ON 26 GRTST 24HR 0.84 ON 12-12 TO 1/4 MILE OR LESS
LOWEST: 9 ON 15 3 = THUNDER
SNOW, ICE PELLETS, HAIL 4 = ICE PELLETS
TOTAL MONTH: 5.2 INCHES 5 = HAIL
GRTST 24HR 4.6 ON 12-12 6 = FREEZING RAIN OR DRIZZLE
GRTST DEPTH: 5 ON 12 7 = DUSTSTORM OR SANDSTORM:
VSBY 1/2 MILE OR LESS
8 = SMOKE OR HAZE
[NO. OF DAYS WITH] [WEATHER - DAYS WITH] 9 = BLOWING SNOW
X = TORNADO
MAX 32 OR BELOW: 3 0.01 INCH OR MORE: 9
MAX 90 OR ABOVE: 0 0.10 INCH OR MORE: 3
MIN 32 OR BELOW: 19 0.50 INCH OR MORE: 1
MIN 0 OR BELOW: 0 1.00 INCH OR MORE: 0
[HDD (BASE 65) ]
TOTAL THIS MO. 706 CLEAR (SCALE 0-3) 11
DPTR FM NORMAL 104 PTCLDY (SCALE 4-7) 14
TOTAL FM JUL 1 7617 CLOUDY (SCALE 8-10) 5
DPTR FM NORMAL -179
[CDD (BASE 65) ]
TOTAL THIS MO. 0
DPTR FM NORMAL -1 [PRESSURE DATA]
TOTAL FM JAN 1 0 HIGHEST SLP 30.28 ON 16
DPTR FM NORMAL -1 LOWEST SLP 29.45 ON 20
[REMARKS]
#FINAL-04-20#