000
CXUS56 KMFR 011230
CF6MFR
PRELIMINARY LOCAL CLIMATOLOGICAL DATA (WS FORM: F-6)
STATION: MEDFORD OR
MONTH: JUNE
YEAR: 2022
LATITUDE: 42 22 N
LONGITUDE: 122 52 W
TEMPERATURE IN F: :PCPN: SNOW: WIND :SUNSHINE: SKY :PK WND
================================================================================
1 2 3 4 5 6A 6B 7 8 9 10 11 12 13 14 15 16 17 18
12Z AVG MX 2MIN
DY MAX MIN AVG DEP HDD CDD WTR SNW DPTH SPD SPD DIR MIN PSBL S-S WX SPD DR
================================================================================
1 83 50 67 3 0 2 0.00 0.0 0 4.4 15 360 M M 1 20 320
2 85 56 71 7 0 6 0.00 0.0 0 7.4 21 270 M M 1 29 290
3 70 54 62 -2 3 0 0.05 0.0 0 4.6 20 320 M M 6 29 320
4 64 53 59 -5 6 0 0.40 0.0 0 3.8 13 320 M M 9 18 19 310
5 74 52 63 -1 2 0 0.04 0.0 0 8.1 24 300 M M 6 1 35 300
6 75 48 62 -2 3 0 0.00 0.0 0 4.8 16 280 M M 4 22 280
7 76 48 62 -3 3 0 T 0.0 0 4.4 14 330 M M 5 17 330
8 82 55 69 4 0 4 T 0.0 0 4.3 10 320 M M 2 M M
9 88 52 70 5 0 5 0.00 0.0 0 4.7 17 310 M M 2 25 300
10 88 63 76 11 0 11 T 0.0 0 5.8 20 290 M M 4 29 300
11 83 65 74 8 0 9 T 0.0 0 7.4 20 320 M M 7 27 330
12 65 51 58 -8 7 0 0.37 0.0 0 8.0 24 290 M M 8 18 38 270
13 66 49 58 -8 7 0 T 0.0 0 6.5 14 360 M M 7 19 320
14 73 44 59 -7 6 0 0.00 0.0 0 4.0 12 10 M M 1 17 350
15 82 47 65 -1 0 0 0.00 0.0 0 7.2 20 320 M M 1 28 310
16 68 57 63 -4 2 0 T 0.0 0 7.9 15 300 M M 7 20 300
17 60 51 56 -11 9 0 0.79 0.0 0 5.6 15 20 M M 9 1 19 70
18 68 49 59 -8 6 0 0.03 0.0 0 4.4 15 10 M M 8 19 30
19 74 45 60 -8 5 0 0.00 0.0 0 5.2 18 350 M M 3 23 360
20 79 47 63 -5 2 0 0.00 0.0 0 3.9 14 10 M M 0 18 360
21 91 51 71 3 0 6 0.00 0.0 0 2.7 16 350 M M 0 22 350
22 92 56 74 6 0 9 0.00 0.0 0 4.7 15 350 M M 0 20 350
23 90 59 75 6 0 10 0.00 0.0 0 5.1 18 350 M M 0 25 360
24 92 51 72 3 0 7 0.00 0.0 0 3.0 12 310 M M 0 16 310
25 101 57 79 10 0 14 0.00 0.0 0 4.1 12 310 M M 0 19 320
26 103 63 83 13 0 18 0.00 0.0 0 4.8 18 280 M M 0 25 290
27 97 62 80 10 0 15 0.00 0.0 0 6.5 21 290 M M 0 29 290
28 87 56 72 2 0 7 0.00 0.0 0 5.4 16 10 M M 0 25 350
29 91 54 73 2 0 8 0.00 0.0 0 4.0 18 360 M M 0 23 360
30 89 55 72 1 0 7 0.00 0.0 0 5.3 17 270 M M 0 24 350
================================================================================
SM 2436 1600 61 138 1.68 0.0 158.0 M 91
================================================================================
AV 81.2 53.3 5.3 FASTST M M 3 MAX(MPH)
MISC ----> # 24 300 38 270
================================================================================
NOTES:
# LAST OF SEVERAL OCCURRENCES
COLUMN 17 PEAK WIND IN M.P.H.
PRELIMINARY LOCAL CLIMATOLOGICAL DATA (WS FORM: F-6) , PAGE 2
STATION: MEDFORD OR
MONTH: JUNE
YEAR: 2022
LATITUDE: 42 22 N
LONGITUDE: 122 52 W
[TEMPERATURE DATA] [PRECIPITATION DATA] SYMBOLS USED IN COLUMN 16
AVERAGE MONTHLY: 67.3 TOTAL FOR MONTH: 1.68 1 = FOG OR MIST
DPTR FM NORMAL: 0.4 DPTR FM NORMAL: 1.00 2 = FOG REDUCING VISIBILITY
HIGHEST: 103 ON 26 GRTST 24HR 0.79 ON 16-17 TO 1/4 MILE OR LESS
LOWEST: 44 ON 14 3 = THUNDER
SNOW, ICE PELLETS, HAIL 4 = ICE PELLETS
TOTAL MONTH: 0.0 INCH 5 = HAIL
GRTST 24HR 0.0 6 = FREEZING RAIN OR DRIZZLE
GRTST DEPTH: 0 7 = DUSTSTORM OR SANDSTORM:
VSBY 1/2 MILE OR LESS
8 = SMOKE OR HAZE
[NO. OF DAYS WITH] [WEATHER - DAYS WITH] 9 = BLOWING SNOW
X = TORNADO
MAX 32 OR BELOW: 0 0.01 INCH OR MORE: 6
MAX 90 OR ABOVE: 8 0.10 INCH OR MORE: 3
MIN 32 OR BELOW: 0 0.50 INCH OR MORE: 1
MIN 0 OR BELOW: 0 1.00 INCH OR MORE: 0
[HDD (BASE 65) ]
TOTAL THIS MO. 61 CLEAR (SCALE 0-3) 18
DPTR FM NORMAL 6 PTCLDY (SCALE 4-7) 10
TOTAL FM JUL 1 4179 CLOUDY (SCALE 8-10) 2
DPTR FM NORMAL -25
[CDD (BASE 65) ]
TOTAL THIS MO. 138
DPTR FM NORMAL 26 [PRESSURE DATA]
TOTAL FM JAN 1 148 HIGHEST SLP 30.26 ON 20
DPTR FM NORMAL -4 LOWEST SLP 29.68 ON 12
[REMARKS]
#FINAL-06-22#