000
CXUS56 KMFR 011000
CF6MFR
PRELIMINARY LOCAL CLIMATOLOGICAL DATA (WS FORM: F-6)
STATION: MEDFORD OR
MONTH: JULY
YEAR: 2020
LATITUDE: 42 22 N
LONGITUDE: 122 52 W
TEMPERATURE IN F: :PCPN: SNOW: WIND :SUNSHINE: SKY :PK WND
================================================================================
1 2 3 4 5 6A 6B 7 8 9 10 11 12 13 14 15 16 17 18
12Z AVG MX 2MIN
DY MAX MIN AVG DEP HDD CDD WTR SNW DPTH SPD SPD DIR MIN PSBL S-S WX SPD DR
================================================================================
1 80 52 66 -5 0 1 0.00 0.0 0 6.0 20 320 M M 2 23 340
2 87 49 68 -3 0 3 0.00 0.0 0 4.2 15 330 M M 0 20 340
3 87 54 71 0 0 6 0.00 0.0 0 5.7 20 330 M M 1 26 340
4 85 53 69 -3 0 4 0.00 0.0 0 5.4 17 310 M M 0 22 340
5 87 53 70 -2 0 5 0.00 0.0 0 5.0 17 360 M M 0 21 330
6 80 54 67 -5 0 2 0.00 0.0 0 8.3 22 360 M M 2 26 360
7 78 53 66 -6 0 1 0.00 0.0 0 4.4 17 320 M M 5 24 320
8 87 52 70 -3 0 5 0.00 0.0 0 4.1 15 320 M M 0 20 350
9 87 52 70 -3 0 5 T 0.0 0 6.1 21 360 M M 2 26 360
10 92 57 75 2 0 10 0.00 0.0 0 4.9 14 350 M M 1 17 350
11 92 59 76 2 0 11 0.00 0.0 0 6.2 21 350 M M 0 26 360
12 88 57 73 -1 0 8 0.00 0.0 0 5.8 18 10 M M 0 24 360
13 90 57 74 0 0 9 0.00 0.0 0 4.1 16 340 M M 0 22 350
14 95 53 74 0 0 9 0.00 0.0 0 4.5 15 320 M M 0 18 340
15 100 59 80 6 0 15 0.00 0.0 0 3.8 16 320 M M 0 21 350
16 97 61 79 5 0 14 0.00 0.0 0 4.3 17 360 M M 0 23 320
17 92 60 76 1 0 11 0.00 0.0 0 5.6 18 360 M M 0 24 360
18 96 59 78 3 0 13 0.00 0.0 0 4.5 15 340 M M 0 19 340
19 99 58 79 4 0 14 0.00 0.0 0 3.0 16 340 M M 0 21 290
20 101 62 82 7 0 17 0.00 0.0 0 4.9 17 360 M M 0 22 280
21 101 63 82 7 0 17 0.00 0.0 0 4.1 16 350 M M 0 21 360
22 97 64 81 6 0 16 0.00 0.0 0 5.9 20 360 M M 0 24 360
23 91 66 79 4 0 14 0.00 0.0 0 6.8 20 360 M M 0 24 10
24 93 57 75 -1 0 10 0.00 0.0 0 4.7 21 360 M M 0 27 360
25 94 57 76 0 0 11 0.00 0.0 0 3.9 15 350 M M 0 18 350
26 105 61 83 7 0 18 0.00 0.0 0 3.6 16 60 M M 0 20 360
27 99 74 87 11 0 22 0.00 0.0 0 2.8 10 230 M M 0 14 200
28 102 67 85 9 0 20 0.00 0.0 0 4.1 16 350 M M 0 19 340
29 102 69 86 10 0 21 0.00 0.0 0 5.2 15 300 M M 0 22 270
30 101 67 84 8 0 19 0.00 0.0 0 6.0 20 290 M M 0 26 260
31 97 64 81 5 0 16 0.00 0.0 0 6.8 20 300 M M 0 25 310
================================================================================
SM 2882 1823 0 347 T 0.0 154.7 M 13
================================================================================
AV 93.0 58.8 5.0 FASTST M M 0 MAX(MPH)
MISC ----> # 22 360 # 27 360
================================================================================
NOTES:
# LAST OF SEVERAL OCCURRENCES
COLUMN 17 PEAK WIND IN M.P.H.
PRELIMINARY LOCAL CLIMATOLOGICAL DATA (WS FORM: F-6) , PAGE 2
STATION: MEDFORD OR
MONTH: JULY
YEAR: 2020
LATITUDE: 42 22 N
LONGITUDE: 122 52 W
[TEMPERATURE DATA] [PRECIPITATION DATA] SYMBOLS USED IN COLUMN 16
AVERAGE MONTHLY: 75.9 TOTAL FOR MONTH: T 1 = FOG OR MIST
DPTR FM NORMAL: 1.8 DPTR FM NORMAL: -0.28 2 = FOG REDUCING VISIBILITY
HIGHEST: 105 ON 26 GRTST 24HR T ON 9- 9 TO 1/4 MILE OR LESS
LOWEST: 49 ON 2 3 = THUNDER
SNOW, ICE PELLETS, HAIL 4 = ICE PELLETS
TOTAL MONTH: 0.0 INCH 5 = HAIL
GRTST 24HR 0.0 6 = FREEZING RAIN OR DRIZZLE
GRTST DEPTH: 0 7 = DUSTSTORM OR SANDSTORM:
VSBY 1/2 MILE OR LESS
8 = SMOKE OR HAZE
[NO. OF DAYS WITH] [WEATHER - DAYS WITH] 9 = BLOWING SNOW
X = TORNADO
MAX 32 OR BELOW: 0 0.01 INCH OR MORE: 0
MAX 90 OR ABOVE: 21 0.10 INCH OR MORE: 0
MIN 32 OR BELOW: 0 0.50 INCH OR MORE: 0
MIN 0 OR BELOW: 0 1.00 INCH OR MORE: 0
[HDD (BASE 65) ]
TOTAL THIS MO. 0 CLEAR (SCALE 0-3) 30
DPTR FM NORMAL -6 PTCLDY (SCALE 4-7) 1
TOTAL FM JUL 1 0 CLOUDY (SCALE 8-10) 0
DPTR FM NORMAL -6
[CDD (BASE 65) ]
TOTAL THIS MO. 347
DPTR FM NORMAL 61 [PRESSURE DATA]
TOTAL FM JAN 1 564 HIGHEST SLP M ON M
DPTR FM NORMAL 132 LOWEST SLP 29.70 ON 22
[REMARKS]
#FINAL-07-20#