000
CXUS53 KFSD 041711
CF6MHE
PRELIMINARY LOCAL CLIMATOLOGICAL DATA (WS FORM: F-6)
STATION: MITCHELL SD
MONTH: APRIL
YEAR: 2021
LATITUDE: 43 46 N
LONGITUDE: 98 2 W
TEMPERATURE IN F: :PCPN: SNOW: WIND :SUNSHINE: SKY :PK WND
================================================================================
1 2 3 4 5 6A 6B 7 8 9 10 11 12 13 14 15 16 17 18
12Z AVG MX 2MIN
DY MAX MIN AVG DEP HDD CDD WTR SNW DPTH SPD SPD DIR MIN PSBL S-S WX SPD DR
================================================================================
1 62 18 40 -1 25 0 0.00 0.0 0 17.0 29 170 M M 0 37 170
2 80 40 60 19 5 0 0.00 0.0 0 16.6 29 170 M M 0 8 39 160
3 78 33 56 14 9 0 0.00 0.0 0 9.7 20 170 M M 0 26 170
4 85 42 64 22 1 0 0.00 0.0 0 8.3 18 120 M M 0 23 120
5 91 50 71 28 0 6 T 0.0 0 12.8 24 10 M M 0 33 290
6 55 42 49 6 16 0 0.94 0.0 0 17.9 25 50 M M 6 13 39 10
7 46 42 44 0 21 0 0.24 0.0 0 18.5 27 360 M M 10 13 39 360
8 47 42 45 1 20 0 0.08 0.0 0 15.4 25 330 M M 9 1 34 340
9 62 40 51 6 14 0 0.00 0.0 0 15.8 28 350 M M 5 36 320
10 62 31 47 2 18 0 0.00 0.0 0 7.8 17 360 M M 0 34 360
11 63 30 47 1 18 0 T 0.0 0 12.4 33 310 M M 4 44 310
12 50 36 43 -3 22 0 0.00 0.0 0 22.3 35 310 M M 7 50 290
13 42 29 36 -11 29 0 0.00 0.0 0 20.8 35 300 M M 9 42 300
14 49 30 40 -7 25 0 0.00 0.0 0 14.1 23 330 M M 8 29 20
15 47 30 39 -9 26 0 T T 0 9.0 18 10 M M 9 1 22 10
16 48 39 44 -4 21 0 T 0.0 0 10.6 17 350 M M 10 22 330
17 57 37 47 -2 18 0 T 0.0 0 10.4 20 360 M M 8 1 27 350
18 69 33 51 2 14 0 0.00 0.0 0 16.2 36 360 M M 4 44 360
19 44 25 35 -15 30 0 0.00 0.0 0 16.9 26 360 M M 6 36 340
20 46 19 33 -17 32 0 T T 0 7.1 33 310 M M 4 12 43 310
21 51 20 36 -14 29 0 0.00 0.0 0 8.8 17 310 M M 2 25 310
22 58 32 45 -6 20 0 T 0.0 0 14.4 25 200 M M 5 36 190
23 56 36 46 -5 19 0 T T 0 14.9 28 330 M M 6 34 340
24 52 27 40 -12 25 0 0.00 0.0 0 8.7 16 330 M M 2 8 24 340
25 65 36 51 -1 14 0 0.09 0.0 0 20.2 35 130 M M 6 48 130
26 71 49 60 7 5 0 0.00 0.0 0 11.6 18 30 M M 2 23 40
27 64 45 55 2 10 0 T 0.0 0 13.4 21 10 M M 3 27 360
28 71 43 57 3 8 0 0.00 0.0 0 6.6 16 40 M M 3 1 22 20
29 72 42 57 3 8 0 0.00 0.0 0 10.3 22 330 M M 1 29 330
30 77 43 60 6 5 0 0.00 0.0 0 11.7 20 150 M M 0 25 130
================================================================================
SM 1820 1061 507 6 1.35 T 400.2 M 129
================================================================================
AV 60.7 35.4 13.3 FASTST M M 4 MAX(MPH)
MISC ----> 36 360 50 290
================================================================================
NOTES:
# LAST OF SEVERAL OCCURRENCES
- COLUMN 17 PEAK WIND IN M.P.H.
- PRECIPITATION AMOUNTS IN COLUMNS 7,8, AND 9 ARE THE OFFICIAL PRECIPITATION
AMOUNTS FOR MITCHELL, SD.
-SNOW DEPTH IN COLUMN 9 IS RECORDED AT 6 AM CST (12Z).
PRELIMINARY LOCAL CLIMATOLOGICAL DATA (WS FORM: F-6) , PAGE 2
STATION: MITCHELL SD
MONTH: APRIL
YEAR: 2021
LATITUDE: 43 46 N
LONGITUDE: 98 2 W
[TEMPERATURE DATA] [PRECIPITATION DATA] SYMBOLS USED IN COLUMN 16
AVERAGE MONTHLY: 48.0 TOTAL FOR MONTH: 1.35 1 = FOG OR MIST
DPTR FM NORMAL: 0.2 DPTR FM NORMAL: -0.83 2 = FOG REDUCING VISIBILITY
HIGHEST: 91 ON 5 GRTST 24HR 1.18 ON 6- 7 TO 1/4 MILE OR LESS
LOWEST: 18 ON 1 3 = THUNDER
SNOW, ICE PELLETS, HAIL 4 = ICE PELLETS
TOTAL MONTH: T 5 = HAIL
GRTST 24HR T ON 15,20,23 6 = FREEZING RAIN OR DRIZZLE
GRTST DEPTH: 0 7 = DUSTSTORM OR SANDSTORM:
VSBY 1/2 MILE OR LESS
8 = SMOKE OR HAZE
[NO. OF DAYS WITH] [WEATHER - DAYS WITH] 9 = BLOWING SNOW
X = TORNADO
MAX 32 OR BELOW: 0 0.01 INCH OR MORE: 4
MAX 90 OR ABOVE: 1 0.10 INCH OR MORE: 2
MIN 32 OR BELOW: 11 0.50 INCH OR MORE: 1
MIN 0 OR BELOW: 0 1.00 INCH OR MORE: 0
[HDD (BASE 65) ]
TOTAL THIS MO. 507 CLEAR (SCALE 0-3) 12
DPTR FM NORMAL -13 PTCLDY (SCALE 4-7) 13
TOTAL FM JUL 1 6399 CLOUDY (SCALE 8-10) 5
DPTR FM NORMAL -599
[CDD (BASE 65) ]
TOTAL THIS MO. 6
DPTR FM NORMAL 4 [PRESSURE DATA]
TOTAL FM JAN 1 6 HIGHEST SLP 30.56 ON 1
DPTR FM NORMAL 4 LOWEST SLP 29.45 ON 5
[REMARKS]
RECORD DAILY MAXIMUM TEMPERATURE WAS ESTABLISHED ON THE 5TH WITH A HIGH OF
91 DEGREES. THE PREVIOUS RECORD WAS 83 BACK IN 1912.
THE HIGH OF 91 DEGREES ON THE 5TH WAS THE 4TH EARLIEST OCCURENCE OF 90 DEGREE
HEAT ON RECORD. THE THREE EARLIER OCCURRENCES WERE 92 DEGREES APRIL 1ST 2012,
90 DEGREES MARCH 31ST 1946, AND 95 DEGREES MARCH 30TH 1943.
#FINAL-04-21#