000
CXUS56 KMFR 010930
CF6MHS
PRELIMINARY LOCAL CLIMATOLOGICAL DATA (WS FORM: F-6)
STATION: MT SHASTA CITY CA
MONTH: MAY
YEAR: 2023
LATITUDE: 41 19 N
LONGITUDE: 122 19 W
TEMPERATURE IN F: :PCPN: SNOW: WIND :SUNSHINE: SKY :PK WND
================================================================================
1 2 3 4 5 6A 6B 7 8 9 10 11 12 13 14 15 16 17 18
12Z AVG MX 2MIN
DY MAX MIN AVG DEP HDD CDD WTR SNW DPTH SPD SPD DIR MIN PSBL S-S WX SPD DR
================================================================================
1 61 42 52 1 13 0 T M M 2.8 10 120 M M 6 25 130
2 50 37 44 -7 21 0 0.38 M M 1.5 8 130 M M 9 1 18 130
3 60 39 50 -2 15 0 0.04 M M 0.3 8 210 M M 5 1 16 220
4 49 39 44 -8 21 0 0.20 M M 2.4 9 140 M M 10 1 20 150
5 50 39 45 -7 20 0 0.13 M M 2.9 9 130 M M 10 1 19 130
6 53 36 45 -7 20 0 0.09 M M 1.0 9 120 M M 8 1 20 130
7 46 33 40 -13 25 0 0.11 M M 3.1 9 130 M M 10 128 18 150
8 50 32 41 -12 24 0 0.55 M M 2.4 10 100 M M 6 1 19 90
9 62 29 46 -7 19 0 0.00 M M 1.0 6 210 M M 1 14 230
10 68 32 50 -4 15 0 0.00 M M 0.7 7 220 M M 2 15 230
11 73 37 55 1 10 0 0.00 M M 0.7 7 290 M M 2 12 300
12 81 42 62 8 3 0 0.00 M M 1.6 7 300 M M 1 14 350
13 83 44 64 10 1 0 0.00 M M 2.2 12 80 M M 0 22 70
14 83 47 65 10 0 0 0.00 M M 1.0 8 80 M M 2 22 130
15 79 49 64 9 1 0 T M M 1.3 7 130 M M 1 19 220
16 83 44 64 9 1 0 0.00 M M 0.8 6 80 M M 0 10 230
17 86 45 66 11 0 1 0.00 M M 0.8 7 130 M M 0 14 140
18 87 47 67 11 0 2 0.00 M M 0.6 7 80 M M 0 12 230
19 89 50 70 14 0 5 0.00 M M 0.5 7 130 M M 0 15 210
20 88 47 68 12 0 3 0.00 M M 0.6 9 80 M M 1 15 130
21 83 52 68 12 0 3 0.00 M M 3.2 9 340 M M 1 25 300
22 72 47 60 4 5 0 0.00 M M 4.3 10 300 M M 0 23 310
23 74 46 60 3 5 0 0.00 M M 2.7 7 99 M M 2 22 99
24 79 39 59 2 6 0 0.00 M M 1.8 7 300 M M 0 14 300
25 81 41 61 4 4 0 0.01 M M 0.9 8 90 M M 1 18 20 80
26 80 45 63 6 2 0 0.03 M M 0.8 8 130 M M 2 1 15 130
27 76 48 62 5 3 0 0.13 M M 1.3 8 290 M M 5 1 19 300
28 78 42 60 2 5 0 0.06 M M 1.4 7 60 M M 3 1 18 60
29 82 44 63 5 2 0 0.04 M M 0.8 7 60 M M 4 1 16 320
30 76 52 64 6 1 0 0.01 M M 0.5 6 140 M M 7 1 14 130
31 75 51 63 5 2 0 0.00 M M 3.7 12 290 M M 4 22 330
================================================================================
SM 2237 1317 244 14 1.78 M 49.7 M 103
================================================================================
AV 72.2 42.5 1.6 FASTST M M 3 MAX(MPH)
MISC ----> # 12 80 # 25 130
================================================================================
NOTES:
# LAST OF SEVERAL OCCURRENCES
COLUMN 17 PEAK WIND IN M.P.H.
PRELIMINARY LOCAL CLIMATOLOGICAL DATA (WS FORM: F-6) , PAGE 2
STATION: MT SHASTA CITY CA
MONTH: MAY
YEAR: 2023
LATITUDE: 41 19 N
LONGITUDE: 122 19 W
[TEMPERATURE DATA] [PRECIPITATION DATA] SYMBOLS USED IN COLUMN 16
AVERAGE MONTHLY: 57.3 TOTAL FOR MONTH: 1.78 1 = FOG OR MIST
DPTR FM NORMAL: 2.4 DPTR FM NORMAL: -0.32 2 = FOG REDUCING VISIBILITY
HIGHEST: 89 ON 19 GRTST 24HR 0.60 ON 7- 8 TO 1/4 MILE OR LESS
LOWEST: 29 ON 9 3 = THUNDER
SNOW, ICE PELLETS, HAIL 4 = ICE PELLETS
TOTAL MONTH: M 5 = HAIL
GRTST 24HR M ON M 6 = FREEZING RAIN OR DRIZZLE
GRTST DEPTH: M ON M 7 = DUSTSTORM OR SANDSTORM:
VSBY 1/2 MILE OR LESS
8 = SMOKE OR HAZE
[NO. OF DAYS WITH] [WEATHER - DAYS WITH] 9 = BLOWING SNOW
X = TORNADO
MAX 32 OR BELOW: 0 0.01 INCH OR MORE: 13
MAX 90 OR ABOVE: 0 0.10 INCH OR MORE: 6
MIN 32 OR BELOW: 3 0.50 INCH OR MORE: 1
MIN 0 OR BELOW: 0 1.00 INCH OR MORE: 0
[HDD (BASE 65) ]
TOTAL THIS MO. 244 CLEAR (SCALE 0-3) 19
DPTR FM NORMAL -79 PTCLDY (SCALE 4-7) 7
TOTAL FM JUL 1 5543 CLOUDY (SCALE 8-10) 5
DPTR FM NORMAL 54
[CDD (BASE 65) ]
TOTAL THIS MO. 14
DPTR FM NORMAL 6 [PRESSURE DATA]
TOTAL FM JAN 1 14 HIGHEST SLP M ON M
DPTR FM NORMAL 6 LOWEST SLP 29.69 ON 1
[REMARKS]
#FINAL-05-23#