000
CXUS53 KGRR 011017
CF6MKG
PRELIMINARY LOCAL CLIMATOLOGICAL DATA (WS FORM: F-6)

                                          STATION:   MUSKEGON MI
                                          MONTH:     JULY
                                          YEAR:      2013
                                          LATITUDE:   43 10 N
                                          LONGITUDE:  86 14 W

  TEMPERATURE IN F:       :PCPN:    SNOW:  WIND      :SUNSHINE: SKY     :PK WND
================================================================================
1   2   3   4   5  6A  6B    7    8   9   10  11  12  13   14  15   16   17  18
                                     12Z  AVG MX 2MIN
DY MAX MIN AVG DEP HDD CDD  WTR  SNW DPTH SPD SPD DIR MIN PSBL S-S WX    SPD DR
================================================================================

 1  83  56  70   0   0   5 0.00  0.0    0  9.9 26  70   M    M   4        38  70
 2  66  60  63  -7   2   0 0.33  0.0    0  7.3 15  40   M    M   9 1      18  40
 3  77  59  68  -2   0   3 0.12  0.0    0  5.7 17 220   M    M   7 18     20 210
 4  78  62  70  -1   0   5 0.00  0.0    0  5.6 13 190   M    M   9 128    24 210
 5  81  63  72   1   0   7 0.00  0.0    0  4.6 12 220   M    M   3 18     14 220
 6  83  66  75   4   0  10 0.00  0.0    0  4.0 12 270   M    M   3 18     14 260
 7  82  70  76   5   0  11    T  0.0    0  8.9 15 210   M    M   6        20 200
 8  77  67  72   1   0   7 0.04  0.0    0  8.1 20 210   M    M   7 1      28 220
 9  83  63  73   2   0   8 0.11  0.0    0  4.9 17 230   M    M   8 1238   20 230
10  80  60  70  -1   0   5    T  0.0    0 11.0 22 320   M    M   3 1      31 330
11  80  56  68  -3   0   3 0.00  0.0    0  5.5 17 290   M    M   2        22 290
12  83  57  70  -1   0   5 0.00  0.0    0  4.3 12 270   M    M   1        23 300
13  89  59  74   3   0   9 0.00  0.0    0  5.3 14 120   M    M   1        30 180
14  90  65  78   7   0  13 0.00  0.0    0  6.4 12 280   M    M   2        21  40
15  92  71  82  11   0  17 0.00  0.0    0  3.3 10 280   M    M   3 8      16 280
16  89  74  82  11   0  17 0.00  0.0    0  5.8 14 230   M    M   1        17 220
17  90  77  84  13   0  19 0.00  0.0    0  6.9 13 220   M    M   2        18 250
18  92  76  84  13   0  19 0.00  0.0    0  8.8 16 220   M    M   1        22 220
19  90  76  83  12   0  18    T  0.0    0 15.1 25 220   M    M   4        35 220
20  85  66  76   5   0  11 0.00  0.0    0  7.1 16 280   M    M   3        21 280
21  86  61  74   3   0   9 0.03  0.0    0  6.5 15 130   M    M   6        20 130
22  83  64  74   3   0   9 0.00  0.0    0  8.1 16 210   M    M   5        24 200
23  79  56  68  -3   0   3    T  0.0    0 13.5 26 330   M    M   4        33 320
24  74  52  63  -8   2   0 0.00  0.0    0  7.5 16 270   M    M   4 8      20 270
25  76  50  63  -8   2   0 0.00  0.0    0  5.2 13 220   M    M   3        18 240
26  71  63  67  -4   0   2 0.85  0.0    0  7.7 16 200   M    M   9 1      21 200
27  67  56  62  -9   3   0    T  0.0    0  8.5 18 320   M    M   9 12     24 330
28  68  55  62  -9   3   0 0.66  0.0    0  6.9 18 290   M    M   7 1      25 310
29  68  54  61 -10   4   0    T  0.0    0  6.5 14 290   M    M   7 1      18 270
30  79  49  64  -7   1   0 0.02  0.0    0  3.6 13 210   M    M   5 1      15 210
31  73  63  68  -3   0   3 0.13  0.0    0  4.1 10 300   M    M   9 1      16 290
================================================================================
SM 2494 1926        17 218  2.29     0.0 216.6          M      147
================================================================================
AV 80.5 62.1                               7.0 FASTST   M    M   5    MAX(MPH)
                                 MISC ---->  # 26  70               # 38   70
================================================================================
NOTES:
# LAST OF SEVERAL OCCURRENCES

COLUMN 17 PEAK WIND IN M.P.H.

PRELIMINARY LOCAL CLIMATOLOGICAL DATA (WS FORM: F-6) , PAGE 2

                                          STATION:  MUSKEGON MI
                                          MONTH:    JULY
                                          YEAR:     2013
                                          LATITUDE:   43 10 N
                                          LONGITUDE:  86 14 W

[TEMPERATURE DATA]      [PRECIPITATION DATA]       SYMBOLS USED IN COLUMN 16

AVERAGE MONTHLY: 71.3   TOTAL FOR MONTH:   2.29    1 = FOG OR MIST
DPTR FM NORMAL:   0.2   DPTR FM NORMAL:   -0.08    2 = FOG REDUCING VISIBILITY
HIGHEST:    92 ON 18,15 GRTST 24HR  0.85 ON 26-26      TO 1/4 MILE OR LESS
LOWEST:     49 ON 30                               3 = THUNDER
                        SNOW, ICE PELLETS, HAIL    4 = ICE PELLETS
                        TOTAL MONTH:   0.0 INCH    5 = HAIL
                        GRTST 24HR     0.0         6 = FREEZING RAIN OR DRIZZLE
                        GRTST DEPTH:   0           7 = DUSTSTORM OR SANDSTORM:
                                                       VSBY 1/2 MILE OR LESS
                                                   8 = SMOKE OR HAZE
[NO. OF DAYS WITH]      [WEATHER - DAYS WITH]      9 = BLOWING SNOW
                                                   X = TORNADO
MAX 32 OR BELOW:   0    0.01 INCH OR MORE:   9
MAX 90 OR ABOVE:   5    0.10 INCH OR MORE:   6
MIN 32 OR BELOW:   0    0.50 INCH OR MORE:   2
MIN  0 OR BELOW:   0    1.00 INCH OR MORE:   0

[HDD (BASE 65) ]
TOTAL THIS MO.    17    CLEAR  (SCALE 0-3)  12
DPTR FM NORMAL     6    PTCLDY (SCALE 4-7)  14
TOTAL FM JUL 1    17    CLOUDY (SCALE 8-10)  5
DPTR FM NORMAL     6

[CDD (BASE 65) ]
TOTAL THIS MO.   218
DPTR FM NORMAL    16    [PRESSURE DATA]
TOTAL FM JAN 1   378    HIGHEST SLP 30.30 ON 16
DPTR FM NORMAL    42    LOWEST  SLP 29.65 ON 23

[REMARKS]
#FINAL-07-13#
