000
CXUS53 KGRR 011017
CF6MKG
PRELIMINARY LOCAL CLIMATOLOGICAL DATA (WS FORM: F-6)

                                          STATION:   MUSKEGON MI
                                          MONTH:     MAY
                                          YEAR:      2013
                                          LATITUDE:   43 10 N
                                          LONGITUDE:  86 14 W

  TEMPERATURE IN F:       :PCPN:    SNOW:  WIND      :SUNSHINE: SKY     :PK WND
================================================================================
1   2   3   4   5  6A  6B    7    8   9   10  11  12  13   14  15   16   17  18
                                     12Z  AVG MX 2MIN
DY MAX MIN AVG DEP HDD CDD  WTR  SNW DPTH SPD SPD DIR MIN PSBL S-S WX    SPD DR
================================================================================

 1  81  65  73  21   0   8 0.00  0.0    0  8.3 21 180   M    M   0        29 200
 2  79  50  65  12   0   0 0.00  0.0    0  6.7 15 350   M    M   3        18 350
 3  78  48  63  10   2   0 0.15  0.0    0  6.6 22 190   M    M   5 1      29 190
 4  76  57  67  14   0   2 0.00  0.0    0  9.5 23 120   M    M   1        28 110
 5  77  53  65  11   0   0 0.00  0.0    0  8.2 17 110   M    M   0        22 120
 6  77  48  63   9   2   0 0.00  0.0    0  5.0 13 110   M    M   0        17 140
 7  79  48  64  10   1   0 0.00  0.0    0  4.6 14 280   M    M   1        18 100
 8  76  52  64  10   1   0 0.00  0.0    0  4.3 14 290   M    M   2        18 290
 9  80  46  63   8   2   0 0.13  0.0    0  4.5 14 200   M    M   4 1      16 200
10  57  47  52  -3  13   0 0.75  0.0    0  9.0 18  30   M    M  10 1      25  30
11  50  37  44 -11  21   0 0.02  0.0    0 12.0 30 330   M    M   8 18     40 230
12  47  35  41 -15  24   0    T  0.0    0 12.2 24 320   M    M   6        33 310
13  51  28  40 -16  25   0 0.00  0.0    0  4.8 14 240   M    M   2        21 240
14  68  47  58   2   7   0    T  0.0    0 11.6 28 180   M    M   4        37 190
15  73  50  62   5   3   0 0.00  0.0    0 10.4 26 230   M    M   1        38 220
16  77  45  61   4   4   0 0.00  0.0    0  5.7 16 220   M    M   2        18 220
17  67  55  61   4   4   0    T  0.0    0 11.1 18  70   M    M  10        25  70
18  80  56  68  10   0   3 0.00  0.0    0  6.5 15  80   M    M   4        20  70
19  87  58  73  15   0   8 0.00  0.0    0  5.6 15 140   M    M   1        21 140
20  83  67  75  17   0  10 0.04  0.0    0 11.3 21 210   M    M   2 3      32 180
21  76  59  68  10   0   3 0.34  0.0    0 13.1 36 220   M    M   2 13     51 220
22  68  49  59   0   6   0 1.25  0.0    0  6.2 18 210   M    M  10 123    23 200
23  56  41  49 -10  16   0 0.82  0.0    0 11.5 20 350   M    M   8 1      26 340
24  56  37  47 -12  18   0 0.00  0.0    0  7.4 18 270   M    M   0        24 280
25  64  37  51  -9  14   0 0.00  0.0    0  4.8 12 280   M    M   0        16 280
26  69  42  56  -4   9   0 0.00  0.0    0  5.8 12 240   M    M   0        16 120
27  62  51  57  -3   8   0    T  0.0    0 11.0 23 110   M    M   7 18     30 110
28  71  54  63   2   2   0 1.01  0.0    0 11.6 23 210   M    M  10 138    30 210
29  77  56  67   6   0   2 0.02  0.0    0  5.8 18 230   M    M   6 1238   21 230
30  86  69  78  17   0  13    T  0.0    0 15.7 25 190   M    M   3        37 180
31  79  65  72  10   0   7 0.04  0.0    0 14.7 26 190   M    M   7 1      37 200
================================================================================
SM 2207 1552       182  56  4.57     0.0 265.5          M      119
================================================================================
AV 71.2 50.1                               8.6 FASTST   M    M   4    MAX(MPH)
                                 MISC ---->  # 36 220               # 51  220
================================================================================
NOTES:
# LAST OF SEVERAL OCCURRENCES

COLUMN 17 PEAK WIND IN M.P.H.

PRELIMINARY LOCAL CLIMATOLOGICAL DATA (WS FORM: F-6) , PAGE 2

                                          STATION:  MUSKEGON MI
                                          MONTH:    MAY
                                          YEAR:     2013
                                          LATITUDE:   43 10 N
                                          LONGITUDE:  86 14 W

[TEMPERATURE DATA]      [PRECIPITATION DATA]       SYMBOLS USED IN COLUMN 16

AVERAGE MONTHLY: 60.6   TOTAL FOR MONTH:   4.57    1 = FOG OR MIST
DPTR FM NORMAL:   3.7   DPTR FM NORMAL:    1.32    2 = FOG REDUCING VISIBILITY
HIGHEST:    87 ON 19    GRTST 24HR  1.36 ON 22-23      TO 1/4 MILE OR LESS
LOWEST:     28 ON 13                               3 = THUNDER
                        SNOW, ICE PELLETS, HAIL    4 = ICE PELLETS
                        TOTAL MONTH:   0.0 INCH    5 = HAIL
                        GRTST 24HR     0.0         6 = FREEZING RAIN OR DRIZZLE
                        GRTST DEPTH:   0           7 = DUSTSTORM OR SANDSTORM:
                                                       VSBY 1/2 MILE OR LESS
                                                   8 = SMOKE OR HAZE
[NO. OF DAYS WITH]      [WEATHER - DAYS WITH]      9 = BLOWING SNOW
                                                   X = TORNADO
MAX 32 OR BELOW:   0    0.01 INCH OR MORE:  11
MAX 90 OR ABOVE:   0    0.10 INCH OR MORE:   7
MIN 32 OR BELOW:   1    0.50 INCH OR MORE:   4
MIN  0 OR BELOW:   0    1.00 INCH OR MORE:   2

[HDD (BASE 65) ]
TOTAL THIS MO.   182    CLEAR  (SCALE 0-3)  17
DPTR FM NORMAL   -94    PTCLDY (SCALE 4-7)   9
TOTAL FM JUL 1  6272    CLOUDY (SCALE 8-10)  5
DPTR FM NORMAL  -222

[CDD (BASE 65) ]
TOTAL THIS MO.    56
DPTR FM NORMAL    31    [PRESSURE DATA]
TOTAL FM JAN 1    60    HIGHEST SLP 30.43 ON 25
DPTR FM NORMAL    31    LOWEST  SLP 29.53 ON 15

[REMARKS]
#FINAL-05-13#
