000
CXUS53 KGRR 011017
CF6MKG
PRELIMINARY LOCAL CLIMATOLOGICAL DATA (WS FORM: F-6)

                                          STATION:   MUSKEGON MI
                                          MONTH:     NOVEMBER
                                          YEAR:      2012
                                          LATITUDE:   43 10 N
                                          LONGITUDE:  86 14 W

  TEMPERATURE IN F:       :PCPN:    SNOW:  WIND      :SUNSHINE: SKY     :PK WND
================================================================================
1   2   3   4   5  6A  6B    7    8   9   10  11  12  13   14  15   16   17  18
                                     12Z  AVG MX 2MIN
DY MAX MIN AVG DEP HDD CDD  WTR  SNW DPTH SPD SPD DIR MIN PSBL S-S WX    SPD DR
================================================================================

 1  46  38  42  -3  23   0 0.00  0.0    0 11.1 21 290   M    M   8        26 320
 2  47  36  42  -3  23   0    T  0.0    0 10.1 22 340   M    M   6        30 360
 3  45  32  39  -6  26   0 0.00  0.0    0  5.1 12 350   M    M   8        14 350
 4  46  33  40  -4  25   0    T    T    0  6.0 14 330   M    M   6        17 350
 5  42  26  34 -10  31   0 0.00  0.0    0  4.4 14  50   M    M   6        17  50
 6  45  31  38  -6  27   0 0.00  0.0    0  7.3 16 210   M    M  10        20 210
 7  50  30  40  -3  25   0    T    T    0  5.8 14 120   M    M   5 18     16 120
 8  48  28  38  -5  27   0 0.00  0.0    0  5.8 15 210   M    M   8 18     17 190
 9  54  35  45   2  20   0 0.00  0.0    0  4.5 12  70   M    M   7 18     14  70
10  66  50  58  16   7   0 0.00  0.0    0 11.1 30 190   M    M   7 8      44 190
11  70  52  61  19   4   0 0.22  0.0    0 20.7 33 180   M    M   6 1      45 180
12  52  30  41  -1  24   0 0.23  0.2    0 15.3 28 230   M    M  10 1      35 260
13  37  27  32  -9  33   0    T    T    0  5.9 18 260   M    M   7        24 260
14  43  26  35  -6  30   0 0.00  0.0    0  7.6 14 170   M    M   5 8      17 190
15  45  28  37  -3  28   0 0.00  0.0    0  5.9 14 200   M    M   3 18     16 210
16  51  27  39  -1  26   0 0.00  0.0    0  3.4 12 220   M    M   3 128    15 210
17  52  29  41   1  24   0 0.00  0.0    0  3.0 14 200   M    M   4 128    16 180
18  58  29  44   5  21   0 0.00  0.0    0  5.2 13 160   M    M   0 18     15 160
19  55  32  44   5  21   0 0.00  0.0    0  4.2  8 150   M    M   3        10 170
20  52  41  47   9  18   0 0.03  0.0    0  2.3  9 120   M    M  10 18     10 130
21  52  37  45   7  20   0    T  0.0    0  7.2 18 190   M    M   8 128    29 200
22  63  49  56  18   9   0 0.02  0.0    0 19.4 30 180   M    M   4 18     45 190
23  53  31  42   5  23   0 0.03  0.2    0 21.8 29 320   M    M  10 1      40 290
24  35  30  33  -4  32   0 0.02  0.1    0  9.8 21 320   M    M  10        28 320
25  40  32  36  -1  29   0 0.01  0.1    0 11.3 22 220   M    M   9        28 220
26  35  29  32  -4  33   0    T    T    0  8.6 18 330   M    M  10        22 330
27  37  26  32  -4  33   0 0.00  0.0    0  7.1 20 230   M    M   6        28 250
28  42  32  37   1  28   0 0.01  0.2    0 10.5 21 260   M    M   7 1      29 250
29  48  35  42   7  23   0 0.00  0.0    0 10.9 20 220   M    M   2        28 250
30  42  37  40   5  25   0 0.00  0.0    0 11.7 20  70   M    M   9 8      25 120
================================================================================
SM 1451  998       718   0  0.57     0.8 263.0          M      197
================================================================================
AV 48.4 33.3                               8.8 FASTST   M    M   7    MAX(MPH)
                                 MISC ---->  # 33 180               # 45  180
================================================================================
NOTES:
# LAST OF SEVERAL OCCURRENCES

COLUMN 17 PEAK WIND IN M.P.H.

PRELIMINARY LOCAL CLIMATOLOGICAL DATA (WS FORM: F-6) , PAGE 2

                                          STATION:  MUSKEGON MI
                                          MONTH:    NOVEMBER
                                          YEAR:     2012
                                          LATITUDE:   43 10 N
                                          LONGITUDE:  86 14 W

[TEMPERATURE DATA]      [PRECIPITATION DATA]       SYMBOLS USED IN COLUMN 16

AVERAGE MONTHLY: 40.8   TOTAL FOR MONTH:   0.57    1 = FOG OR MIST
DPTR FM NORMAL:   0.6   DPTR FM NORMAL:   -2.79    2 = FOG REDUCING VISIBILITY
HIGHEST:    70 ON 11    GRTST 24HR  0.44 ON 11-12      TO 1/4 MILE OR LESS
LOWEST:     26 ON 27,14                            3 = THUNDER
                        SNOW, ICE PELLETS, HAIL    4 = ICE PELLETS
                        TOTAL MONTH:   0.8 INCH    5 = HAIL
                        GRTST 24HR   0.2 ON   M    6 = FREEZING RAIN OR DRIZZLE
                        GRTST DEPTH:   0           7 = DUSTSTORM OR SANDSTORM:
                                                       VSBY 1/2 MILE OR LESS
                                                   8 = SMOKE OR HAZE
[NO. OF DAYS WITH]      [WEATHER - DAYS WITH]      9 = BLOWING SNOW
                                                   X = TORNADO
MAX 32 OR BELOW:   0    0.01 INCH OR MORE:   8
MAX 90 OR ABOVE:   0    0.10 INCH OR MORE:   2
MIN 32 OR BELOW:  19    0.50 INCH OR MORE:   0
MIN  0 OR BELOW:   0    1.00 INCH OR MORE:   0

[HDD (BASE 65) ]
TOTAL THIS MO.   718    CLEAR  (SCALE 0-3)   4
DPTR FM NORMAL   -26    PTCLDY (SCALE 4-7)  17
TOTAL FM JUL 1  1300    CLOUDY (SCALE 8-10)  9
DPTR FM NORMAL   -67

[CDD (BASE 65) ]
TOTAL THIS MO.     0
DPTR FM NORMAL     0    [PRESSURE DATA]
TOTAL FM JAN 1   925    HIGHEST SLP 30.59 ON 17
DPTR FM NORMAL   359    LOWEST  SLP 29.69 ON 23

[REMARKS]
#FINAL-11-12#
