000
CXUS53 KGRR 010910
CF6MKG
PRELIMINARY LOCAL CLIMATOLOGICAL DATA (WS FORM: F-6)
STATION: MUSKEGON
MONTH: OCTOBER
YEAR: 2022
LATITUDE: 43 10 N
LONGITUDE: 86 14 W
TEMPERATURE IN F: :PCPN: SNOW: WIND :SUNSHINE: SKY :PK WND
================================================================================
1 2 3 4 5 6A 6B 7 8 9 10 11 12 13 14 15 16 17 18
12Z AVG MX 2MIN
DY MAX MIN AVG DEP HDD CDD WTR SNW DPTH SPD SPD DIR MIN PSBL S-S WX SPD DR
================================================================================
1 75 43 59 1 6 0 0.00 0.0 0 4.7 12 350 M M 1 1 18 350
2 70 45 58 1 7 0 0.00 0.0 0 8.5 16 60 M M 2 22 60
3 67 35 51 -6 14 0 0.00 0.0 0 3.7 10 240 M M 2 12 14 270
4 68 40 54 -2 11 0 0.00 0.0 0 2.1 9 230 M M 4 1 15 260
5 72 45 59 3 6 0 0.00 0.0 0 4.5 12 210 M M 5 1 15 250
6 69 46 58 2 7 0 0.07 0.0 0 7.7 23 350 M M 6 1 33 350
7 55 36 46 -9 19 0 0.00 0.0 0 9.1 20 330 M M 5 26 340
8 57 35 46 -9 19 0 0.00 0.0 0 11.1 21 240 M M 7 30 260
9 62 45 54 0 11 0 0.00 0.0 0 7.3 15 220 M M 6 21 270
10 69 38 54 0 11 0 0.00 0.0 0 3.5 12 70 M M 2 16 100
11 72 39 56 2 9 0 0.84 0.0 0 10.9 23 170 M M 5 12 36 160
12 65 46 56 3 9 0 0.88 0.0 0 13.3 30 180 M M 9 13 46 200
13 55 43 49 -4 16 0 0.29 0.0 0 12.2 21 260 M M 9 3 36 270
14 55 40 48 -5 17 0 0.23 0.0 0 12.0 28 280 M M 10 40 230
15 55 43 49 -3 16 0 T 0.0 0 15.0 22 230 M M 9 31 240
16 55 41 48 -4 17 0 0.32 0.0 0 7.7 21 260 M M 8 18 34 240
17 50 40 45 -7 20 0 0.42 0.0 0 17.1 30 340 M M 9 1 45 320
18 44 38 41 -10 24 0 0.22 0.0 0 20.0 31 330 M M 9 46 330
19 47 32 40 -11 25 0 T 0.0 0 12.2 22 330 M M 9 32 280
20 53 35 44 -6 21 0 T 0.0 0 7.5 15 240 M M 5 24 230
21 69 35 52 2 13 0 0.00 0.0 0 13.5 26 190 M M 2 47 200
22 79 59 69 19 0 4 0.00 0.0 0 15.7 25 190 M M 1 37 190
23 80 55 68 19 0 3 0.03 0.0 0 12.6 21 150 M M 3 3 32 140
24 77 61 69 20 0 4 0.07 0.0 0 13.0 22 170 M M 9 3 32 190
25 69 51 60 11 5 0 0.75 0.0 0 8.3 18 10 M M 8 1 26 160
26 51 34 43 -5 22 0 0.35 0.0 0 11.3 24 340 M M 9 1 35 340
27 57 31 44 -4 21 0 0.00 0.0 0 2.3 8 60 M M 4 11 100
28 59 35 47 -1 18 0 0.00 0.0 0 3.3 10 120 M M 5 1 13 120
29 66 33 50 3 15 0 0.00 0.0 0 2.6 9 260 M M 1 18 11 250
30 66 36 51 4 14 0 0.00 0.0 0 2.5 10 120 M M 6 12 120
31 65 44 55 9 10 0 0.06 0.0 0 2.0 10 240 M M 8 12 12 240
================================================================================
SM 1953 1279 403 11 4.53 0.0 277.2 M 178
================================================================================
AV 63.0 41.3 8.9 FASTST M M 6 MAX(MPH)
MISC ----> 31 330 47 200
================================================================================
NOTES:
# LAST OF SEVERAL OCCURRENCES
COLUMN 17 PEAK WIND IN M.P.H.
PRELIMINARY LOCAL CLIMATOLOGICAL DATA (WS FORM: F-6) , PAGE 2
STATION: MUSKEGON
MONTH: OCTOBER
YEAR: 2022
LATITUDE: 43 10 N
LONGITUDE: 86 14 W
[TEMPERATURE DATA] [PRECIPITATION DATA] SYMBOLS USED IN COLUMN 16
AVERAGE MONTHLY: 52.1 TOTAL FOR MONTH: 4.53 1 = FOG OR MIST
DPTR FM NORMAL: 0.2 DPTR FM NORMAL: 0.73 2 = FOG REDUCING VISIBILITY
HIGHEST: 80 ON 23 GRTST 24HR 1.57 ON 11-12 TO 1/4 MILE OR LESS
LOWEST: 31 ON 27 3 = THUNDER
SNOW, ICE PELLETS, HAIL 4 = ICE PELLETS
TOTAL MONTH: 0.0 INCH 5 = HAIL
GRTST 24HR 0.0 6 = FREEZING RAIN OR DRIZZLE
GRTST DEPTH: 0 7 = DUSTSTORM OR SANDSTORM:
VSBY 1/2 MILE OR LESS
8 = SMOKE OR HAZE
[NO. OF DAYS WITH] [WEATHER - DAYS WITH] 9 = BLOWING SNOW
X = TORNADO
MAX 32 OR BELOW: 0 0.01 INCH OR MORE: 13
MAX 90 OR ABOVE: 0 0.10 INCH OR MORE: 9
MIN 32 OR BELOW: 2 0.50 INCH OR MORE: 3
MIN 0 OR BELOW: 0 1.00 INCH OR MORE: 0
[HDD (BASE 65) ]
TOTAL THIS MO. 403 CLEAR (SCALE 0-3) 8
DPTR FM NORMAL -10 PTCLDY (SCALE 4-7) 12
TOTAL FM JUL 1 500 CLOUDY (SCALE 8-10) 11
DPTR FM NORMAL -51
[CDD (BASE 65) ]
TOTAL THIS MO. 11
DPTR FM NORMAL 4 [PRESSURE DATA]
TOTAL FM JAN 1 875 HIGHEST SLP 30.50 ON 28
DPTR FM NORMAL 225 LOWEST SLP 29.57 ON 25
[REMARKS]
#FINAL-10-22#