000
CXUS53 KGRR 011017
CF6MKG
PRELIMINARY LOCAL CLIMATOLOGICAL DATA (WS FORM: F-6)

                                          STATION:   MUSKEGON MI
                                          MONTH:     OCTOBER
                                          YEAR:      2012
                                          LATITUDE:   43 10 N
                                          LONGITUDE:  86 14 W

  TEMPERATURE IN F:       :PCPN:    SNOW:  WIND      :SUNSHINE: SKY     :PK WND
================================================================================
1   2   3   4   5  6A  6B    7    8   9   10  11  12  13   14  15   16   17  18
                                     12Z  AVG MX 2MIN
DY MAX MIN AVG DEP HDD CDD  WTR  SNW DPTH SPD SPD DIR MIN PSBL S-S WX    SPD DR
================================================================================

 1  67  40  54  -2  11   0 0.00  0.0    0  2.7 10 210   M    M   1 12     14 290
 2  75  47  61   5   4   0 0.00  0.0    0  3.1 12  50   M    M   1        16  50
 3  62  57  60   5   5   0 0.09  0.0    0  4.9 10 160   M    M  10 18     29 330
 4  71  57  64   9   1   0 0.50  0.0    0 12.8 23 200   M    M   7 1      32 180
 5  58  48  53  -1  12   0 0.00  0.0    0 13.4 20 300   M    M   5        31 290
 6  50  42  46  -8  19   0 0.02  0.0    0 10.6 21 290   M    M  10        35 300
 7  48  33  41 -13  24   0    T  0.0    0  4.6 13 270   M    M   9        16 270
 8  57  33  45  -8  20   0 0.00  0.0    0 13.5 26 190   M    M   5        36 190
 9  62  43  53   0  12   0 0.29  0.0    0 20.0 30 190   M    M   6 1      41 190
10  48  41  45  -8  20   0 0.11    T    0 11.8 22 290   M    M   9 14     31 310
11  59  43  51  -1  14   0 0.13  0.0    0 12.8 33 220   M    M   8        41 210
12  52  31  42 -10  23   0 0.00  0.0    0  3.4 14  70   M    M   1        16  60
13  64  34  49  -3  16   0 0.90  0.0    0 12.4 23 210   M    M   8 18     31 210
14  66  50  58   7   7   0 0.85  0.0    0 15.8 28 200   M    M   9 13     39 200
15  50  35  43  -8  22   0 0.13  0.0    0  8.7 21 320   M    M   8        30 330
16  63  32  48  -2  17   0    T  0.0    0  8.7 18 130   M    M   1        23 130
17  69  54  62  12   3   0 0.43  0.0    0 16.5 24 140   M    M   6 13     36 140
18  61  45  53   3  12   0 0.86  0.0    0 15.9 29 200   M    M  10 1      43 210
19  52  45  49  -1  16   0 0.18  0.0    0  6.4 17 130   M    M  10 1      22 150
20  57  39  48  -1  17   0 0.06  0.0    0  4.0 19 290   M    M   7 1      22 290
21  60  35  48  -1  17   0 0.00  0.0    0  5.3 16 210   M    M   1 18     20 210
22  68  47  58   9   7   0 0.71  0.0    0  3.9 16 220   M    M   5 1      21 180
23  66  59  63  15   2   0 0.54  0.0    0  5.2 14 150   M    M  10 1238   18 140
24  73  57  65  17   0   0 0.00  0.0    0  7.7 20 180   M    M   6 18     28 180
25  76  47  62  14   3   0 0.86  0.0    0 20.3 33 190   M    M   4 13     47 180
26  49  39  44  -3  21   0 0.01  0.0    0 10.2 20 340   M    M   4        28 320
27  51  31  41  -6  24   0 0.00  0.0    0  6.9 18 350   M    M   3        24 350
28  50  34  42  -5  23   0 0.00  0.0    0  9.0 20  30   M    M   2        29  20
29  50  36  43  -3  22   0 0.00  0.0    0 16.1 29 350   M    M   0        38 340
30  43  40  42  -4  23   0 0.03  0.0    0 22.9 33 350   M    M   8        46 340
31  45  39  42  -4  23   0 0.01  0.0    0 16.5 29 330   M    M  10        36 340
================================================================================
SM 1822 1313       440   0  6.71    T    326.0          M      184
================================================================================
AV 58.8 42.4                              10.5 FASTST   M    M   6    MAX(MPH)
                                 MISC ---->  # 33 220               # 47  180
================================================================================
NOTES:
# LAST OF SEVERAL OCCURRENCES

COLUMN 17 PEAK WIND IN M.P.H.

PRELIMINARY LOCAL CLIMATOLOGICAL DATA (WS FORM: F-6) , PAGE 2

                                          STATION:  MUSKEGON MI
                                          MONTH:    OCTOBER
                                          YEAR:     2012
                                          LATITUDE:   43 10 N
                                          LONGITUDE:  86 14 W

[TEMPERATURE DATA]      [PRECIPITATION DATA]       SYMBOLS USED IN COLUMN 16

AVERAGE MONTHLY: 50.6   TOTAL FOR MONTH:   6.71    1 = FOG OR MIST
DPTR FM NORMAL:  -0.1   DPTR FM NORMAL:    3.60    2 = FOG REDUCING VISIBILITY
HIGHEST:    76 ON 25    GRTST 24HR  1.20 ON 22-23      TO 1/4 MILE OR LESS
LOWEST:     31 ON 27,12                            3 = THUNDER
                        SNOW, ICE PELLETS, HAIL    4 = ICE PELLETS
                        TOTAL MONTH:    T          5 = HAIL
                        GRTST 24HR    T  ON 10-10  6 = FREEZING RAIN OR DRIZZLE
                        GRTST DEPTH:   0           7 = DUSTSTORM OR SANDSTORM:
                                                       VSBY 1/2 MILE OR LESS
                                                   8 = SMOKE OR HAZE
[NO. OF DAYS WITH]      [WEATHER - DAYS WITH]      9 = BLOWING SNOW
                                                   X = TORNADO
MAX 32 OR BELOW:   0    0.01 INCH OR MORE:  19
MAX 90 OR ABOVE:   0    0.10 INCH OR MORE:  13
MIN 32 OR BELOW:   3    0.50 INCH OR MORE:   7
MIN  0 OR BELOW:   0    1.00 INCH OR MORE:   0

[HDD (BASE 65) ]
TOTAL THIS MO.   440    CLEAR  (SCALE 0-3)   8
DPTR FM NORMAL   -10    PTCLDY (SCALE 4-7)  14
TOTAL FM JUL 1   582    CLOUDY (SCALE 8-10)  9
DPTR FM NORMAL   -41

[CDD (BASE 65) ]
TOTAL THIS MO.     0
DPTR FM NORMAL    -5    [PRESSURE DATA]
TOTAL FM JAN 1   925    HIGHEST SLP 30.49 ON 12
DPTR FM NORMAL   359    LOWEST  SLP 29.26 ON 18

[REMARKS]
#FINAL-10-12#
