000
CXUS53 KGRR 010910
CF6MKG
PRELIMINARY LOCAL CLIMATOLOGICAL DATA (WS FORM: F-6)
STATION: MUSKEGON
MONTH: SEPTEMBER
YEAR: 2022
LATITUDE: 43 10 N
LONGITUDE: 86 14 W
TEMPERATURE IN F: :PCPN: SNOW: WIND :SUNSHINE: SKY :PK WND
================================================================================
1 2 3 4 5 6A 6B 7 8 9 10 11 12 13 14 15 16 17 18
12Z AVG MX 2MIN
DY MAX MIN AVG DEP HDD CDD WTR SNW DPTH SPD SPD DIR MIN PSBL S-S WX SPD DR
================================================================================
1 86 61 74 6 0 9 0.00 0.0 0 4.9 15 210 M M 2 1 22 220
2 85 70 78 10 0 13 0.00 0.0 0 7.7 17 200 M M 7 24 200
3 83 69 76 8 0 11 0.00 0.0 0 7.3 15 200 M M 6 21 210
4 72 61 67 0 0 2 0.00 0.0 0 10.3 20 70 M M 10 25 70
5 73 59 66 -1 0 1 0.00 0.0 0 7.2 12 60 M M 9 15 50
6 78 65 72 5 0 7 0.00 0.0 0 6.1 12 290 M M 7 15 280
7 80 59 70 3 0 5 0.00 0.0 0 5.8 15 290 M M 3 21 320
8 80 56 68 2 0 3 0.00 0.0 0 4.1 13 220 M M 2 1 18 210
9 81 58 70 4 0 5 0.00 0.0 0 5.8 16 220 M M 1 21 190
10 83 61 72 6 0 7 0.00 0.0 0 4.5 13 350 M M 4 17 240
11 68 63 66 1 0 1 1.69 0.0 0 9.2 21 120 M M 8 1 29 120
12 70 61 66 1 0 1 T 0.0 0 9.1 24 220 M M 9 35 210
13 76 55 66 1 0 1 T 0.0 0 4.2 16 290 M M 7 1 24 290
14 78 57 68 4 0 3 0.00 0.0 0 4.6 13 360 M M 2 1 16 30
15 77 56 67 3 0 2 0.00 0.0 0 5.4 12 120 M M 6 8 15 180
16 80 63 72 8 0 7 0.00 0.0 0 6.3 14 200 M M 5 1 18 220
17 81 65 73 10 0 8 0.01 0.0 0 10.7 21 200 M M 7 30 190
18 80 69 75 12 0 10 0.14 0.0 0 9.7 24 220 M M 6 1 35 220
19 80 58 69 7 0 4 0.00 0.0 0 5.3 14 290 M M 3 1 19 350
20 78 55 67 5 0 2 0.18 0.0 0 5.9 29 340 M M 6 1238 40 320
21 77 64 71 9 0 6 0.00 0.0 0 12.6 24 330 M M 5 36 320
22 64 49 57 -4 8 0 T 0.0 0 11.6 25 330 M M 5 36 330
23 64 39 52 -9 13 0 0.00 0.0 0 3.7 10 240 M M 4 17 240
24 64 53 59 -1 6 0 0.15 0.0 0 5.9 12 230 M M 10 1 18 160
25 65 53 59 -1 6 0 0.27 0.0 0 7.6 28 290 M M 9 13 41 280
26 59 51 55 -5 10 0 0.12 0.0 0 12.0 22 330 M M 9 1 38 300
27 59 49 54 -5 11 0 0.01 0.0 0 12.0 23 330 M M 7 8 31 330
28 58 49 54 -5 11 0 0.00 0.0 0 8.5 16 350 M M 8 21 20
29 62 41 52 -6 13 0 0.00 0.0 0 2.0 10 260 M M 5 17 290
30 66 40 53 -5 12 0 0.00 0.0 0 3.7 12 270 M M 2 16 280
================================================================================
SM 2207 1709 90 108 2.57 0.0 213.7 M 174
================================================================================
AV 73.6 57.0 7.1 FASTST M M 6 MAX(MPH)
MISC ----> 29 340 41 280
================================================================================
NOTES:
# LAST OF SEVERAL OCCURRENCES
COLUMN 17 PEAK WIND IN M.P.H.
PRELIMINARY LOCAL CLIMATOLOGICAL DATA (WS FORM: F-6) , PAGE 2
STATION: MUSKEGON
MONTH: SEPTEMBER
YEAR: 2022
LATITUDE: 43 10 N
LONGITUDE: 86 14 W
[TEMPERATURE DATA] [PRECIPITATION DATA] SYMBOLS USED IN COLUMN 16
AVERAGE MONTHLY: 65.3 TOTAL FOR MONTH: 2.57 1 = FOG OR MIST
DPTR FM NORMAL: 1.8 DPTR FM NORMAL: -0.69 2 = FOG REDUCING VISIBILITY
HIGHEST: 86 ON 1 GRTST 24HR 1.69 ON 11-11 TO 1/4 MILE OR LESS
LOWEST: 39 ON 23 3 = THUNDER
SNOW, ICE PELLETS, HAIL 4 = ICE PELLETS
TOTAL MONTH: 0.0 INCH 5 = HAIL
GRTST 24HR 0.0 6 = FREEZING RAIN OR DRIZZLE
GRTST DEPTH: 0 7 = DUSTSTORM OR SANDSTORM:
VSBY 1/2 MILE OR LESS
8 = SMOKE OR HAZE
[NO. OF DAYS WITH] [WEATHER - DAYS WITH] 9 = BLOWING SNOW
X = TORNADO
MAX 32 OR BELOW: 0 0.01 INCH OR MORE: 8
MAX 90 OR ABOVE: 0 0.10 INCH OR MORE: 6
MIN 32 OR BELOW: 0 0.50 INCH OR MORE: 1
MIN 0 OR BELOW: 0 1.00 INCH OR MORE: 1
[HDD (BASE 65) ]
TOTAL THIS MO. 90 CLEAR (SCALE 0-3) 7
DPTR FM NORMAL -26 PTCLDY (SCALE 4-7) 16
TOTAL FM JUL 1 97 CLOUDY (SCALE 8-10) 7
DPTR FM NORMAL -42
[CDD (BASE 65) ]
TOTAL THIS MO. 108
DPTR FM NORMAL 38 [PRESSURE DATA]
TOTAL FM JAN 1 864 HIGHEST SLP 30.56 ON 29
DPTR FM NORMAL 221 LOWEST SLP 29.65 ON 25
[REMARKS]
#FINAL-09-22#