000
CXUS53 KGRR 011017
CF6MKG
PRELIMINARY LOCAL CLIMATOLOGICAL DATA (WS FORM: F-6)

                                          STATION:   MUSKEGON MI
                                          MONTH:     MARCH
                                          YEAR:      2014
                                          LATITUDE:   43 10 N
                                          LONGITUDE:  86 14 W

  TEMPERATURE IN F:       :PCPN:    SNOW:  WIND      :SUNSHINE: SKY     :PK WND
================================================================================
1   2   3   4   5  6A  6B    7    8   9   10  11  12  13   14  15   16   17  18
                                     12Z  AVG MX 2MIN
DY MAX MIN AVG DEP HDD CDD  WTR  SNW DPTH SPD SPD DIR MIN PSBL S-S WX    SPD DR
================================================================================

 1  22  13  18 -12  47   0 0.19  2.6   21  8.3 17 330   M    M  10 1      20 360
 2  16  -2   7 -23  58   0 0.02  0.2   21  5.6 15 330   M    M   8 8      20 300
 3  15  -5   5 -26  60   0 0.00  0.0   21  5.1 15  30   M    M   2        21  20
 4  20  11  16 -15  49   0 0.14  3.2   22  6.4 17 210   M    M  10 128    19 220
 5  23  11  17 -14  48   0    T    T   24  8.7 15  90   M    M   7        20  60
 6  29   2  16 -16  49   0 0.00  0.0   22  8.1 16 120   M    M   1        22 100
 7  41  10  26  -6  39   0 0.00  0.0   20 11.1 22 210   M    M   4 18     28 220
 8  35  14  25  -7  40   0 0.00  0.0   19  9.1 16  10   M    M   7 8      24  10
 9  36  10  23  -9  42   0 0.00  0.0   14 13.2 28 190   M    M   6 18     37 190
10  43  33  38   5  27   0 0.00  0.0   19 11.6 18 200   M    M   4 8      25 200
11  45  33  39   6  26   0    T    T   18  5.2 16  40   M    M   8 18     22  30
12  37  12  25  -9  40   0    T    T   16 14.4 25 340   M    M   5        31 350
13  31   3  17 -17  48   0 0.00  0.0   15 10.4 26 200   M    M   4        32 200
14  43  31  37   3  28   0 0.00  0.0   15 18.6 29 190   M    M   6        39 180
15  37  21  29  -5  36   0 0.00  0.0   14 13.7 21 330   M    M   8        27 340
16  24   8  16 -19  49   0 0.00  0.0   14 10.9 22  40   M    M   2        26  40
17  31   8  20 -15  45   0 0.00  0.0   14  9.7 17 120   M    M   4        22 120
18  44  22  33  -3  32   0 0.00  0.0   13 10.4 22 120   M    M   4        27 130
19  41  33  37   1  28   0 0.18  0.3   10 11.3 21 280   M    M  10 128    30 270
20  37  24  31  -5  34   0    T    T    9  9.8 20 320   M    M   8 1      27 320
21  43  21  32  -5  33   0 0.09  0.0    7  9.3 24 130   M    M   4 18     29 110
22  36  23  30  -7  35   0    T    T    6 10.7 18 330   M    M   8 1      26 350
23  25  15  20 -17  45   0 0.01  0.1    5  6.7 17 290   M    M   8 8      22 280
24  30  13  22 -16  43   0 0.02  0.7    6  8.8 20 210   M    M   6 18     26 200
25  31  19  25 -13  40   0 0.02  0.4    4 13.5 24 280   M    M   9 18     33 290
26  34  14  24 -14  41   0    T    T    3  8.5 17 200   M    M   8 8      24 200
27  45  34  40   1  25   0 0.57    T    3 14.8 25 180   M    M  10 18     36 190
28  47  31  39   0  26   0 0.43    T    1 13.4 29 330   M    M   8 1      36 340
29  45  31  38  -2  27   0 0.00  0.0    1  7.6 14 340   M    M   6        19  40
30  45  22  34  -6  31   0 0.00  0.0    T  5.1 14 200   M    M   2 18     17 170
31  64  32  48   8  17   0    T  0.0    0 11.6 23 130   M    M   6        32 140
================================================================================
SM 1095  547      1188   0  1.67     7.5 311.6          M      193
================================================================================
AV 35.3 17.6                              10.1 FASTST   M    M   6    MAX(MPH)
                                 MISC ---->  # 29 190               # 39  180
================================================================================
NOTES:
# LAST OF SEVERAL OCCURRENCES

COLUMN 17 PEAK WIND IN M.P.H.

PRELIMINARY LOCAL CLIMATOLOGICAL DATA (WS FORM: F-6) , PAGE 2

                                          STATION:  MUSKEGON MI
                                          MONTH:    MARCH
                                          YEAR:     2014
                                          LATITUDE:   43 10 N
                                          LONGITUDE:  86 14 W

[TEMPERATURE DATA]      [PRECIPITATION DATA]       SYMBOLS USED IN COLUMN 16

AVERAGE MONTHLY: 26.5   TOTAL FOR MONTH:   1.67    1 = FOG OR MIST
DPTR FM NORMAL:  -8.5   DPTR FM NORMAL:   -0.58    2 = FOG REDUCING VISIBILITY
HIGHEST:    64 ON 31    GRTST 24HR  0.57 ON 27-27      TO 1/4 MILE OR LESS
LOWEST:     -5 ON  3                               3 = THUNDER
                        SNOW, ICE PELLETS, HAIL    4 = ICE PELLETS
                        TOTAL MONTH:   7.5 INCHES  5 = HAIL
                        GRTST 24HR   3.2 ON   M    6 = FREEZING RAIN OR DRIZZLE
                        GRTST DEPTH:  24 ON  5     7 = DUSTSTORM OR SANDSTORM:
                                                       VSBY 1/2 MILE OR LESS
                                                   8 = SMOKE OR HAZE
[NO. OF DAYS WITH]      [WEATHER - DAYS WITH]      9 = BLOWING SNOW
                                                   X = TORNADO
MAX 32 OR BELOW:  12    0.01 INCH OR MORE:  10
MAX 90 OR ABOVE:   0    0.10 INCH OR MORE:   5
MIN 32 OR BELOW:  27    0.50 INCH OR MORE:   1
MIN  0 OR BELOW:   2    1.00 INCH OR MORE:   0

[HDD (BASE 65) ]
TOTAL THIS MO.  1188    CLEAR  (SCALE 0-3)   4
DPTR FM NORMAL   258    PTCLDY (SCALE 4-7)  19
TOTAL FM JUL 1  6328    CLOUDY (SCALE 8-10)  8
DPTR FM NORMAL   666

[CDD (BASE 65) ]
TOTAL THIS MO.     0
DPTR FM NORMAL     0    [PRESSURE DATA]
TOTAL FM JAN 1     0    HIGHEST SLP 30.47 ON 16
DPTR FM NORMAL     0    LOWEST  SLP 29.44 ON 28

[REMARKS]
#FINAL-03-14#
