850
CXUS53 KGRR 011017
CF6MKG
PRELIMINARY LOCAL CLIMATOLOGICAL DATA (WS FORM: F-6)

                                          STATION:   MUSKEGON
                                          MONTH:     NOVEMBER
                                          YEAR:      2016
                                          LATITUDE:   43 10 N
                                          LONGITUDE:  86 14 W

  TEMPERATURE IN F:       :PCPN:    SNOW:  WIND      :SUNSHINE: SKY     :PK WND
================================================================================
1   2   3   4   5  6A  6B    7    8   9   10  11  12  13   14  15   16   17  18
                                     12Z  AVG MX 2MIN
DY MAX MIN AVG DEP HDD CDD  WTR  SNW DPTH SPD SPD DIR MIN PSBL S-S WX    SPD DR
================================================================================

 1  68  54  61  16   4   0 0.04  0.0    0 10.2 24 190   M    M   7 1      31 180
 2  61  56  59  14   6   0 0.27  0.0    0  5.4 13  90   M    M  10 1      16 100
 3  60  44  52   7  13   0 0.00  0.0    0  4.4 17 350   M    M   7 12     23 340
 4  57  34  46   2  19   0 0.00  0.0    0  5.8 14 280   M    M   1 1      18 280
 5  62  42  52   8  13   0 0.00  0.0    0  5.7 15 220   M    M   4 12     17 240
 6  64  38  51   7  14   0 0.00  0.0    0  3.8 12 190   M    M   6 12     14 190
 7  65  41  53  10  12   0 0.00  0.0    0  5.3 16 210   M    M   2 1      21 210
 8  59  45  52   9  13   0    T  0.0    0 12.7 26 330   M    M   8 1      35 340
 9  56  34  45   2  20   0 0.00  0.0    0  7.2 18 340   M    M   2 1      22 350
10  59  51  55  13  10   0 0.00  0.0    0 15.1 28 220   M    M   1        34 220
11  55  32  44   2  21   0 0.00  0.0    0 10.2 22  10   M    M   2        29 360
12  52  26  39  -3  26   0 0.00  0.0    0  9.3 21 230   M    M   4        27 230
13  53  47  50   9  15   0 0.00  0.0    0 17.7 26 220   M    M   1        33 220
14  57  43  50   9  15   0 0.00  0.0    0  9.3 21 200   M    M   6 1      27 230
15  54  37  46   6  19   0 0.00  0.0    0  2.2 12 290   M    M   8 12     14 290
16  56  36  46   6  19   0 0.00  0.0    0  2.4 10 220   M    M   6 12     13 240
17  70  42  56  16   9   0 0.00  0.0    0 13.4 25 180   M    M   5 18     38 180
18  68  44  56  17   9   0 0.12  0.0    0 20.2 31 230   M    M   6 13     41 230
19  44  32  38  -1  27   0 0.20  1.0    0 21.3 32 230   M    M  10 12     43 290
20  34  31  33  -5  32   0    T    T    T 14.5 28 340   M    M  10        35 330
21  41  25  33  -5  32   0 0.00  0.0    0  7.7 18 340   M    M   9        22 330
22  40  22  31  -7  34   0 0.00  0.0    0  3.7 10 100   M    M   5        14 110
23  40  34  37   0  28   0 0.29  0.0    0 11.7 18 110   M    M  10 1      22 110
24  47  40  44   7  21   0 0.20  0.0    0  5.4 14 280   M    M   9 1      19 280
25  42  39  41   4  24   0 0.18  0.0    0  8.0 15 300   M    M  10 1      22 280
26  46  39  43   7  22   0 0.00  0.0    0  8.0 16 300   M    M  10        22 300
27  44  38  41   5  24   0 0.00  0.0    0  9.5 17 140   M    M  10 18     22 130
28  52  39  46  10  19   0 0.83  0.0    0 13.5 23 130   M    M   9 1      30 130
29  54  47  51  16  14   0 0.34  0.0    0 15.8 30 210   M    M   6 1      45 180
30  53  39  46  11  19   0 0.01  0.0    0 11.5 21 250   M    M   8        29 250
================================================================================
SM 1613 1171       553   0  2.48     1.0 290.9          M      192
================================================================================
AV 53.8 39.0                               9.7 FASTST   M    M   6    MAX(MPH)
                                 MISC ---->  # 32 230               # 45  180
================================================================================
NOTES:
# LAST OF SEVERAL OCCURRENCES

COLUMN 17 PEAK WIND IN M.P.H.

PRELIMINARY LOCAL CLIMATOLOGICAL DATA (WS FORM: F-6) , PAGE 2

                                          STATION:  MUSKEGON
                                          MONTH:    NOVEMBER
                                          YEAR:     2016
                                          LATITUDE:   43 10 N
                                          LONGITUDE:  86 14 W

[TEMPERATURE DATA]      [PRECIPITATION DATA]       SYMBOLS USED IN COLUMN 16

AVERAGE MONTHLY: 46.4   TOTAL FOR MONTH:   2.48    1 = FOG OR MIST
DPTR FM NORMAL:   6.2   DPTR FM NORMAL:   -0.88    2 = FOG REDUCING VISIBILITY
HIGHEST:    70 ON 17    GRTST 24HR  1.17 ON 28-29      TO 1/4 MILE OR LESS
LOWEST:     22 ON 22                               3 = THUNDER
                        SNOW, ICE PELLETS, HAIL    4 = ICE PELLETS
                        TOTAL MONTH:   1.0 INCH    5 = HAIL
                        GRTST 24HR   1.0 ON 19-19  6 = FREEZING RAIN OR DRIZZLE
                        GRTST DEPTH:   T           7 = DUSTSTORM OR SANDSTORM:
                                                       VSBY 1/2 MILE OR LESS
                                                   8 = SMOKE OR HAZE
[NO. OF DAYS WITH]      [WEATHER - DAYS WITH]      9 = BLOWING SNOW
                                                   X = TORNADO
MAX 32 OR BELOW:   0    0.01 INCH OR MORE:  10
MAX 90 OR ABOVE:   0    0.10 INCH OR MORE:   8
MIN 32 OR BELOW:   6    0.50 INCH OR MORE:   1
MIN  0 OR BELOW:   0    1.00 INCH OR MORE:   0

[HDD (BASE 65) ]
TOTAL THIS MO.   553    CLEAR  (SCALE 0-3)   6
DPTR FM NORMAL  -191    PTCLDY (SCALE 4-7)  12
TOTAL FM JUL 1   905    CLOUDY (SCALE 8-10) 12
DPTR FM NORMAL  -462

[CDD (BASE 65) ]
TOTAL THIS MO.     0
DPTR FM NORMAL     0    [PRESSURE DATA]
TOTAL FM JAN 1   774    HIGHEST SLP 30.47 ON 12
DPTR FM NORMAL   208    LOWEST  SLP 29.15 ON 28

[REMARKS]
#FINAL-11-16#
