837
CXUS53 KGRR 012300
CF6MKG
PRELIMINARY LOCAL CLIMATOLOGICAL DATA (WS FORM: F-6)

                                          STATION:   MUSKEGON MI
                                          MONTH:     MARCH
                                          YEAR:      2016
                                          LATITUDE:   43 10 N
                                          LONGITUDE:  86 14 W

  TEMPERATURE IN F:       :PCPN:    SNOW:  WIND      :SUNSHINE: SKY     :PK WND
================================================================================
1   2   3   4   5  6A  6B    7    8   9   10  11  12  13   14  15   16   17  18
                                     12Z  AVG MX 2MIN
DY MAX MIN AVG DEP HDD CDD  WTR  SNW DPTH SPD SPD DIR MIN PSBL S-S WX    SPD DR
================================================================================

 1  24  20  22  -8  43   0 0.15  3.8    T 13.8 23 350   M    M  10 68     34 330
 2  27  13  20 -10  45   0 0.00  0.0    4  6.8 20 340   M    M   8        23 340
 3  32  14  23  -8  42   0 0.00  0.0    3  5.5 10 110   M    M   7        13 100
 4  36   7  22  -9  43   0 0.02  0.2    3  4.5 14 230   M    M   4        17 220
 5  39  27  33   2  32   0 0.07  0.9    1  6.9 13 140   M    M  10 168    15 140
 6  46  28  37   5  28   0 0.00  0.0    2 11.5 26 190   M    M   9 1      39 180
 7  60  43  52  20  13   0    T  0.0    T 14.4 26 190   M    M   8        38 180
 8  66  55  61  29   4   0 0.00  0.0    0 18.4 28 200   M    M   8        36 210
 9  60  47  54  22  11   0 0.24  0.0    0 11.5 29 210   M    M   9 18     38 220
10  50  37  44  11  21   0 0.00  0.0    0  7.3 16 350   M    M   8        20 350
11  51  28  40   7  25   0 0.00  0.0    0  4.5 12 270   M    M   4        14 270
12  56  32  44  10  21   0 0.00  0.0    0  4.0 16 200   M    M   7 18     21 200
13  51  45  48  14  17   0 0.23  0.0    0 10.0 22 110   M    M   9 18     27 110
14  51  36  44  10  21   0 0.03  0.0    0  4.7 13 280   M    M   9 12     15 280
15  59  32  46  12  19   0 0.13  0.0    0  9.9 23  90   M    M   9 1238   35 100
16  51  43  47  12  18   0 0.33  0.0    0 21.0 32 220   M    M   9 138    43 220
17  49  33  41   6  24   0 0.00  0.0    0 11.3 23 260   M    M   6        31 260
18  44  32  38   2  27   0    T    T    0  7.5 18 270   M    M   7        23 270
19  44  31  38   2  27   0 0.00  0.0    0  9.4 17 100   M    M   8        22  70
20  41  25  33  -3  32   0 0.00  0.0    0  7.3 21 300   M    M   3        28 290
21  41  27  34  -3  31   0 0.00  0.0    0  6.8 17 250   M    M   6        23 270
22  54  35  45   8  20   0    T  0.0    0  9.8 24 200   M    M   9        32 180
23  44  33  39   2  26   0 0.37  0.0    0 15.2 24  80   M    M   8 16     31  70
24  37  28  33  -5  32   0 1.02    T    0 14.7 25  60   M    M  10 18     34 100
25  43  27  35  -3  30   0 0.00  0.0    0  6.2 15 340   M    M   6        21 330
26  55  25  40   2  25   0 0.00  0.0    0  4.7 15 120   M    M   4 18     19 110
27  65  36  51  12  14   0 0.09  0.0    0  8.8 17 290   M    M   8 18     21 320
28  48  31  40   1  25   0 0.04  0.0    0 12.7 25 340   M    M   7 1      33 320
29  52  26  39  -1  26   0 0.00  0.0    0  4.9 15 250   M    M   4        23 240
30  58  39  49   9  16   0 0.96  0.0    0 14.3 30 190   M    M   8 138    39 200
31  57  39  48   8  17   0 1.26  0.0    0 16.2 31 220   M    M  10 138    40 200
================================================================================
SM 1491  974       775   0  4.94     4.9 304.5          M      232
================================================================================
AV 48.1 31.4                               9.8 FASTST   M    M   7    MAX(MPH)
                                 MISC ---->  # 32 220               # 43  220
================================================================================
NOTES:
# LAST OF SEVERAL OCCURRENCES

COLUMN 17 PEAK WIND IN M.P.H.

PRELIMINARY LOCAL CLIMATOLOGICAL DATA (WS FORM: F-6) , PAGE 2

                                          STATION:  MUSKEGON MI
                                          MONTH:    MARCH
                                          YEAR:     2016
                                          LATITUDE:   43 10 N
                                          LONGITUDE:  86 14 W

[TEMPERATURE DATA]      [PRECIPITATION DATA]       SYMBOLS USED IN COLUMN 16

AVERAGE MONTHLY: 39.8   TOTAL FOR MONTH:   4.94    1 = FOG OR MIST
DPTR FM NORMAL:   4.8   DPTR FM NORMAL:    2.69    2 = FOG REDUCING VISIBILITY
HIGHEST:    66 ON  8    GRTST 24HR  2.22 ON 30-31      TO 1/4 MILE OR LESS
LOWEST:      7 ON  4                               3 = THUNDER
                        SNOW, ICE PELLETS, HAIL    4 = ICE PELLETS
                        TOTAL MONTH:   4.9 INCHES  5 = HAIL
                        GRTST 24HR   3.8 ON   M    6 = FREEZING RAIN OR DRIZZLE
                        GRTST DEPTH:   4 ON  2     7 = DUSTSTORM OR SANDSTORM:
                                                       VSBY 1/2 MILE OR LESS
                                                   8 = SMOKE OR HAZE
[NO. OF DAYS WITH]      [WEATHER - DAYS WITH]      9 = BLOWING SNOW
                                                   X = TORNADO
MAX 32 OR BELOW:   3    0.01 INCH OR MORE:  14
MAX 90 OR ABOVE:   0    0.10 INCH OR MORE:   9
MIN 32 OR BELOW:  18    0.50 INCH OR MORE:   3
MIN  0 OR BELOW:   0    1.00 INCH OR MORE:   2

[HDD (BASE 65) ]
TOTAL THIS MO.   775    CLEAR  (SCALE 0-3)   1
DPTR FM NORMAL  -155    PTCLDY (SCALE 4-7)  14
TOTAL FM JUL 1  4795    CLOUDY (SCALE 8-10) 16
DPTR FM NORMAL  -867

[CDD (BASE 65) ]
TOTAL THIS MO.     0
DPTR FM NORMAL     0    [PRESSURE DATA]
TOTAL FM JAN 1     0    HIGHEST SLP 30.42 ON 11
DPTR FM NORMAL     0    LOWEST  SLP 29.26 ON 31

[REMARKS]
#FINAL-03-16#
