000
CXUS53 KGRR 041607
CF6MKG
PRELIMINARY LOCAL CLIMATOLOGICAL DATA (WS FORM: F-6)
STATION: MUSKEGON
MONTH: JANUARY
YEAR: 2022
LATITUDE: 43 10 N
LONGITUDE: 86 14 W
TEMPERATURE IN F: :PCPN: SNOW: WIND :SUNSHINE: SKY :PK WND
================================================================================
1 2 3 4 5 6A 6B 7 8 9 10 11 12 13 14 15 16 17 18
12Z AVG MX 2MIN
DY MAX MIN AVG DEP HDD CDD WTR SNW DPTH SPD SPD DIR MIN PSBL S-S WX SPD DR
================================================================================
1 35 20 28 0 37 0 0.11 1.8 0 11.8 18 40 M M 10 1 27 60
2 27 18 23 -5 42 0 0.03 0.4 2 5.4 18 40 M M 10 30 30
3 31 18 25 -3 40 0 0.00 0.0 2 9.6 24 210 M M 7 35 210
4 39 28 34 6 31 0 0.00 0.0 1 13.2 24 200 M M 6 34 210
5 39 21 30 2 35 0 0.19 5.3 1 18.2 26 240 M M 10 129 42 260
6 28 15 22 -6 43 0 0.18 5.4 7 8.6 20 280 M M 10 19 31 290
7 24 15 20 -8 45 0 0.16 3.0 14 5.0 15 150 M M 10 18 20 140
8 37 13 25 -2 40 0 0.06 T 12 13.5 21 220 M M 8 16 30 210
9 37 17 27 0 38 0 0.03 T 9 17.5 30 290 M M 9 1 46 310
10 17 10 14 -13 51 0 0.02 0.6 6 12.3 22 320 M M 10 9 31 300
11 40 11 26 -1 39 0 T T 6 15.6 32 220 M M 9 89 46 210
12 40 32 36 9 29 0 T T 5 7.6 25 230 M M 7 34 240
13 39 31 35 8 30 0 0.00 0.0 4 4.5 13 360 M M 9 19 350
14 34 12 23 -3 42 0 0.00 0.0 3 12.9 22 70 M M 10 29 60
15 21 7 14 -12 51 0 0.00 0.0 3 9.3 18 70 M M 2 26 40
16 27 2 15 -11 50 0 0.00 0.0 3 3.9 9 120 M M 4 13 160
17 31 19 25 -1 40 0 T T 3 9.7 22 330 M M 10 30 320
18 41 31 36 10 29 0 T T 3 11.5 26 180 M M 10 38 190
19 42 19 31 5 34 0 0.01 0.1 2 13.8 24 290 M M 10 8 37 300
20 20 16 18 -8 47 0 0.01 0.1 2 8.5 15 340 M M 10 20 330
21 23 15 19 -7 46 0 0.00 0.0 2 9.4 16 160 M M 9 26 170
22 29 20 25 -1 40 0 0.03 0.3 2 17.2 30 210 M M 9 1 40 210
23 24 15 20 -6 45 0 0.11 1.2 3 7.3 15 50 M M 9 18 24 20
24 24 17 21 -5 44 0 0.40 5.9 4 9.2 17 230 M M 10 128 24 220
25 20 12 16 -10 49 0 0.04 0.7 9 8.1 15 290 M M 10 8 21 300
26 19 6 13 -13 52 0 0.04 1.0 10 M M M M M M 1 M M
27 32 20 26 0 39 0 0.04 0.2 10 17.0 30 220 M M 10 89 40 220
28 23 13 18 -8 47 0 0.00 0.0 10 5.3 15 30 M M 8 21 30
29 24 5 15 -11 50 0 T T 8 7.2 14 180 M M 9 20 170
30 26 18 22 -4 43 0 0.01 0.1 8 3.9 13 150 M M 10 17 140
31 34 16 25 -1 40 0 0.00 0.0 8 8.4 17 130 M M 9 18 23 130
================================================================================
SM 927 512 1288 0 1.47 26.1 305.4 M 264
================================================================================
AV 29.9 16.5 10.2 FASTST M M 9 MAX(MPH)
MISC ----> 32 220 # 46 310
================================================================================
NOTES:
# LAST OF SEVERAL OCCURRENCES
COLUMN 17 PEAK WIND IN M.P.H.
PRELIMINARY LOCAL CLIMATOLOGICAL DATA (WS FORM: F-6) , PAGE 2
STATION: MUSKEGON
MONTH: JANUARY
YEAR: 2022
LATITUDE: 43 10 N
LONGITUDE: 86 14 W
[TEMPERATURE DATA] [PRECIPITATION DATA] SYMBOLS USED IN COLUMN 16
AVERAGE MONTHLY: 23.2 TOTAL FOR MONTH: 1.47 1 = FOG OR MIST
DPTR FM NORMAL: -3.4 DPTR FM NORMAL: -0.95 2 = FOG REDUCING VISIBILITY
HIGHEST: 42 ON 19 GRTST 24HR 0.40 ON 24-24 TO 1/4 MILE OR LESS
LOWEST: 2 ON 16 3 = THUNDER
SNOW, ICE PELLETS, HAIL 4 = ICE PELLETS
TOTAL MONTH: 26.1 INCHES 5 = HAIL
GRTST 24HR 5.9 ON 24-24 6 = FREEZING RAIN OR DRIZZLE
GRTST DEPTH: 14 ON 7 7 = DUSTSTORM OR SANDSTORM:
VSBY 1/2 MILE OR LESS
8 = SMOKE OR HAZE
[NO. OF DAYS WITH] [WEATHER - DAYS WITH] 9 = BLOWING SNOW
X = TORNADO
MAX 32 OR BELOW: 19 0.01 INCH OR MORE: 17
MAX 90 OR ABOVE: 0 0.10 INCH OR MORE: 6
MIN 32 OR BELOW: 31 0.50 INCH OR MORE: 0
MIN 0 OR BELOW: 0 1.00 INCH OR MORE: 0
[HDD (BASE 65) ]
TOTAL THIS MO. 1288 CLEAR (SCALE 0-3) 1
DPTR FM NORMAL 98 PTCLDY (SCALE 4-7) 6
TOTAL FM JUL 1 3165 CLOUDY (SCALE 8-10) 24
DPTR FM NORMAL -324
[CDD (BASE 65) ]
TOTAL THIS MO. 0
DPTR FM NORMAL 0 [PRESSURE DATA]
TOTAL FM JAN 1 0 HIGHEST SLP 30.62 ON 21
DPTR FM NORMAL 0 LOWEST SLP 29.40 ON 5
[REMARKS]
#FINAL-01-22#