000
CXUS53 KGRR 010910
CF6MKG
PRELIMINARY LOCAL CLIMATOLOGICAL DATA (WS FORM: F-6)
STATION: MUSKEGON
MONTH: OCTOBER
YEAR: 2021
LATITUDE: 43 10 N
LONGITUDE: 86 14 W
TEMPERATURE IN F: :PCPN: SNOW: WIND :SUNSHINE: SKY :PK WND
================================================================================
1 2 3 4 5 6A 6B 7 8 9 10 11 12 13 14 15 16 17 18
12Z AVG MX 2MIN
DY MAX MIN AVG DEP HDD CDD WTR SNW DPTH SPD SPD DIR MIN PSBL S-S WX SPD DR
================================================================================
1 77 51 64 6 1 0 0.00 0.0 0 4.7 13 190 M M 1 16 190
2 75 61 68 11 0 3 T 0.0 0 10.5 17 200 M M 7 23 190
3 71 65 68 11 0 3 0.35 0.0 0 5.1 13 190 M M 9 123 18 170
4 72 64 68 12 0 3 0.12 0.0 0 7.5 14 10 M M 10 1 20 10
5 72 60 66 10 0 1 0.00 0.0 0 8.0 15 90 M M 8 22 100
6 72 55 64 8 1 0 0.00 0.0 0 8.7 15 90 M M 6 1 20 70
7 68 63 66 11 0 1 0.47 0.0 0 7.9 15 140 M M 10 13 23 150
8 75 61 68 13 0 3 0.26 0.0 0 4.0 12 110 M M 8 13 15 110
9 74 60 67 13 0 2 0.00 0.0 0 4.8 10 130 M M 7 128 16 130
10 76 65 71 17 0 6 0.05 0.0 0 10.5 24 190 M M 6 13 35 190
11 79 65 72 18 0 7 0.23 0.0 0 14.1 25 170 M M 6 13 44 200
12 68 63 66 13 0 1 0.23 0.0 0 11.1 23 200 M M 10 1 31 200
13 70 63 67 14 0 2 0.01 0.0 0 8.0 16 200 M M 8 22 170
14 70 51 61 8 4 0 0.15 0.0 0 8.6 18 190 M M 7 1 27 180
15 69 47 58 6 7 0 0.06 0.0 0 4.1 15 320 M M 6 12 20 310
16 58 51 55 3 10 0 0.00 0.0 0 12.7 22 290 M M 7 32 290
17 64 52 58 6 7 0 0.00 0.0 0 10.6 20 260 M M 1 29 280
18 67 42 55 4 10 0 0.00 0.0 0 3.6 12 250 M M 0 15 250
19 69 43 56 5 9 0 0.00 0.0 0 6.6 14 220 M M 3 18 220
20 69 50 60 10 5 0 0.28 0.0 0 6.1 15 170 M M 5 13 24 180
21 64 45 55 5 10 0 0.02 0.0 0 12.3 23 340 M M 9 13 36 330
22 52 43 48 -2 17 0 0.07 0.0 0 3.2 8 10 M M 10 11 10
23 54 36 45 -4 20 0 0.08 0.0 0 2.6 15 280 M M 7 1 20 290
24 52 33 43 -6 22 0 0.23 0.0 0 6.8 16 60 M M 7 1 22 60
25 53 43 48 -1 17 0 0.54 0.0 0 12.5 20 50 M M 8 1 32 50
26 56 36 46 -2 19 0 0.00 0.0 0 7.4 15 20 M M 1 24 20
27 51 30 41 -7 24 0 0.00 0.0 0 5.3 17 110 M M 6 24 120
28 63 51 57 9 8 0 0.16 0.0 0 13.8 26 80 M M 9 1 36 80
29 56 50 53 6 12 0 0.17 0.0 0 10.3 16 20 M M 10 1 25 10
30 58 41 50 3 15 0 T 0.0 0 7.0 15 20 M M 8 24 40
31 56 37 47 1 18 0 0.02 0.0 0 8.1 20 310 M M 7 1 35 330
================================================================================
SM 2030 1577 236 32 3.50 0.0 246.5 M 207
================================================================================
AV 65.5 50.9 8.0 FASTST M M 7 MAX(MPH)
MISC ----> 26 80 44 200
================================================================================
NOTES:
# LAST OF SEVERAL OCCURRENCES
COLUMN 17 PEAK WIND IN M.P.H.
PRELIMINARY LOCAL CLIMATOLOGICAL DATA (WS FORM: F-6) , PAGE 2
STATION: MUSKEGON
MONTH: OCTOBER
YEAR: 2021
LATITUDE: 43 10 N
LONGITUDE: 86 14 W
[TEMPERATURE DATA] [PRECIPITATION DATA] SYMBOLS USED IN COLUMN 16
AVERAGE MONTHLY: 58.2 TOTAL FOR MONTH: 3.50 1 = FOG OR MIST
DPTR FM NORMAL: 6.3 DPTR FM NORMAL: -0.30 2 = FOG REDUCING VISIBILITY
HIGHEST: 79 ON 11 GRTST 24HR 0.77 ON 24-25 TO 1/4 MILE OR LESS
LOWEST: 30 ON 27 3 = THUNDER
SNOW, ICE PELLETS, HAIL 4 = ICE PELLETS
TOTAL MONTH: 0.0 INCH 5 = HAIL
GRTST 24HR 0.0 6 = FREEZING RAIN OR DRIZZLE
GRTST DEPTH: 0 7 = DUSTSTORM OR SANDSTORM:
VSBY 1/2 MILE OR LESS
8 = SMOKE OR HAZE
[NO. OF DAYS WITH] [WEATHER - DAYS WITH] 9 = BLOWING SNOW
X = TORNADO
MAX 32 OR BELOW: 0 0.01 INCH OR MORE: 19
MAX 90 OR ABOVE: 0 0.10 INCH OR MORE: 12
MIN 32 OR BELOW: 1 0.50 INCH OR MORE: 1
MIN 0 OR BELOW: 0 1.00 INCH OR MORE: 0
[HDD (BASE 65) ]
TOTAL THIS MO. 236 CLEAR (SCALE 0-3) 4
DPTR FM NORMAL -177 PTCLDY (SCALE 4-7) 17
TOTAL FM JUL 1 283 CLOUDY (SCALE 8-10) 10
DPTR FM NORMAL -268
[CDD (BASE 65) ]
TOTAL THIS MO. 32
DPTR FM NORMAL 25 [PRESSURE DATA]
TOTAL FM JAN 1 841 HIGHEST SLP 30.34 ON 6
DPTR FM NORMAL 191 LOWEST SLP 29.58 ON 29
[REMARKS]
#FINAL-10-21#