000
CXUS53 KGRR 011017
CF6MKG
PRELIMINARY LOCAL CLIMATOLOGICAL DATA (WS FORM: F-6)

                                          STATION:   MUSKEGON MI
                                          MONTH:     SEPTEMBER
                                          YEAR:      2011
                                          LATITUDE:   43 10 N
                                          LONGITUDE:  86 14 W

  TEMPERATURE IN F:       :PCPN:    SNOW:  WIND      :SUNSHINE: SKY     :PK WND
================================================================================
1   2   3   4   5  6A  6B    7    8   9   10  11  12  13   14  15   16   17  18
                                     12Z  AVG MX 2MIN
DY MAX MIN AVG DEP HDD CDD  WTR  SNW DPTH SPD SPD DIR MIN PSBL S-S WX    SPD DR
================================================================================

 1  90  63  77  10   0  12 0.00  0.0    0  4.5 10 160   M    M   0 18     14 160
 2  87  72  80  13   0  15 0.06  0.0    0  7.6 21 180   M    M   2 138    29 200
 3  85  70  78  11   0  13 0.30  0.0    0  4.0 32 280   M    M   3 138    46 280
 4  72  57  65  -1   0   0    T  0.0    0 12.2 26 340   M    M   6        32 340
 5  67  49  58  -8   7   0 0.00  0.0    0  9.4 20 350   M    M   3        25 340
 6  70  44  57  -9   8   0 0.00  0.0    0  6.9 14  30   M    M   1        21  30
 7  77  46  62  -3   3   0 0.00  0.0    0  8.2 17  40   M    M   1        22  40
 8  80  54  67   2   0   2 0.00  0.0    0  9.4 20  60   M    M   2        29  50
 9  79  57  68   3   0   3 0.00  0.0    0  6.1 12  60   M    M   5        15 310
10  79  58  69   5   0   4    T  0.0    0  2.8 10 280   M    M   2 1      14 200
11  78  53  66   2   0   1 0.00  0.0    0  5.4 13 210   M    M   2 12     17 210
12  81  62  72   8   0   7 0.00  0.0    0 11.3 23 210   M    M   1 1      31 180
13  75  48  62  -1   3   0 0.00  0.0    0  9.9 26 200   M    M   2 8      36 200
14  65  40  53 -10  12   0 0.00  0.0    0  7.7 20 340   M    M   2        24 330
15  61  40  51 -11  14   0    T  0.0    0  7.9 18 340   M    M   3        26 290
16  62  38  50 -12  15   0    T  0.0    0  4.7 13 150   M    M   3        15  70
17  69  50  60  -2   5   0 0.00  0.0    0  6.8 16 150   M    M   4        24 110
18  76  46  61   0   4   0 0.04  0.0    0  9.2 18 140   M    M   3 1      24 160
19  68  50  59  -2   6   0 0.63  0.0    0  7.5 18 190   M    M   8 1      25 180
20  72  49  61   1   4   0 0.00  0.0    0  7.3 16 190   M    M   3 12     22 210
21  70  61  66   6   0   1 0.05  0.0    0 13.0 24 220   M    M   4 18     30 220
22  63  50  57  -3   8   0 0.03  0.0    0  6.2 16 270   M    M   7 1      22 260
23  63  50  57  -2   8   0    T  0.0    0  4.3 12 320   M    M   7        15  10
24  66  50  58  -1   7   0 0.24  0.0    0  3.5 16 170   M    M   7 13     18 160
25  64  52  58   0   7   0 0.60  0.0    0  6.9 15  50   M    M   8 18     18 130
26  69  51  60   2   5   0 0.28  0.0    0 10.4 25 190   M    M   7 1      35 190
27  65  51  58   0   7   0 0.22  0.0    0  6.6 20 130   M    M   8 1      24 150
28  65  51  58   1   7   0    T  0.0    0  3.8  9  50   M    M   9 128    12  60
29  65  49  57   0   8   0 0.65  0.0    0  9.1 31 280   M    M   7 1238   40 270
30  56  44  50  -6  15   0 0.04  0.0    0 18.4 32 340   M    M   9 1      41 340
================================================================================
SM 2139 1555       153  58  3.14     0.0 231.0          M      129
================================================================================
AV 71.3 51.8                               7.7 FASTST   M    M   4    MAX(MPH)
                                 MISC ---->  # 32 280               # 46  280
================================================================================
NOTES:
# LAST OF SEVERAL OCCURRENCES

COLUMN 17 PEAK WIND IN M.P.H.

PRELIMINARY LOCAL CLIMATOLOGICAL DATA (WS FORM: F-6) , PAGE 2

                                          STATION:  MUSKEGON MI
                                          MONTH:    SEPTEMBER
                                          YEAR:     2011
                                          LATITUDE:   43 10 N
                                          LONGITUDE:  86 14 W

[TEMPERATURE DATA]      [PRECIPITATION DATA]       SYMBOLS USED IN COLUMN 16

AVERAGE MONTHLY: 61.6   TOTAL FOR MONTH:   3.14    1 = FOG OR MIST
DPTR FM NORMAL:  -0.5   DPTR FM NORMAL:   -0.75    2 = FOG REDUCING VISIBILITY
HIGHEST:    90 ON  1    GRTST 24HR  0.82 ON 24-25      TO 1/4 MILE OR LESS
LOWEST:     38 ON 16                               3 = THUNDER
                        SNOW, ICE PELLETS, HAIL    4 = ICE PELLETS
                        TOTAL MONTH:   0.0 INCH    5 = HAIL
                        GRTST 24HR     0.0         6 = FREEZING RAIN OR DRIZZLE
                        GRTST DEPTH:   0           7 = DUSTSTORM OR SANDSTORM:
                                                       VSBY 1/2 MILE OR LESS
                                                   8 = SMOKE OR HAZE
[NO. OF DAYS WITH]      [WEATHER - DAYS WITH]      9 = BLOWING SNOW
                                                   X = TORNADO
MAX 32 OR BELOW:   0    0.01 INCH OR MORE:  12
MAX 90 OR ABOVE:   1    0.10 INCH OR MORE:   7
MIN 32 OR BELOW:   0    0.50 INCH OR MORE:   3
MIN  0 OR BELOW:   0    1.00 INCH OR MORE:   0

[HDD (BASE 65) ]
TOTAL THIS MO.   153    CLEAR  (SCALE 0-3)  15
DPTR FM NORMAL    10    PTCLDY (SCALE 4-7)  13
TOTAL FM JUL 1   153    CLOUDY (SCALE 8-10)  2
DPTR FM NORMAL   -20

[CDD (BASE 65) ]
TOTAL THIS MO.    58
DPTR FM NORMAL     4    [PRESSURE DATA]
TOTAL FM JAN 1   749    HIGHEST SLP 30.44 ON 16
DPTR FM NORMAL   188    LOWEST  SLP 29.38 ON 30

[REMARKS]
#FINAL-09-11#
