000
CXUS53 KGRR 010910
CF6MKG
PRELIMINARY LOCAL CLIMATOLOGICAL DATA (WS FORM: F-6)
STATION: MUSKEGON
MONTH: AUGUST
YEAR: 2021
LATITUDE: 43 10 N
LONGITUDE: 86 14 W
TEMPERATURE IN F: :PCPN: SNOW: WIND :SUNSHINE: SKY :PK WND
================================================================================
1 2 3 4 5 6A 6B 7 8 9 10 11 12 13 14 15 16 17 18
12Z AVG MX 2MIN
DY MAX MIN AVG DEP HDD CDD WTR SNW DPTH SPD SPD DIR MIN PSBL S-S WX SPD DR
================================================================================
1 77 61 69 -3 0 4 0.00 0.0 0 10.3 21 340 M M 4 18 29 350
2 76 54 65 -7 0 0 0.00 0.0 0 3.8 13 290 M M 3 19 290
3 79 55 67 -5 0 2 0.00 0.0 0 4.6 12 220 M M 5 17 250
4 81 59 70 -2 0 5 0.00 0.0 0 4.3 12 220 M M 3 18 220
5 83 59 71 -1 0 6 0.00 0.0 0 6.3 14 200 M M 3 24 210
6 80 69 75 3 0 10 0.27 0.0 0 10.1 22 190 M M 8 13 30 180
7 82 63 73 1 0 8 0.51 0.0 0 4.6 22 280 M M 6 13 35 300
8 88 69 79 7 0 14 0.85 0.0 0 10.0 20 210 M M 7 13 28 190
9 83 72 78 6 0 13 1.15 0.0 0 10.5 21 190 M M 8 13 29 180
10 87 71 79 7 0 14 0.24 0.0 0 9.1 37 290 M M 8 138 52 270
11 86 69 78 6 0 13 1.41 0.0 0 12.0 28 190 M M 7 13 41 190
12 82 68 75 4 0 10 T 0.0 0 10.1 17 210 M M 6 1 26 260
13 83 67 75 4 0 10 0.00 0.0 0 6.3 15 290 M M 4 22 270
14 79 56 68 -3 0 3 0.00 0.0 0 4.7 14 250 M M 1 20 280
15 79 54 67 -4 0 2 0.00 0.0 0 4.2 13 250 M M 1 19 210
16 82 58 70 -1 0 5 0.00 0.0 0 3.6 14 60 M M 1 19 120
17 82 60 71 0 0 6 0.00 0.0 0 3.0 9 270 M M 2 1 14 240
18 87 65 76 5 0 11 0.00 0.0 0 2.6 10 240 M M 5 14 250
19 88 67 78 7 0 13 0.00 0.0 0 2.8 12 280 M M 3 1 16 250
20 89 65 77 7 0 12 0.00 0.0 0 3.2 13 260 M M 2 17 70
21 89 70 80 10 0 15 0.00 0.0 0 6.7 16 200 M M 5 22 210
22 84 63 74 4 0 9 0.00 0.0 0 6.7 13 300 M M 5 17 270
23 81 59 70 0 0 5 0.00 0.0 0 4.6 14 220 M M 4 1 17 280
24 90 68 79 9 0 14 0.04 0.0 0 7.1 26 270 M M 5 13 41 260
25 86 70 78 8 0 13 0.00 0.0 0 7.1 15 220 M M 4 22 220
26 86 73 80 10 0 15 0.00 0.0 0 6.4 14 210 M M 5 22 230
27 89 70 80 11 0 15 0.00 0.0 M 6.0 13 230 M M 6 17 250
28 88 78 83 14 0 18 0.00 0.0 0 10.0 20 200 M M 4 25 200
29 87 74 81 12 0 16 0.04 0.0 0 12.2 25 200 M M 5 13 36 190
30 83 63 73 4 0 8 0.00 0.0 0 5.0 14 270 M M 2 19 250
31 80 60 70 2 0 5 0.00 0.0 0 5.2 15 30 M M 6 18 40
================================================================================
SM 2596 2009 0 294 4.51 0.0 203.1 M 138
================================================================================
AV 83.7 64.8 6.6 FASTST M M 4 MAX(MPH)
MISC ----> 37 290 52 270
================================================================================
NOTES:
# LAST OF SEVERAL OCCURRENCES
COLUMN 17 PEAK WIND IN M.P.H.
PRELIMINARY LOCAL CLIMATOLOGICAL DATA (WS FORM: F-6) , PAGE 2
STATION: MUSKEGON
MONTH: AUGUST
YEAR: 2021
LATITUDE: 43 10 N
LONGITUDE: 86 14 W
[TEMPERATURE DATA] [PRECIPITATION DATA] SYMBOLS USED IN COLUMN 16
AVERAGE MONTHLY: 74.3 TOTAL FOR MONTH: 4.51 1 = FOG OR MIST
DPTR FM NORMAL: 3.5 DPTR FM NORMAL: 1.41 2 = FOG REDUCING VISIBILITY
HIGHEST: 90 ON 24 GRTST 24HR 1.58 ON 10-11 TO 1/4 MILE OR LESS
LOWEST: 54 ON 15, 2 3 = THUNDER
SNOW, ICE PELLETS, HAIL 4 = ICE PELLETS
TOTAL MONTH: 0.0 INCH 5 = HAIL
GRTST 24HR 0.0 6 = FREEZING RAIN OR DRIZZLE
GRTST DEPTH: 0 7 = DUSTSTORM OR SANDSTORM:
VSBY 1/2 MILE OR LESS
8 = SMOKE OR HAZE
[NO. OF DAYS WITH] [WEATHER - DAYS WITH] 9 = BLOWING SNOW
X = TORNADO
MAX 32 OR BELOW: 0 0.01 INCH OR MORE: 8
MAX 90 OR ABOVE: 1 0.10 INCH OR MORE: 6
MIN 32 OR BELOW: 0 0.50 INCH OR MORE: 4
MIN 0 OR BELOW: 0 1.00 INCH OR MORE: 2
[HDD (BASE 65) ]
TOTAL THIS MO. 0 CLEAR (SCALE 0-3) 8
DPTR FM NORMAL -13 PTCLDY (SCALE 4-7) 23
TOTAL FM JUL 1 3 CLOUDY (SCALE 8-10) 0
DPTR FM NORMAL -13
[CDD (BASE 65) ]
TOTAL THIS MO. 294
DPTR FM NORMAL 103 [PRESSURE DATA]
TOTAL FM JAN 1 740 HIGHEST SLP 30.29 ON 14
DPTR FM NORMAL 167 LOWEST SLP 29.71 ON 11
[REMARKS]
#FINAL-08-21#