000
CXUS53 KGRR 011017
CF6MKG
PRELIMINARY LOCAL CLIMATOLOGICAL DATA (WS FORM: F-6)

                                          STATION:   MUSKEGON MI
                                          MONTH:     JULY
                                          YEAR:      2011
                                          LATITUDE:   43 10 N
                                          LONGITUDE:  86 14 W

  TEMPERATURE IN F:       :PCPN:    SNOW:  WIND      :SUNSHINE: SKY     :PK WND
================================================================================
1   2   3   4   5  6A  6B    7    8   9   10  11  12  13   14  15   16   17  18
                                     12Z  AVG MX 2MIN
DY MAX MIN AVG DEP HDD CDD  WTR  SNW DPTH SPD SPD DIR MIN PSBL S-S WX    SPD DR
================================================================================

 1  80  67  74   6   0   9 0.56  0.0    0  7.9 22 180   M    M   4 13     29 180
 2  83  67  75   7   0  10 0.00  0.0    0  7.9 18 220   M    M   3 18     25 220
 3  84  62  73   4   0   8 0.00  0.0    0  5.7 13 310   M    M   1 12     17 310
 4  80  58  69   0   0   4 0.00  0.0    0  3.8 12 280   M    M   0 18     15 270
 5  83  61  72   3   0   7 0.00  0.0    0  5.7 13 240   M    M   0 1      17 240
 6  86  63  75   6   0  10 0.00  0.0    0  6.6 17 330   M    M   1        21 320
 7  82  58  70   1   0   5 0.00  0.0    0  3.3  9  50   M    M   0 1      13  70
 8  83  60  72   3   0   7 0.00  0.0    0  3.9 13 280   M    M   1        16 270
 9  86  61  74   4   0   9 0.00  0.0    0  6.0 13 210   M    M   0        17 210
10  87  74  81  11   0  16    T  0.0    0 10.6 17 210   M    M   4        24 310
11  81  71  76   6   0  11 0.62  0.0    0  9.2 36 300   M    M   2 138    53 290
12  86  68  77   7   0  12    T  0.0    0  8.1 17 350   M    M   1        23 290
13  81  60  71   1   0   6 0.00  0.0    0  8.0 17 360   M    M   2        22 360
14  82  60  71   1   0   6 0.00  0.0    0  6.3 16 120   M    M   2        18 110
15  86  66  76   6   0  11 0.00  0.0    0  5.5 12 290   M    M   3        16 130
16  86  65  76   6   0  11 0.00  0.0    0  3.0 12 240   M    M   1        15 210
17  88  68  78   8   0  13 0.00  0.0    0  7.6 17 210   M    M   2 8      22 210
18  86  72  79   9   0  14 0.03  0.0    0  8.2 24 310   M    M   3 38     39 320
19  94  72  83  13   0  18 0.00  0.0    0  3.8 14 290   M    M   2 18     18 290
20  92  72  82  12   0  17 0.09  0.0    0 10.6 22 280   M    M   1 3      32 270
21  90  70  80  10   0  15 0.00  0.0    0 10.0 20 220   M    M   1        30 240
22  83  69  76   6   0  11 0.36  0.0    0  4.6 20 160   M    M   2 18     28 210
23  84  71  78   7   0  13 0.04  0.0    0  5.5 21 260   M    M   1        29 250
24  85  70  78   7   0  13 0.01  0.0    0  4.4 14 210   M    M   2        18 210
25  85  67  76   5   0  11    T  0.0    0  7.0 15 270   M    M   3        20 260
26  83  62  73   2   0   8 0.00  0.0    0  8.1 17 290   M    M   1        25 310
27  74  58  66  -5   0   1 1.88  0.0    0  6.0 16 150   M    M   5 13     20 150
28  82  73  78   7   0  13 0.71  0.0    0  6.6 16 230   M    M   6 13     21 180
29  84  67  76   5   0  11 0.00  0.0    0  5.4 14 330   M    M   2 13     18 340
30  87  65  76   6   0  11 0.00  0.0    0  3.9 12 310   M    M   0        15 310
31  85  68  77   7   0  12 0.00  0.0    0  7.4 15 230   M    M   0        20 230
================================================================================
SM 2618 2045         0 323  4.30     0.0 200.6          M       56
================================================================================
AV 84.5 66.0                               6.5 FASTST   M    M   2    MAX(MPH)
                                 MISC ---->  # 36 300               # 53  290
================================================================================
NOTES:
# LAST OF SEVERAL OCCURRENCES

COLUMN 17 PEAK WIND IN M.P.H.

PRELIMINARY LOCAL CLIMATOLOGICAL DATA (WS FORM: F-6) , PAGE 2

                                          STATION:  MUSKEGON MI
                                          MONTH:    JULY
                                          YEAR:     2011
                                          LATITUDE:   43 10 N
                                          LONGITUDE:  86 14 W

[TEMPERATURE DATA]      [PRECIPITATION DATA]       SYMBOLS USED IN COLUMN 16

AVERAGE MONTHLY: 75.2   TOTAL FOR MONTH:   4.30    1 = FOG OR MIST
DPTR FM NORMAL:   5.3   DPTR FM NORMAL:    1.98    2 = FOG REDUCING VISIBILITY
HIGHEST:    94 ON 19    GRTST 24HR  2.49 ON 27-28      TO 1/4 MILE OR LESS
LOWEST:     58 ON 27, 7                            3 = THUNDER
                        SNOW, ICE PELLETS, HAIL    4 = ICE PELLETS
                        TOTAL MONTH:   0.0 INCH    5 = HAIL
                        GRTST 24HR     0.0         6 = FREEZING RAIN OR DRIZZLE
                        GRTST DEPTH:   0           7 = DUSTSTORM OR SANDSTORM:
                                                       VSBY 1/2 MILE OR LESS
                                                   8 = SMOKE OR HAZE
[NO. OF DAYS WITH]      [WEATHER - DAYS WITH]      9 = BLOWING SNOW
                                                   X = TORNADO
MAX 32 OR BELOW:   0    0.01 INCH OR MORE:   9
MAX 90 OR ABOVE:   3    0.10 INCH OR MORE:   5
MIN 32 OR BELOW:   0    0.50 INCH OR MORE:   4
MIN  0 OR BELOW:   0    1.00 INCH OR MORE:   1

[HDD (BASE 65) ]
TOTAL THIS MO.     0    CLEAR  (SCALE 0-3)  24
DPTR FM NORMAL   -15    PTCLDY (SCALE 4-7)   7
TOTAL FM JUL 1     0    CLOUDY (SCALE 8-10)  0
DPTR FM NORMAL   -15

[CDD (BASE 65) ]
TOTAL THIS MO.   323
DPTR FM NORMAL   142    [PRESSURE DATA]
TOTAL FM JAN 1   486    HIGHEST SLP 30.12 ON 30
DPTR FM NORMAL   191    LOWEST  SLP 29.68 ON 11

[REMARKS]
#FINAL-07-11#
