000
CXUS53 KGRR 011017
CF6MKG
PRELIMINARY LOCAL CLIMATOLOGICAL DATA (WS FORM: F-6)

                                          STATION:   MUSKEGON MI
                                          MONTH:     MARCH
                                          YEAR:      2011
                                          LATITUDE:   43 10 N
                                          LONGITUDE:  86 14 W

  TEMPERATURE IN F:       :PCPN:    SNOW:  WIND      :SUNSHINE: SKY     :PK WND
================================================================================
1   2   3   4   5  6A  6B    7    8   9   10  11  12  13   14  15   16   17  18
                                     12Z  AVG MX 2MIN
DY MAX MIN AVG DEP HDD CDD  WTR  SNW DPTH SPD SPD DIR MIN PSBL S-S WX    SPD DR
================================================================================

 1  37  13  25  -4  40   0 0.00  0.0    8 12.7 29 200   M    M   1        40 180
 2  37  17  27  -2  38   0 0.00  0.0    7 11.5 23 330   M    M   1        31 350
 3  34  16  25  -5  40   0 0.00  0.0    6 13.0 23 110   M    M   5        29 120
 4  37  30  34   4  31   0 0.50  0.0    6  7.5 16 120   M    M  10 16     20 120
 5  36  26  31   1  34   0 0.28  0.2    5 12.7 21 350   M    M  10 18     25 340
 6  35  18  27  -4  38   0 0.00  0.0    5  6.0 15 350   M    M   2        20  10
 7  36  17  27  -4  38   0 0.00  0.0    4  6.0 17 120   M    M   6        20 120
 8  43  27  35   4  30   0 0.00  0.0    4  9.1 17  70   M    M   8        28  90
 9  39  34  37   5  28   0 0.54  0.0    2  8.8 17  60   M    M  10 16     29  90
10  36  31  34   2  31   0 0.03    T    1 13.9 25 330   M    M   8 1      32 330
11  38  31  35   3  30   0 0.00  0.0    1 12.3 23 350   M    M   5        30 330
12  40  32  36   3  29   0    T    T    0 13.8 23 280   M    M   8 8      32 290
13  42  27  35   2  30   0 0.00  0.0    0  9.3 16 290   M    M   8        23  60
14  43  21  32  -1  33   0 0.00  0.0    0  4.8 10 140   M    M   0        25 220
15  49  28  39   5  26   0 0.02  0.0    0  6.2 13 120   M    M   3 1      21  80
16  52  31  42   8  23   0 0.00  0.0    0  7.4 22 200   M    M   2 18     26 200
17  61  48  55  21  10   0    T  0.0    0 20.0 30 190   M    M   5 18     44 180
18  49  34  42   7  23   0 0.00  0.0    0 10.2 18 310   M    M   2        26 310
19  45  28  37   2  28   0 0.00  0.0    0  3.5 12 270   M    M   0        15 280
20  44  36  40   5  25   0 1.04    M    0 12.6 29 110   M    M   6 13     38 110
21  46  40  43   7  22   0 0.00  0.0    0  6.4 16 320   M    M   9 1      24 280
22  43  34  39   3  26   0 0.57  0.5    0 13.8 25  80   M    M  10 134    36  90
23  34  26  30  -6  35   0 0.19  0.1    0 15.4 29  80   M    M  10 1368   43  90
24  33  21  27 -10  38   0    T    T    0  8.8 16 320   M    M   4        22  40
25  34  16  25 -12  40   0 0.00  0.0    0  7.5 16 280   M    M   2        21 320
26  35  17  26 -11  39   0 0.00  0.0    0  7.1 16  40   M    M   0        24  70
27  37  18  28 -10  37   0 0.00  0.0    0  7.8 16 330   M    M   0        21 350
28  37  14  26 -12  39   0 0.00  0.0    0  6.4 18 290   M    M   1        25 290
29  40  19  30  -8  35   0 0.00  0.0    0  5.8 15 280   M    M   0        20 290
30  46  23  35  -4  30   0 0.00  0.0    0  5.2 16 310   M    M   1        21 310
31  45  24  35  -4  30   0 0.00  0.0    0  4.7 15 290   M    M   1        18 320
================================================================================
SM 1263  797       976   0  3.17     0.8 290.2          M      138
================================================================================
AV 40.7 25.7                               9.4 FASTST   M    M   4    MAX(MPH)
                                 MISC ---->  # 30 190               # 44  180
================================================================================
NOTES:
# LAST OF SEVERAL OCCURRENCES

COLUMN 17 PEAK WIND IN M.P.H.

PRELIMINARY LOCAL CLIMATOLOGICAL DATA (WS FORM: F-6) , PAGE 2

                                          STATION:  MUSKEGON MI
                                          MONTH:    MARCH
                                          YEAR:     2011
                                          LATITUDE:   43 10 N
                                          LONGITUDE:  86 14 W

[TEMPERATURE DATA]      [PRECIPITATION DATA]       SYMBOLS USED IN COLUMN 16

AVERAGE MONTHLY: 33.2   TOTAL FOR MONTH:   3.17    1 = FOG OR MIST
DPTR FM NORMAL:  -0.8   DPTR FM NORMAL:    0.81    2 = FOG REDUCING VISIBILITY
HIGHEST:    61 ON 17    GRTST 24HR  1.04 ON 20-20      TO 1/4 MILE OR LESS
LOWEST:     13 ON  1                               3 = THUNDER
                        SNOW, ICE PELLETS, HAIL    4 = ICE PELLETS
                        TOTAL MONTH:   0.8 INCH    5 = HAIL
                        GRTST 24HR   0.5 ON 22-22  6 = FREEZING RAIN OR DRIZZLE
                        GRTST DEPTH:   8 ON  1     7 = DUSTSTORM OR SANDSTORM:
                                                       VSBY 1/2 MILE OR LESS
                                                   8 = SMOKE OR HAZE
[NO. OF DAYS WITH]      [WEATHER - DAYS WITH]      9 = BLOWING SNOW
                                                   X = TORNADO
MAX 32 OR BELOW:   0    0.01 INCH OR MORE:   8
MAX 90 OR ABOVE:   0    0.10 INCH OR MORE:   6
MIN 32 OR BELOW:  25    0.50 INCH OR MORE:   4
MIN  0 OR BELOW:   0    1.00 INCH OR MORE:   1

[HDD (BASE 65) ]
TOTAL THIS MO.   976    CLEAR  (SCALE 0-3)  14
DPTR FM NORMAL     8    PTCLDY (SCALE 4-7)  11
TOTAL FM JUL 1  5647    CLOUDY (SCALE 8-10)  6
DPTR FM NORMAL  -320

[CDD (BASE 65) ]
TOTAL THIS MO.     0
DPTR FM NORMAL     0    [PRESSURE DATA]
TOTAL FM JAN 1     0    HIGHEST SLP 30.57 ON 19
DPTR FM NORMAL     0    LOWEST  SLP 29.55 ON 23

[REMARKS]
#FINAL-03-11#
