000
CXUS53 KGRR 011055
CF6MKG
PRELIMINARY LOCAL CLIMATOLOGICAL DATA (WS FORM: F-6)

                                          STATION:   MUSKEGON MI
                                          MONTH:     MAY
                                          YEAR:      2011
                                          LATITUDE:   43 10 N
                                          LONGITUDE:  86 14 W

  TEMPERATURE IN F:       :PCPN:    SNOW:  WIND      :SUNSHINE: SKY     :PK WND
================================================================================
1   2   3   4   5  6A  6B    7    8   9   10  11  12  13   14  15   16   17  18
                                     12Z  AVG MX 2MIN
DY MAX MIN AVG DEP HDD CDD  WTR  SNW DPTH SPD SPD DIR MIN PSBL S-S WX    SPD DR
================================================================================

 1  65  44  55   4  10   0 0.01  0.0    0 11.0 25 220   M    M   4 1      33 230
 2  51  41  46  -5  19   0 0.00  0.0    0  9.2 21 320   M    M   3        26 310
 3  50  38  44  -8  21   0 0.00  0.0    0  8.2 16 340   M    M   6        20 350
 4  53  36  45  -7  20   0 0.00  0.0    0  8.6 22 270   M    M   3        26 270
 5  62  32  47  -5  18   0    T  0.0    0 10.3 24 200   M    M   3        32 200
 6  61  39  50  -3  15   0    T  0.0    0  7.3 22 210   M    M   2 18     30 220
 7  68  39  54   1  11   0 0.00  0.0    0  5.6 13  80   M    M   3        16  80
 8  72  45  59   6   6   0 0.00  0.0    0  9.2 15  70   M    M   0        22 130
 9  74  48  61   7   4   0 0.01  0.0    0 12.9 33 110   M    M   3 3      44 110
10  74  57  66  12   0   1 0.00  0.0    0 13.8 21 100   M    M   9        28 110
11  80  61  71  17   0   6 0.50  0.0    0 13.2 25  80   M    M   4 13     31  70
12  83  61  72  17   0   7 0.21  0.0    0  7.5 21  80   M    M   3 138    26  90
13  79  56  68  13   0   3 0.03  0.0    0  6.6 22 190   M    M   2 13     26 190
14  62  52  57   1   8   0 0.08  0.0    0 10.8 21  60   M    M   9 1      28  60
15  64  46  55  -1  10   0 0.13  0.0    0 10.7 23  40   M    M   5 1      31  60
16  62  39  51  -5  14   0 0.00  0.0    0  9.6 17 330   M    M   0        24 320
17  69  45  57   0   8   0    T  0.0    0  8.7 18  50   M    M   4        25  50
18  69  54  62   5   3   0 0.04  0.0    0  6.9 14 110   M    M  10 1      18  60
19  70  50  60   3   5   0 0.02  0.0    0  5.6 13 270   M    M   8 1      15 290
20  72  49  61   3   4   0 0.00  0.0    0  2.6 12 240   M    M   5 128    15 250
21  78  57  68  10   0   3 0.02  0.0    0  7.6 16 130   M    M   5 1      21 140
22  85  60  73  15   0   8 0.44  0.0    0 12.3 31 200   M    M   3 138    44 200
23  71  58  65   7   0   0 0.28  0.0    0 13.0 25 220   M    M   6 138    35 220
24  67  54  61   2   4   0 0.00  0.0    0  6.7 14 290   M    M   3        16 290
25  58  53  56  -3   9   0 0.50  0.0    0 11.9 26  60   M    M   9 13     35  60
26  62  48  55  -4  10   0 0.10  0.0    0 11.7 21  30   M    M   9 1      29  30
27  67  42  55  -5  10   0 0.00  0.0    0  7.7 17  60   M    M   5        22  70
28  64  54  59  -1   6   0 0.04  0.0    0 10.1 21 210   M    M   7 18     31 270
29  74  50  62   2   3   0 0.13  0.0    0  4.5 30 100   M    M   6 1238   37 110
30  86  60  73  12   0   8 0.00  0.0    0 12.1 21 190   M    M   0 1      29 190
31  82  64  73  12   0   8    T  0.0    0 16.3 28 200   M    M   2        36 200
================================================================================
SM 2134 1532       218  44  2.54     0.0 292.2          M      141
================================================================================
AV 68.8 49.4                               9.4 FASTST   M    M   5    MAX(MPH)
                                 MISC ---->  # 33 110               # 44  110
================================================================================
NOTES:
# LAST OF SEVERAL OCCURRENCES

COLUMN 17 PEAK WIND IN M.P.H.

PRELIMINARY LOCAL CLIMATOLOGICAL DATA (WS FORM: F-6) , PAGE 2

                                          STATION:  MUSKEGON MI
                                          MONTH:    MAY
                                          YEAR:     2011
                                          LATITUDE:   43 10 N
                                          LONGITUDE:  86 14 W

[TEMPERATURE DATA]      [PRECIPITATION DATA]       SYMBOLS USED IN COLUMN 16

AVERAGE MONTHLY: 59.1   TOTAL FOR MONTH:   2.54    1 = FOG OR MIST
DPTR FM NORMAL:   3.0   DPTR FM NORMAL:   -0.41    2 = FOG REDUCING VISIBILITY
HIGHEST:    86 ON 30    GRTST 24HR  0.72 ON 22-23      TO 1/4 MILE OR LESS
LOWEST:     32 ON  5                               3 = THUNDER
                        SNOW, ICE PELLETS, HAIL    4 = ICE PELLETS
                        TOTAL MONTH:   0.0 INCH    5 = HAIL
                        GRTST 24HR     0.0         6 = FREEZING RAIN OR DRIZZLE
                        GRTST DEPTH:   0           7 = DUSTSTORM OR SANDSTORM:
                                                       VSBY 1/2 MILE OR LESS
                                                   8 = SMOKE OR HAZE
[NO. OF DAYS WITH]      [WEATHER - DAYS WITH]      9 = BLOWING SNOW
                                                   X = TORNADO
MAX 32 OR BELOW:   0    0.01 INCH OR MORE:  16
MAX 90 OR ABOVE:   0    0.10 INCH OR MORE:   8
MIN 32 OR BELOW:   1    0.50 INCH OR MORE:   2
MIN  0 OR BELOW:   0    1.00 INCH OR MORE:   0

[HDD (BASE 65) ]
TOTAL THIS MO.   218    CLEAR  (SCALE 0-3)  11
DPTR FM NORMAL   -78    PTCLDY (SCALE 4-7)  15
TOTAL FM JUL 1  6436    CLOUDY (SCALE 8-10)  5
DPTR FM NORMAL  -429

[CDD (BASE 65) ]
TOTAL THIS MO.    44
DPTR FM NORMAL    20    [PRESSURE DATA]
TOTAL FM JAN 1    47    HIGHEST SLP 30.38 ON  4
DPTR FM NORMAL    19    LOWEST  SLP 29.53 ON 23

[REMARKS]
#FINAL-05-11#
