000
CXUS53 KGRR 011010
CF6MKG
PRELIMINARY LOCAL CLIMATOLOGICAL DATA (WS FORM: F-6)
STATION: MUSKEGON
MONTH: DECEMBER
YEAR: 2023
LATITUDE: 43 10 N
LONGITUDE: 86 14 W
TEMPERATURE IN F: :PCPN: SNOW: WIND :SUNSHINE: SKY :PK WND
================================================================================
1 2 3 4 5 6A 6B 7 8 9 10 11 12 13 14 15 16 17 18
12Z AVG MX 2MIN
DY MAX MIN AVG DEP HDD CDD WTR SNW DPTH SPD SPD DIR MIN PSBL S-S WX SPD DR
================================================================================
1 37 28 33 -3 32 0 0.27 1.4 0 8.6 14 60 M M 8 128 20 70
2 40 35 38 3 27 0 0.02 0.1 1 7.8 13 70 M M 10 18 19 60
3 39 35 37 2 28 0 0.32 0.5 0 4.6 13 70 M M 10 18 17 90
4 42 33 38 3 27 0 0.01 T 0 3.9 13 320 M M 9 1 18 330
5 43 36 40 6 25 0 0.00 0.0 0 5.3 13 350 M M 10 17 360
6 43 37 40 6 25 0 T 0.0 0 11.6 25 210 M M 10 8 36 210
7 49 37 43 9 22 0 0.00 0.0 0 10.2 25 220 M M 3 18 35 230
8 54 40 47 13 18 0 0.00 0.0 0 14.4 26 170 M M 5 8 39 210
9 58 41 50 17 15 0 0.10 0.0 0 16.1 35 210 M M 10 18 53 190
10 41 33 37 4 28 0 0.07 T 0 11.2 23 260 M M 10 1 33 260
11 42 33 38 5 27 0 T T 0 9.3 24 230 M M 10 33 220
12 43 34 39 6 26 0 0.00 0.0 0 15.6 28 220 M M 6 40 230
13 42 32 37 5 28 0 0.00 0.0 0 9.1 15 250 M M 6 22 240
14 49 40 45 13 20 0 0.00 0.0 0 11.4 17 250 M M 2 24 240
15 52 42 47 15 18 0 0.00 0.0 0 7.5 16 210 M M 5 8 20 210
16 55 42 49 17 16 0 0.08 0.0 0 10.0 20 120 M M 7 25 120
17 48 39 44 13 21 0 0.02 0.0 0 9.4 18 270 M M 10 18 28 270
18 40 31 36 5 29 0 0.23 2.2 0 19.9 31 320 M M 10 1289 43 320
19 38 27 33 2 32 0 0.00 0.0 2 12.2 22 190 M M 9 32 200
20 40 28 34 3 31 0 0.00 0.0 1 5.6 16 230 M M 6 18 24 210
21 41 29 35 4 30 0 0.00 0.0 0 8.0 13 100 M M 7 18 18 90
22 46 41 44 14 21 0 0.20 0.0 0 7.6 13 120 M M 10 18 15 120
23 47 43 45 15 20 0 0.08 0.0 0 1.9 7 70 M M 10 128 8 70
24 53 46 50 20 15 0 0.00 0.0 0 7.8 15 120 M M 10 128 20 120
25 59 49 54 24 11 0 0.05 0.0 0 12.4 20 110 M M 9 18 28 90
26 55 43 49 19 16 0 0.11 0.0 0 6.8 17 100 M M 10 128 28 90
27 49 36 43 14 22 0 0.02 0.0 0 7.7 15 50 M M 7 21 30
28 46 40 43 14 22 0 0.15 0.0 0 6.5 12 20 M M 10 18 19 10
29 43 31 37 8 28 0 0.03 0.0 0 5.8 13 350 M M 8 18 16 360
30 45 26 36 7 29 0 0.00 0.0 0 6.7 17 210 M M 5 128 25 220
31 40 35 38 9 27 0 0.05 T 0 5.5 13 20 M M 10 128 18 40
================================================================================
SM 1419 1122 736 0 1.81 4.2 280.4 M 252
================================================================================
AV 45.8 36.2 9.0 FASTST M M 8 MAX(MPH)
MISC ----> 35 210 53 190
================================================================================
NOTES:
# LAST OF SEVERAL OCCURRENCES
COLUMN 17 PEAK WIND IN M.P.H.
PRELIMINARY LOCAL CLIMATOLOGICAL DATA (WS FORM: F-6) , PAGE 2
STATION: MUSKEGON
MONTH: DECEMBER
YEAR: 2023
LATITUDE: 43 10 N
LONGITUDE: 86 14 W
[TEMPERATURE DATA] [PRECIPITATION DATA] SYMBOLS USED IN COLUMN 16
AVERAGE MONTHLY: 41.0 TOTAL FOR MONTH: 1.81 1 = FOG OR MIST
DPTR FM NORMAL: 9.1 DPTR FM NORMAL: -0.61 2 = FOG REDUCING VISIBILITY
HIGHEST: 59 ON 25 GRTST 24HR 0.32 ON 3- 3 TO 1/4 MILE OR LESS
LOWEST: 26 ON 30 3 = THUNDER
SNOW, ICE PELLETS, HAIL 4 = ICE PELLETS
TOTAL MONTH: 4.2 INCHES 5 = HAIL
GRTST 24HR 2.2 ON 18-18 6 = FREEZING RAIN OR DRIZZLE
GRTST DEPTH: 2 ON 19 7 = DUSTSTORM OR SANDSTORM:
VSBY 1/2 MILE OR LESS
8 = SMOKE OR HAZE
[NO. OF DAYS WITH] [WEATHER - DAYS WITH] 9 = BLOWING SNOW
X = TORNADO
MAX 32 OR BELOW: 0 0.01 INCH OR MORE: 17
MAX 90 OR ABOVE: 0 0.10 INCH OR MORE: 7
MIN 32 OR BELOW: 8 0.50 INCH OR MORE: 0
MIN 0 OR BELOW: 0 1.00 INCH OR MORE: 0
[HDD (BASE 65) ]
TOTAL THIS MO. 736 CLEAR (SCALE 0-3) 1
DPTR FM NORMAL -292 PTCLDY (SCALE 4-7) 12
TOTAL FM JUL 1 1839 CLOUDY (SCALE 8-10) 18
DPTR FM NORMAL -461
[CDD (BASE 65) ]
TOTAL THIS MO. 0
DPTR FM NORMAL 0 [PRESSURE DATA]
TOTAL FM JAN 1 795 HIGHEST SLP 30.65 ON 13
DPTR FM NORMAL 145 LOWEST SLP 29.55 ON 9
[REMARKS]
#FINAL-12-23#