000
CXUS53 KGRR 011242
CF6MKG
PRELIMINARY LOCAL CLIMATOLOGICAL DATA (WS FORM: F-6)

                                          STATION:   MUSKEGON MI
                                          MONTH:     SEPTEMBER
                                          YEAR:      2010
                                          LATITUDE:   43 10 N
                                          LONGITUDE:  86 14 W

  TEMPERATURE IN F:       :PCPN:    SNOW:  WIND      :SUNSHINE: SKY     :PK WND
================================================================================
1   2   3   4   5  6A  6B    7    8   9   10  11  12  13   14  15   16   17  18
                                     12Z  AVG MX 2MIN
DY MAX MIN AVG DEP HDD CDD  WTR  SNW DPTH SPD SPD DIR MIN PSBL S-S WX    SPD DR
================================================================================

 1  82  71  77  12   0  12 0.10  0.0    0  7.1 23 210   M    M   7 1      32 200
 2  78  68  73   8   0   8 3.34  0.0    0  8.8 20 260   M    M   8 123    25 250
 3  70  59  65   0   0   0 0.07  0.0    0 17.2 31 280   M    M   9 13     40 290
 4  65  56  61  -3   4   0    T  0.0    0 13.3 25 320   M    M   8        36 340
 5  71  45  58  -6   7   0 0.05  0.0    0  5.8 15 260   M    M   4        21 270
 6  77  62  70   6   0   5 0.39  0.0    0  9.2 22 140   M    M   5 13     28 190
 7  77  59  68   5   0   3    T  0.0    0 21.2 32 220   M    M   5        41 230
 8  63  58  61  -2   4   0 0.00  0.0    0 12.3 25 310   M    M   9        37 280
 9  68  53  61  -2   4   0 0.00  0.0    0  7.3 15 320   M    M   6        20 320
10  72  47  60  -2   5   0 0.00  0.0    0  7.3 14 100   M    M   1        22 110
11  60  55  58  -4   7   0 0.54  0.0    0  6.2 15 110   M    M   7 12     18 120
12  73  55  64   2   1   0 0.00  0.0    0  7.9 18 230   M    M   1 1      23 230
13  73  53  63   2   2   0 0.00  0.0    0  5.4 15 300   M    M   0        21 320
14  67  48  58  -3   7   0 0.00  0.0    0  3.6 14 280   M    M   2        21 270
15  74  48  61   0   4   0 0.00  0.0    0  6.7 15 120   M    M   2        18 130
16  71  57  64   4   1   0 0.77  0.0    0  9.0 18 360   M    M  10 138    28 350
17  67  51  59  -1   6   0    T  0.0    0  6.8 17 190   M    M   6        22 170
18  67  53  60   0   5   0 0.38  0.0    0  7.4 22 220   M    M   8 13     26 230
19  68  48  58  -1   7   0    T  0.0    0  5.2 13 330   M    M   7        16 320
20  68  54  61   2   4   0    T  0.0    0  9.0 17 130   M    M  10        23 120
21  80  65  73  14   0   8 0.47  0.0    0 14.1 32 290   M    M   2 13     44 290
22  75  59  67   9   0   2 0.00  0.0    0  4.6 12 270   M    M   5 1      16 240
23  85  60  73  15   0   8 0.00  0.0    0 15.7 26 200   M    M   4 18     41 200
24  77  59  68  10   0   3 0.12  0.0    0 20.8 35 220   M    M   8 1      46 220
25  60  49  55  -2  10   0    T  0.0    0 12.3 29 280   M    M   7        39 280
26  62  45  54  -3  11   0 0.00  0.0    0  4.8 14  20   M    M   6        18  30
27  65  45  55  -2  10   0 0.00  0.0    0  3.4 14 280   M    M   3        17 280
28  66  48  57   1   8   0 0.00  0.0    0  5.3 16 310   M    M   2        21 300
29  69  45  57   1   8   0 0.00  0.0    0  5.3 17 180   M    M   2 1      21 190
30  69  48  59   3   6   0 0.02  0.0    0  8.5 22 340   M    M   4        29 340
================================================================================
SM 2119 1623       121  49  6.25     0.0 271.5          M      158
================================================================================
AV 70.6 54.1                               9.1 FASTST   M    M   5    MAX(MPH)
                                 MISC ---->  # 35 220               # 46  220
================================================================================
NOTES:
# LAST OF SEVERAL OCCURRENCES

COLUMN 17 PEAK WIND IN M.P.H.

PRELIMINARY LOCAL CLIMATOLOGICAL DATA (WS FORM: F-6) , PAGE 2

                                          STATION:  MUSKEGON MI
                                          MONTH:    SEPTEMBER
                                          YEAR:     2010
                                          LATITUDE:   43 10 N
                                          LONGITUDE:  86 14 W

[TEMPERATURE DATA]      [PRECIPITATION DATA]       SYMBOLS USED IN COLUMN 16

AVERAGE MONTHLY: 62.4   TOTAL FOR MONTH:   6.25    1 = FOG OR MIST
DPTR FM NORMAL:   1.9   DPTR FM NORMAL:    2.73    2 = FOG REDUCING VISIBILITY
HIGHEST:    85 ON 23    GRTST 24HR  3.41 ON  2- 3      TO 1/4 MILE OR LESS
LOWEST:     45 ON 29,27                            3 = THUNDER
                        SNOW, ICE PELLETS, HAIL    4 = ICE PELLETS
                        TOTAL MONTH:   0.0 INCH    5 = HAIL
                        GRTST 24HR     0.0         6 = FREEZING RAIN OR DRIZZLE
                        GRTST DEPTH:   0           7 = DUSTSTORM OR SANDSTORM:
                                                       VSBY 1/2 MILE OR LESS
                                                   8 = SMOKE OR HAZE
[NO. OF DAYS WITH]      [WEATHER - DAYS WITH]      9 = BLOWING SNOW
                                                   X = TORNADO
MAX 32 OR BELOW:   0    0.01 INCH OR MORE:  11
MAX 90 OR ABOVE:   0    0.10 INCH OR MORE:   8
MIN 32 OR BELOW:   0    0.50 INCH OR MORE:   3
MIN  0 OR BELOW:   0    1.00 INCH OR MORE:   1

[HDD (BASE 65) ]
TOTAL THIS MO.   121    CLEAR  (SCALE 0-3)   9
DPTR FM NORMAL   -47    PTCLDY (SCALE 4-7)  15
TOTAL FM JUL 1   127    CLOUDY (SCALE 8-10)  6
DPTR FM NORMAL   -83

[CDD (BASE 65) ]
TOTAL THIS MO.    49
DPTR FM NORMAL     5    [PRESSURE DATA]
TOTAL FM JAN 1   893    HIGHEST SLP 30.26 ON 19
DPTR FM NORMAL   409    LOWEST  SLP 29.65 ON  2

[REMARKS]
#FINAL-09-10#
