000
CXUS53 KGRR 011017
CF6MKG
PRELIMINARY LOCAL CLIMATOLOGICAL DATA (WS FORM: F-6)

                                          STATION:   MUSKEGON MI
                                          MONTH:     JULY
                                          YEAR:      2010
                                          LATITUDE:   43 10 N
                                          LONGITUDE:  86 14 W

  TEMPERATURE IN F:       :PCPN:    SNOW:  WIND      :SUNSHINE: SKY     :PK WND
================================================================================
1   2   3   4   5  6A  6B    7    8   9   10  11  12  13   14  15   16   17  18
                                     12Z  AVG MX 2MIN
DY MAX MIN AVG DEP HDD CDD  WTR  SNW DPTH SPD SPD DIR MIN PSBL S-S WX    SPD DR
================================================================================

 1  74  49  62  -6   3   0 0.00  0.0    0  4.1 14 270   M    M   0        30  80
 2  78  57  68   0   0   3 0.00  0.0    0  7.1 17 220   M    M   0 8      22 220
 3  82  60  71   2   0   6 0.00  0.0    0 10.2 20 210   M    M   0 8      24 210
 4  89  70  80  11   0  15 0.00  0.0    0 11.5 20 200   M    M   2        26 200
 5  88  76  82  13   0  17 0.00  0.0    0 15.3 22 200   M    M   4 8      30 200
 6  88  75  82  13   0  17 0.00  0.0    0 13.4 22 190   M    M   4        30 210
 7  90  72  81  12   0  16 0.00  0.0    0  5.6 14 270   M    M   1        29 170
 8  81  73  77   8   0  12 0.29  0.0    0  5.4 14 280   M    M   7 18     22 150
 9  86  67  77   7   0  12 0.00  0.0    0  6.0 20 320   M    M   2 1      33 330
10  85  64  75   5   0  10 0.00  0.0    0  4.5 14 280   M    M   2        26 240
11  85  67  76   6   0  11 0.12  0.0    0  6.7 25 170   M    M   2 13     32 220
12  80  68  74   4   0   9 0.01  0.0    0  5.4 15 250   M    M   6 18     29 230
13  85  69  77   7   0  12 0.21  0.0    0  4.6 21 240   M    M   5 18     29 220
14  86  66  76   6   0  11    T  0.0    0  6.3 15 220   M    M   3 138    18 210
15  84  68  76   6   0  11 0.51  0.0    0  8.1 22 180   M    M   5 138    30 180
16  85  72  79   9   0  14 0.00  0.0    0 11.9 22 210   M    M   1        28 210
17  84  72  78   8   0  13 0.00  0.0    0  7.5 18 240   M    M   1        26 240
18  83  71  77   7   0  12 0.36  0.0    0  8.1 24 250   M    M   3 13     29 270
19  82  68  75   5   0  10 0.08  0.0    0  5.2 13 320   M    M   5 13     16  20
20  83  64  74   4   0   9 0.02  0.0    0  5.7 14 220   M    M   2 138    17 220
21  83  69  76   6   0  11 0.00  0.0    0  6.6 14 220   M    M   2        18 230
22  76  65  71   1   0   6 1.39  0.0    0  7.9 23 120   M    M   6 13     33 340
23  84  74  79   8   0  14 0.06  0.0    0  8.4 23 240   M    M   4        31 240
24  80  72  76   5   0  11 0.45  0.0    0  5.9 18 230   M    M   7 138    23 220
25  84  66  75   4   0  10 0.00  0.0    0  6.7 17 360   M    M   2        24  40
26  82  60  71   0   0   6 0.00  0.0    0  2.7 10 260   M    M   1        14 250
27  85  64  75   4   0  10 0.00  0.0    0  6.9 15 210   M    M   2        25 330
28  82  70  76   5   0  11    T  0.0    0  8.3 17 200   M    M   5 18     24 200
29  80  61  71   0   0   6 0.00  0.0    0  4.6 15 280   M    M   1 8      20 270
30  81  60  71   1   0   6 0.00  0.0    0  4.4 14 220   M    M   2        17 220
31  80  69  75   5   0  10 0.02  0.0    0  5.4 14 200   M    M   8 1       M  M
================================================================================
SM 2575 2078         3 321  3.52     0.0 220.4          M       95
================================================================================
AV 83.1 67.0                               7.1 FASTST   M    M   3    MAX(MPH)
                                 MISC ---->  # 25 170               # 33  330
================================================================================
NOTES:
# LAST OF SEVERAL OCCURRENCES

COLUMN 17 PEAK WIND IN M.P.H.

PRELIMINARY LOCAL CLIMATOLOGICAL DATA (WS FORM: F-6) , PAGE 2

                                          STATION:  MUSKEGON MI
                                          MONTH:    JULY
                                          YEAR:     2010
                                          LATITUDE:   43 10 N
                                          LONGITUDE:  86 14 W

[TEMPERATURE DATA]      [PRECIPITATION DATA]       SYMBOLS USED IN COLUMN 16

AVERAGE MONTHLY: 75.0   TOTAL FOR MONTH:   3.52    1 = FOG OR MIST
DPTR FM NORMAL:   5.1   DPTR FM NORMAL:    1.20    2 = FOG REDUCING VISIBILITY
HIGHEST:    90 ON  7    GRTST 24HR  1.45 ON 22-23      TO 1/4 MILE OR LESS
LOWEST:     49 ON  1                               3 = THUNDER
                        SNOW, ICE PELLETS, HAIL    4 = ICE PELLETS
                        TOTAL MONTH:   0.0 INCH    5 = HAIL
                        GRTST 24HR     0.0         6 = FREEZING RAIN OR DRIZZLE
                        GRTST DEPTH:   0           7 = DUSTSTORM OR SANDSTORM:
                                                       VSBY 1/2 MILE OR LESS
                                                   8 = SMOKE OR HAZE
[NO. OF DAYS WITH]      [WEATHER - DAYS WITH]      9 = BLOWING SNOW
                                                   X = TORNADO
MAX 32 OR BELOW:   0    0.01 INCH OR MORE:  12
MAX 90 OR ABOVE:   1    0.10 INCH OR MORE:   7
MIN 32 OR BELOW:   0    0.50 INCH OR MORE:   2
MIN  0 OR BELOW:   0    1.00 INCH OR MORE:   1

[HDD (BASE 65) ]
TOTAL THIS MO.     3    CLEAR  (SCALE 0-3)  19
DPTR FM NORMAL   -12    PTCLDY (SCALE 4-7)  11
TOTAL FM JUL 1     3    CLOUDY (SCALE 8-10)  1
DPTR FM NORMAL   -12

[CDD (BASE 65) ]
TOTAL THIS MO.   321
DPTR FM NORMAL   140    [PRESSURE DATA]
TOTAL FM JAN 1   525    HIGHEST SLP 30.41 ON  1
DPTR FM NORMAL   230    LOWEST  SLP 29.68 ON 12

[REMARKS]
#FINAL-07-10#
