000
CXUS53 KGRR 011017
CF6MKG
PRELIMINARY LOCAL CLIMATOLOGICAL DATA (WS FORM: F-6)
STATION: MUSKEGON
MONTH: APRIL
YEAR: 2020
LATITUDE: 43 10 N
LONGITUDE: 86 14 W
TEMPERATURE IN F: :PCPN: SNOW: WIND :SUNSHINE: SKY :PK WND
================================================================================
1 2 3 4 5 6A 6B 7 8 9 10 11 12 13 14 15 16 17 18
12Z AVG MX 2MIN
DY MAX MIN AVG DEP HDD CDD WTR SNW DPTH SPD SPD DIR MIN PSBL S-S WX SPD DR
================================================================================
1 52 34 43 2 22 0 0.01 0.0 0 4.5 14 290 M M 9 1 19 290
2 55 29 42 1 23 0 0.00 0.0 0 3.9 15 280 M M 1 1 19 270
3 62 33 48 6 17 0 0.00 0.0 0 3.6 12 220 M M 5 15 250
4 53 34 44 2 21 0 0.10 0.0 0 8.7 17 340 M M 9 1 23 330
5 53 31 42 0 23 0 0.00 0.0 0 5.9 13 280 M M 2 17 270
6 60 29 45 2 20 0 0.01 0.0 0 4.2 17 200 M M 6 22 200
7 66 50 58 15 7 0 0.18 0.0 0 9.0 23 220 M M 9 138 30 230
8 56 44 50 6 15 0 0.29 0.0 0 6.3 16 260 M M 10 1 23 280
9 45 37 41 -3 24 0 T 0.0 0 14.5 26 290 M M 6 39 320
10 42 30 36 -8 29 0 0.03 T 0 10.4 25 330 M M 9 1 36 340
11 57 28 43 -2 22 0 0.08 0.0 0 6.2 17 200 M M 4 24 200
12 64 47 56 11 9 0 0.12 0.0 0 8.6 16 130 M M 10 1 22 130
13 55 36 46 0 19 0 0.37 T 0 17.5 31 280 M M 8 1 47 310
14 38 28 33 -13 32 0 T T 0 12.8 23 280 M M 6 18 32 270
15 38 28 33 -13 32 0 0.01 T T 7.5 21 290 M M 7 28 290
16 42 30 36 -11 29 0 T T 0 12.2 22 270 M M 7 32 280
17 42 32 37 -10 28 0 T T 0 5.9 14 190 M M 7 19 160
18 53 32 43 -5 22 0 0.00 0.0 0 15.0 31 190 M M 2 41 190
19 55 34 45 -3 20 0 T 0.0 0 11.8 24 340 M M 5 36 220
20 55 29 42 -6 23 0 0.09 0.0 0 11.8 32 280 M M 4 13 48 270
21 41 26 34 -15 31 0 T T 0 14.1 26 320 M M 5 37 280
22 44 24 34 -15 31 0 T T 0 10.1 22 100 M M 8 8 29 90
23 46 36 41 -9 24 0 0.20 0.0 0 9.8 17 110 M M 10 138 23 120
24 53 40 47 -3 18 0 0.00 0.0 0 5.4 13 290 M M 8 17 290
25 57 38 48 -2 17 0 0.00 0.0 0 8.1 15 60 M M 8 23 40
26 67 43 55 4 10 0 0.00 0.0 0 9.4 20 20 M M 2 27 40
27 59 35 47 -4 18 0 0.09 0.0 0 8.4 17 190 M M 7 1 24 180
28 72 37 55 4 10 0 1.37 0.0 0 5.8 20 70 M M 7 1238 30 80
29 60 45 53 1 12 0 2.44 0.0 0 7.2 22 140 M M 10 18 31 130
30 54 43 49 -3 16 0 0.01 0.0 0 12.5 29 350 M M 8 1 41 340
================================================================================
SM 1596 1042 624 0 5.40 T 271.1 M 199
================================================================================
AV 53.2 34.7 9.0 FASTST M M 7 MAX(MPH)
MISC ----> # 32 280 # 48 270
================================================================================
NOTES:
# LAST OF SEVERAL OCCURRENCES
COLUMN 17 PEAK WIND IN M.P.H.
PRELIMINARY LOCAL CLIMATOLOGICAL DATA (WS FORM: F-6) , PAGE 2
STATION: MUSKEGON
MONTH: APRIL
YEAR: 2020
LATITUDE: 43 10 N
LONGITUDE: 86 14 W
[TEMPERATURE DATA] [PRECIPITATION DATA] SYMBOLS USED IN COLUMN 16
AVERAGE MONTHLY: 44.0 TOTAL FOR MONTH: 5.40 1 = FOG OR MIST
DPTR FM NORMAL: -2.6 DPTR FM NORMAL: 2.49 2 = FOG REDUCING VISIBILITY
HIGHEST: 72 ON 28 GRTST 24HR 2.44 ON 29-29 TO 1/4 MILE OR LESS
LOWEST: 24 ON 22 3 = THUNDER
SNOW, ICE PELLETS, HAIL 4 = ICE PELLETS
TOTAL MONTH: T 5 = HAIL
GRTST 24HR T ON 22-22 6 = FREEZING RAIN OR DRIZZLE
GRTST DEPTH: T 7 = DUSTSTORM OR SANDSTORM:
VSBY 1/2 MILE OR LESS
8 = SMOKE OR HAZE
[NO. OF DAYS WITH] [WEATHER - DAYS WITH] 9 = BLOWING SNOW
X = TORNADO
MAX 32 OR BELOW: 0 0.01 INCH OR MORE: 16
MAX 90 OR ABOVE: 0 0.10 INCH OR MORE: 8
MIN 32 OR BELOW: 13 0.50 INCH OR MORE: 2
MIN 0 OR BELOW: 0 1.00 INCH OR MORE: 2
[HDD (BASE 65) ]
TOTAL THIS MO. 624 CLEAR (SCALE 0-3) 4
DPTR FM NORMAL 68 PTCLDY (SCALE 4-7) 17
TOTAL FM JUL 1 5851 CLOUDY (SCALE 8-10) 9
DPTR FM NORMAL -367
[CDD (BASE 65) ]
TOTAL THIS MO. 0
DPTR FM NORMAL -4 [PRESSURE DATA]
TOTAL FM JAN 1 0 HIGHEST SLP 30.29 ON 16
DPTR FM NORMAL -4 LOWEST SLP 29.31 ON 13
[REMARKS]
#FINAL-04-20#