494
CXUS53 KGRR 011017
CF6MKG
PRELIMINARY LOCAL CLIMATOLOGICAL DATA (WS FORM: F-6)

                                          STATION:   MUSKEGON
                                          MONTH:     FEBRUARY
                                          YEAR:      2017
                                          LATITUDE:   43 10 N
                                          LONGITUDE:  86 14 W

  TEMPERATURE IN F:       :PCPN:    SNOW:  WIND      :SUNSHINE: SKY     :PK WND
================================================================================
1   2   3   4   5  6A  6B    7    8   9   10  11  12  13   14  15   16   17  18
                                     12Z  AVG MX 2MIN
DY MAX MIN AVG DEP HDD CDD  WTR  SNW DPTH SPD SPD DIR MIN PSBL S-S WX    SPD DR
================================================================================

 1  36  24  30   5  35   0    T    T    5 10.6 21 290   M    M   8 1      28 280
 2  24  16  20  -5  45   0    T    T    3 14.0 21 290   M    M   9        29 290
 3  24  17  21  -4  44   0 0.00  0.0    3 13.9 22 300   M    M   7        30 310
 4  34  21  28   2  37   0    T  0.1    3 14.9 28 220   M    M   6 8      35 200
 5  36  19  28   2  37   0    T    T    2 10.9 28 220   M    M   8        34 220
 6  44  17  31   5  34   0 0.00  0.0    2  5.3 12 150   M    M   7 18     14 150
 7  38  34  36  10  29   0 0.12  0.0    0 11.1 22 300   M    M  10 18     32 290
 8  34  20  27   1  38   0    T    T    0 10.4 20 340   M    M   9 16     28 290
 9  24  15  20  -6  45   0 0.01  0.2    0 12.9 23 320   M    M   7        33 310
10  39  22  31   5  34   0 0.00  0.0    T 15.0 26 190   M    M   8        36 190
11  47  35  41  15  24   0    T  0.0    0  3.7  9 250   M    M   8        13 230
12  43  34  39  13  26   0 0.03    T    0 13.1 30 290   M    M   7 1      44 330
13  41  31  36   9  29   0 0.00  0.0    0 12.1 23 220   M    M   2        30 220
14  45  33  39  12  26   0    T    T    0 15.1 29 310   M    M   4 1      45 300
15  33  26  30   3  35   0    T    T    0 12.2 23 340   M    M   9        30 320
16  33  16  25  -2  40   0 0.00  0.0    0  5.0 14 130   M    M   7        16 130
17  55  28  42  15  23   0 0.00  0.0    0  9.5 20 220   M    M   3        26 220
18  54  33  44  16  21   0 0.00  0.0    0  9.4 24 220   M    M   1 1      33 220
19  58  28  43  15  22   0 0.00  0.0    0  2.5 10 280   M    M   3 1      17 280
20  62  34  48  20  17   0 0.00  0.0    0 10.6 25 130   M    M   7        31 130
21  58  41  50  22  15   0 0.13  0.0    0  8.6 24 190   M    M   8 12     32 190
22  61  47  54  26  11   0    T  0.0    0 13.9 28 200   M    M   8 12     39 180
23  55  38  47  18  18   0 0.03  0.0    0  9.8 25 200   M    M   6 1      34 200
24  42  35  39  10  26   0 1.14  0.0    0 11.5 23 110   M    M  10 13     32  60
25  37  24  31   2  34   0 0.10  2.8    1 14.3 22 290   M    M  10 16     31 280
26  42  24  33   4  32   0    T    T    2 14.5 30 210   M    M   6        39 200
27  48  25  37   7  28   0 0.00  0.0    0  7.9 18 200   M    M   5        23 200
28  55  40  48  18  17   0 1.11  0.0    0 11.1 22 190   M    M   9 13     30 170
================================================================================
SM 1202  777       822   0  2.67     3.1 303.8          M      192
================================================================================
AV 42.9 27.8                              10.8 FASTST   M    M   7    MAX(MPH)
                                 MISC ---->  # 30 290               # 45  300
================================================================================
NOTES:
# LAST OF SEVERAL OCCURRENCES

COLUMN 17 PEAK WIND IN M.P.H.

PRELIMINARY LOCAL CLIMATOLOGICAL DATA (WS FORM: F-6) , PAGE 2

                                          STATION:  MUSKEGON
                                          MONTH:    FEBRUARY
                                          YEAR:     2017
                                          LATITUDE:   43 10 N
                                          LONGITUDE:  86 14 W

[TEMPERATURE DATA]      [PRECIPITATION DATA]       SYMBOLS USED IN COLUMN 16

AVERAGE MONTHLY: 35.3   TOTAL FOR MONTH:   2.67    1 = FOG OR MIST
DPTR FM NORMAL:   8.2   DPTR FM NORMAL:    0.84    2 = FOG REDUCING VISIBILITY
HIGHEST:    62 ON 20    GRTST 24HR  1.17 ON 23-24      TO 1/4 MILE OR LESS
LOWEST:     15 ON  9                               3 = THUNDER
                        SNOW, ICE PELLETS, HAIL    4 = ICE PELLETS
                        TOTAL MONTH:   3.1 INCHES  5 = HAIL
                        GRTST 24HR   2.8 ON   M    6 = FREEZING RAIN OR DRIZZLE
                        GRTST DEPTH:   5 ON  1     7 = DUSTSTORM OR SANDSTORM:
                                                       VSBY 1/2 MILE OR LESS
                                                   8 = SMOKE OR HAZE
[NO. OF DAYS WITH]      [WEATHER - DAYS WITH]      9 = BLOWING SNOW
                                                   X = TORNADO
MAX 32 OR BELOW:   3    0.01 INCH OR MORE:   8
MAX 90 OR ABOVE:   0    0.10 INCH OR MORE:   5
MIN 32 OR BELOW:  17    0.50 INCH OR MORE:   2
MIN  0 OR BELOW:   0    1.00 INCH OR MORE:   2

[HDD (BASE 65) ]
TOTAL THIS MO.   822    CLEAR  (SCALE 0-3)   4
DPTR FM NORMAL  -238    PTCLDY (SCALE 4-7)  15
TOTAL FM JUL 1  3865    CLOUDY (SCALE 8-10)  9
DPTR FM NORMAL  -867

[CDD (BASE 65) ]
TOTAL THIS MO.     0
DPTR FM NORMAL     0    [PRESSURE DATA]
TOTAL FM JAN 1     0    HIGHEST SLP 30.43 ON  3
DPTR FM NORMAL     0    LOWEST  SLP 29.27 ON  7

[REMARKS]
#FINAL-02-17#
