000
CXUS53 KGRR 011017
CF6MKG
PRELIMINARY LOCAL CLIMATOLOGICAL DATA (WS FORM: F-6)

                                          STATION:   MUSKEGON MI
                                          MONTH:     DECEMBER
                                          YEAR:      2015
                                          LATITUDE:   43 10 N
                                          LONGITUDE:  86 14 W

  TEMPERATURE IN F:       :PCPN:    SNOW:  WIND      :SUNSHINE: SKY     :PK WND
================================================================================
1   2   3   4   5  6A  6B    7    8   9   10  11  12  13   14  15   16   17  18
                                     12Z  AVG MX 2MIN
DY MAX MIN AVG DEP HDD CDD  WTR  SNW DPTH SPD SPD DIR MIN PSBL S-S WX    SPD DR
================================================================================

 1  46  37  42   8  23   0 0.45  0.0    0 10.4 22  90   M    M   9 1      30 110
 2  43  32  38   4  27   0 0.08  0.0    0  8.3 18 210   M    M   8 1      25 210
 3  43  28  36   2  29   0    T    T    0  8.5 17 230   M    M   8 16     27 240
 4  47  39  43   9  22   0 0.00  0.0    0 10.8 17 240   M    M   5 1      24 240
 5  45  32  39   6  26   0 0.00  0.0    0  7.3 14 180   M    M   8 18     19 180
 6  46  28  37   4  28   0 0.00  0.0    0  5.5 13 200   M    M   5 128    18 210
 7  42  27  35   3  30   0 0.00  0.0    0  4.6 12 140   M    M  10 128    14 130
 8  44  39  42  10  23   0 0.00  0.0    0 10.4 22 190   M    M   9 18     27 210
 9  50  36  43  11  22   0 0.00  0.0    0 10.5 20 210   M    M   5 18     26 210
10  58  39  49  17  16   0 0.00  0.0    0 18.8 35 230   M    M   8 1      47 190
11  49  36  43  12  22   0 0.00  0.0    0 10.6 23 220   M    M   5        30 270
12  47  38  43  12  22   0 0.03  0.0    0  6.6 12  90   M    M  10 12     16 100
13  63  47  55  24  10   0 1.02  0.0    0 11.0 22 170   M    M   8 13     30 180
14  59  47  53  23  12   0 0.39  0.0    0 15.1 26 200   M    M  10 1      36 210
15  47  38  43  13  22   0 0.04  0.0    0  8.9 20 320   M    M   9 1      24 330
16  50  40  45  15  20   0 0.11  0.0    0 16.0 31 120   M    M   9 1      42 200
17  41  33  37   7  28   0 0.00  0.0    0 13.8 22 250   M    M  10        31 240
18  34  27  31   2  34   0    T    T    0 13.9 23 290   M    M  10        30 270
19  33  24  29   0  36   0    T    T    0 13.1 22 280   M    M   9        30 270
20  48  26  37   8  28   0 0.05  0.0    0 15.4 28 190   M    M   4        37 180
21  47  43  45  16  20   0 1.02  0.0    0 11.6 23 210   M    M  10 1      32 210
22  45  38  42  14  23   0 0.00  0.0    0  5.9 14 150   M    M   9 18     19 160
23  62  37  50  22  15   0 0.05  0.0    0 16.2 31 190   M    M   9 128    52 190
24  54  39  47  19  18   0 0.00  0.0    0 15.4 40 220   M    M   9        57 230
25  44  29  37   9  28   0 0.00  0.0    0  5.5 13 320   M    M   7        16 310
26  39  30  35   7  30   0 0.08  0.0    0 10.8 22  90   M    M   6 18     35 100
27  40  32  36   8  29   0    T  0.0    0 11.0 25  10   M    M   9 1      32 360
28  32  26  29   2  36   0 1.25  2.9    0 20.5 38  70   M    M   9 46     53  90
29  42  32  37  10  28   0 0.25  0.7    3  9.0 18 270   M    M  10 16     26 100
30  34  32  33   6  32   0 0.08  1.3    4  6.6 13 270   M    M  10 18     17 280
31  33  28  31   4  34   0    T    T    4 12.1 22 260   M    M  10        30 260
================================================================================
SM 1407 1059       773   0  4.90     4.9 344.1          M      257
================================================================================
AV 45.4 34.2                              11.1 FASTST   M    M   8    MAX(MPH)
                                 MISC ---->  # 40 220               # 57  230
================================================================================
NOTES:
# LAST OF SEVERAL OCCURRENCES

COLUMN 17 PEAK WIND IN M.P.H.

PRELIMINARY LOCAL CLIMATOLOGICAL DATA (WS FORM: F-6) , PAGE 2

                                          STATION:  MUSKEGON MI
                                          MONTH:    DECEMBER
                                          YEAR:     2015
                                          LATITUDE:   43 10 N
                                          LONGITUDE:  86 14 W

[TEMPERATURE DATA]      [PRECIPITATION DATA]       SYMBOLS USED IN COLUMN 16

AVERAGE MONTHLY: 39.8   TOTAL FOR MONTH:   4.90    1 = FOG OR MIST
DPTR FM NORMAL:   9.6   DPTR FM NORMAL:    2.35    2 = FOG REDUCING VISIBILITY
HIGHEST:    63 ON 13    GRTST 24HR  1.29 ON 13-14      TO 1/4 MILE OR LESS
LOWEST:     24 ON 19                               3 = THUNDER
                        SNOW, ICE PELLETS, HAIL    4 = ICE PELLETS
                        TOTAL MONTH:   4.9 INCHES  5 = HAIL
                        GRTST 24HR   2.9 ON   M    6 = FREEZING RAIN OR DRIZZLE
                        GRTST DEPTH:   4 ON 31,30  7 = DUSTSTORM OR SANDSTORM:
                                                       VSBY 1/2 MILE OR LESS
                                                   8 = SMOKE OR HAZE
[NO. OF DAYS WITH]      [WEATHER - DAYS WITH]      9 = BLOWING SNOW
                                                   X = TORNADO
MAX 32 OR BELOW:   1    0.01 INCH OR MORE:  14
MAX 90 OR ABOVE:   0    0.10 INCH OR MORE:   7
MIN 32 OR BELOW:  15    0.50 INCH OR MORE:   3
MIN  0 OR BELOW:   0    1.00 INCH OR MORE:   3

[HDD (BASE 65) ]
TOTAL THIS MO.   773    CLEAR  (SCALE 0-3)   0
DPTR FM NORMAL  -306    PTCLDY (SCALE 4-7)  10
TOTAL FM JUL 1  1840    CLOUDY (SCALE 8-10) 21
DPTR FM NORMAL  -606

[CDD (BASE 65) ]
TOTAL THIS MO.     0
DPTR FM NORMAL     0    [PRESSURE DATA]
TOTAL FM JAN 1   570    HIGHEST SLP 30.68 ON  5
DPTR FM NORMAL     4    LOWEST  SLP 29.06 ON 23

[REMARKS]
#FINAL-12-15#
