000
CXUS53 KGRR 011248
CF6MKG
PRELIMINARY LOCAL CLIMATOLOGICAL DATA (WS FORM: F-6)

                                          STATION:   MUSKEGON MI
                                          MONTH:     JANUARY
                                          YEAR:      2014
                                          LATITUDE:   43 10 N
                                          LONGITUDE:  86 14 W

  TEMPERATURE IN F:       :PCPN:    SNOW:  WIND      :SUNSHINE: SKY     :PK WND
================================================================================
1   2   3   4   5  6A  6B    7    8   9   10  11  12  13   14  15   16   17  18
                                     12Z  AVG MX 2MIN
DY MAX MIN AVG DEP HDD CDD  WTR  SNW DPTH SPD SPD DIR MIN PSBL S-S WX    SPD DR
================================================================================

 1  15  11  13 -14  52   0    T    T   12  9.9 16  60   M    M  10        21  70
 2  15   5  10 -17  55   0    T    T    9  9.4 18  50   M    M   8        24  40
 3  22   2  12 -14  53   0 0.05  1.7    9 12.7 33 190   M    M   8 89     43 190
 4  32  22  27   1  38   0 0.28  3.1   10 19.3 36 190   M    M   8 1289   48 210
 5  32  17  25  -1  40   0 0.12  2.3   13 11.8 18 350   M    M  10 189    28 350
 6  17  -1   8 -18  57   0 0.23  3.9   16 16.7 28 280   M    M  10 19     37 280
 7  13  -1   6 -20  59   0 0.12  2.4   17 15.5 24 270   M    M  10 89     33 310
 8  19  13  16 -10  49   0 0.03  0.6   16  8.1 13 280   M    M  10 8      16 290
 9  22  12  17  -9  48   0    T  0.2   15  8.8 15 130   M    M   9 18     17 130
10  43  22  33   7  32   0 0.75    T   15 10.7 22 190   M    M  10 128    30 180
11  43  33  38  12  27   0 0.30    T   10 13.5 23 190   M    M  10 1      30 190
12  43  32  38  12  27   0 0.00  0.0    8 15.5 26 170   M    M   9        38 170
13  40  33  37  12  28   0 0.00  0.0    8 12.5 23 200   M    M   6        32 190
14  35  23  29   4  36   0 0.09  0.3    7 12.8 26 230   M    M   7 18     36 220
15  32  21  27   2  38   0 0.05  1.3    8 14.4 28 320   M    M  10 1      35 320
16  33  22  28   3  37   0 0.21  2.6    9 14.4 26 200   M    M  10 128    34 190
17  30  21  26   1  39   0 0.01  0.1   11 11.1 21 270   M    M  10 1      26 290
18  28  16  22  -3  43   0 0.03  0.6   12  6.9 16 220   M    M   8 18     20 210
19  34  19  27   2  38   0    T    T   12 15.0 28 220   M    M   8 189    38 230
20  34  11  23  -2  42   0 0.01    T   12  8.9 16 360   M    M   9        22 360
21  15   6  11 -14  54   0    T    T   12  5.4 13 340   M    M   8 8      16 340
22  17  10  14 -11  51   0 0.27  8.1   12 12.2 21 170   M    M  10 189    29 180
23  19  -1   9 -16  56   0 0.01  0.4   17  8.9 17 280   M    M   6 8      23 270
24  29  11  20  -5  45   0 0.10  3.4   16 26.0 44 220   M    M  10 189    52 220
25  31  11  21  -4  44   0 0.09  3.0   18 18.0 32 320   M    M  10 189    41 330
26  23  10  17  -8  48   0 0.26  6.7   20 11.7 25 320   M    M  10 19     35 320
27  14   2   8 -17  57   0 0.18  4.2   23 15.0 29 320   M    M  10 89     37 330
28  10   6   8 -17  57   0 0.07  2.3   25 13.3 20 250   M    M  10 89     27 260
29  24  10  17  -8  48   0    T    T   25 16.4 24 220   M    M   7 8      33 220
30  33  18  26   1  39   0 0.06  1.2   24 19.8 32 220   M    M   7 129    43 210
31  33  13  23  -2  42   0    T    T   24  6.0 22 320   M    M   8        27 290
================================================================================
SM  830  429      1379   0  3.32    48.4 400.6          M      276
================================================================================
AV 26.8 13.8                              12.9 FASTST   M    M   9    MAX(MPH)
                                 MISC ---->  # 44 220               # 52  220
================================================================================
NOTES:
# LAST OF SEVERAL OCCURRENCES

COLUMN 17 PEAK WIND IN M.P.H.

PRELIMINARY LOCAL CLIMATOLOGICAL DATA (WS FORM: F-6) , PAGE 2

                                          STATION:  MUSKEGON MI
                                          MONTH:    JANUARY
                                          YEAR:     2014
                                          LATITUDE:   43 10 N
                                          LONGITUDE:  86 14 W

[TEMPERATURE DATA]      [PRECIPITATION DATA]       SYMBOLS USED IN COLUMN 16

AVERAGE MONTHLY: 20.3   TOTAL FOR MONTH:   3.32    1 = FOG OR MIST
DPTR FM NORMAL:  -5.1   DPTR FM NORMAL:    1.29    2 = FOG REDUCING VISIBILITY
HIGHEST:    43 ON 12,11 GRTST 24HR  1.05 ON 10-11      TO 1/4 MILE OR LESS
LOWEST:     -1 ON 23, 7                            3 = THUNDER
                        SNOW, ICE PELLETS, HAIL    4 = ICE PELLETS
                        TOTAL MONTH:  48.4 INCHES  5 = HAIL
                        GRTST 24HR   8.1 ON   M    6 = FREEZING RAIN OR DRIZZLE
                        GRTST DEPTH:  25 ON 29,28  7 = DUSTSTORM OR SANDSTORM:
                                                       VSBY 1/2 MILE OR LESS
                                                   8 = SMOKE OR HAZE
[NO. OF DAYS WITH]      [WEATHER - DAYS WITH]      9 = BLOWING SNOW
                                                   X = TORNADO
MAX 32 OR BELOW:  21    0.01 INCH OR MORE:  22
MAX 90 OR ABOVE:   0    0.10 INCH OR MORE:  11
MIN 32 OR BELOW:  29    0.50 INCH OR MORE:   1
MIN  0 OR BELOW:   3    1.00 INCH OR MORE:   0

[HDD (BASE 65) ]
TOTAL THIS MO.  1379    CLEAR  (SCALE 0-3)   0
DPTR FM NORMAL   153    PTCLDY (SCALE 4-7)   9
TOTAL FM JUL 1  3843    CLOUDY (SCALE 8-10) 22
DPTR FM NORMAL   171

[CDD (BASE 65) ]
TOTAL THIS MO.     0
DPTR FM NORMAL     0    [PRESSURE DATA]
TOTAL FM JAN 1     0    HIGHEST SLP 30.55 ON  9
DPTR FM NORMAL     0    LOWEST  SLP 29.31 ON 25

[REMARKS]
#FINAL-01-14#
