000
CXUS53 KGRR 011017
CF6MKG
PRELIMINARY LOCAL CLIMATOLOGICAL DATA (WS FORM: F-6)

                                          STATION:   MUSKEGON MI
                                          MONTH:     FEBRUARY
                                          YEAR:      2015
                                          LATITUDE:   43 10 N
                                          LONGITUDE:  86 14 W

  TEMPERATURE IN F:       :PCPN:    SNOW:  WIND      :SUNSHINE: SKY     :PK WND
================================================================================
1   2   3   4   5  6A  6B    7    8   9   10  11  12  13   14  15   16   17  18
                                     12Z  AVG MX 2MIN
DY MAX MIN AVG DEP HDD CDD  WTR  SNW DPTH SPD SPD DIR MIN PSBL S-S WX    SPD DR
================================================================================

 1  29  11  20  -5  45   0 0.44  6.0    4 17.7 29  60   M    M  10 189    39  60
 2  21   4  13 -12  52   0 0.03  0.6   10  9.3 21  20   M    M   8 8      28  20
 3  28  19  24  -1  41   0 0.07  0.8   10 10.8 18 250   M    M   8 18     24 250
 4  25  14  20  -6  45   0 0.02  0.4   11 10.3 25 340   M    M  10 1      29 330
 5  23   8  16 -10  49   0    T    T   10 11.5 29 230   M    M   7 8      36 240
 6  30  21  26   0  39   0 0.00  0.0   10 11.0 28 240   M    M   9        36 240
 7  39  25  32   6  33   0 0.00  0.0    8  6.7 12 160   M    M   9 18     14 170
 8  38  22  30   4  35   0 0.00  0.0    7 10.1 17  70   M    M  10 18     23  60
 9  31  18  25  -1  40   0 0.00  0.0    7  8.8 16  40   M    M   7        20  30
10  29   9  19  -7  46   0 0.00  0.0    7  7.2 20 120   M    M   4        23 120
11  33  21  27   1  38   0 0.06  0.7    7 14.3 25 330   M    M  10 168    37 330
12  21  12  17  -9  48   0 0.02  0.5    8 14.0 25 360   M    M   8 18     34 360
13  26  13  20  -7  45   0 0.07  2.2    8 14.4 26 230   M    M  10 1289   34 250
14  26   6  16 -11  49   0 0.27  4.1   11 19.3 35 350   M    M   9 189    45 330
15  10  -5   3 -24  62   0    T    T   13  6.4 15  30   M    M   5 8      20  50
16  14   2   8 -19  57   0 0.00  0.0   13  7.5 14 130   M    M  10        16 130
17  20  10  15 -12  50   0 0.15  5.7   15 10.0 24 290   M    M  10 18     33 290
18  15   5  10 -18  55   0 0.21  4.4   19 12.4 26 330   M    M  10 189    35 330
19   5  -8  -1 -29  66   0 0.10  1.4   20  9.2 20 340   M    M   9 89     25 320
20  16  -9   4 -24  61   0    T    T   19 11.6 23 180   M    M  10 89     29 170
21  27  16  22  -6  43   0    T    T   19  5.8 12 160   M    M  10 18     16 150
22  27   6  17 -11  48   0 0.03  0.8   19  9.7 22 320   M    M  10 189    28 320
23  16  -3   7 -22  58   0 0.05  1.0   19  8.7 18 220   M    M   9 1      26 220
24  31  14  23  -6  42   0 0.04  0.9   18 20.8 32 230   M    M   7 1289   45 220
25  20   4  12 -17  53   0    T    T   20  8.1 22 330   M    M   8 8      28 330
26  16   2   9 -20  56   0 0.00  0.0   13 10.4 18  40   M    M   6        25  30
27  19  -7   6 -24  59   0 0.01  0.2   17  7.1 16 210   M    M   6        20 270
28  19   4  12 -18  53   0    T    T   17  7.8 16 210   M    M   6 8      19 170
================================================================================
SM  654  234      1368   0  1.57    29.7 300.9          M      235
================================================================================
AV 23.4  8.4                              10.7 FASTST   M    M   8    MAX(MPH)
                                 MISC ---->  # 35 350               # 45  330
================================================================================
NOTES:
# LAST OF SEVERAL OCCURRENCES

COLUMN 17 PEAK WIND IN M.P.H.

PRELIMINARY LOCAL CLIMATOLOGICAL DATA (WS FORM: F-6) , PAGE 2

                                          STATION:  MUSKEGON MI
                                          MONTH:    FEBRUARY
                                          YEAR:     2015
                                          LATITUDE:   43 10 N
                                          LONGITUDE:  86 14 W

[TEMPERATURE DATA]      [PRECIPITATION DATA]       SYMBOLS USED IN COLUMN 16

AVERAGE MONTHLY: 15.9   TOTAL FOR MONTH:   1.57    1 = FOG OR MIST
DPTR FM NORMAL: -11.2   DPTR FM NORMAL:   -0.26    2 = FOG REDUCING VISIBILITY
HIGHEST:    39 ON  7    GRTST 24HR  0.44 ON  1- 1      TO 1/4 MILE OR LESS
LOWEST:     -9 ON 20                               3 = THUNDER
                        SNOW, ICE PELLETS, HAIL    4 = ICE PELLETS
                        TOTAL MONTH:  29.7 INCHES  5 = HAIL
                        GRTST 24HR   6.0 ON  1- 1  6 = FREEZING RAIN OR DRIZZLE
                        GRTST DEPTH:  20 ON 25,19  7 = DUSTSTORM OR SANDSTORM:
                                                       VSBY 1/2 MILE OR LESS
                                                   8 = SMOKE OR HAZE
[NO. OF DAYS WITH]      [WEATHER - DAYS WITH]      9 = BLOWING SNOW
                                                   X = TORNADO
MAX 32 OR BELOW:  25    0.01 INCH OR MORE:  15
MAX 90 OR ABOVE:   0    0.10 INCH OR MORE:   5
MIN 32 OR BELOW:  28    0.50 INCH OR MORE:   0
MIN  0 OR BELOW:   5    1.00 INCH OR MORE:   0

[HDD (BASE 65) ]
TOTAL THIS MO.  1368    CLEAR  (SCALE 0-3)   0
DPTR FM NORMAL   308    PTCLDY (SCALE 4-7)  10
TOTAL FM JUL 1  5125    CLOUDY (SCALE 8-10) 18
DPTR FM NORMAL   393

[CDD (BASE 65) ]
TOTAL THIS MO.     0
DPTR FM NORMAL     0    [PRESSURE DATA]
TOTAL FM JAN 1     0    HIGHEST SLP 30.75 ON 28
DPTR FM NORMAL     0    LOWEST  SLP 29.60 ON 24

[REMARKS]
#FINAL-02-15#
