000
CXUS53 KGRR 011017
CF6MKG
PRELIMINARY LOCAL CLIMATOLOGICAL DATA (WS FORM: F-6)

                                          STATION:   MUSKEGON MI
                                          MONTH:     JUNE
                                          YEAR:      2013
                                          LATITUDE:   43 10 N
                                          LONGITUDE:  86 14 W

  TEMPERATURE IN F:       :PCPN:    SNOW:  WIND      :SUNSHINE: SKY     :PK WND
================================================================================
1   2   3   4   5  6A  6B    7    8   9   10  11  12  13   14  15   16   17  18
                                     12Z  AVG MX 2MIN
DY MAX MIN AVG DEP HDD CDD  WTR  SNW DPTH SPD SPD DIR MIN PSBL S-S WX    SPD DR
================================================================================

 1  74  57  66   4   0   1 0.33  0.0    0 13.6 25 200   M    M   7 13     33 200
 2  58  43  51 -11  14   0    T  0.0    0  9.8 23 340   M    M   7 1      29 340
 3  60  38  49 -13  16   0 0.00  0.0    0  4.8 13 240   M    M   1        16 230
 4  71  47  59  -4   6   0 0.00  0.0    0  5.4 13 290   M    M   2        16 320
 5  71  57  64   1   1   0 0.02  0.0    0  9.2 20 120   M    M   9        28 120
 6  70  56  63  -1   2   0 0.09  0.0    0  6.6 14 110   M    M   8        20 120
 7  74  52  63  -1   2   0 0.00  0.0    0  8.4 16 270   M    M   2        21 340
 8  69  51  60  -4   5   0 0.00  0.0    0  3.6 10 260   M    M   1        13 260
 9  81  55  68   4   0   3 0.02  0.0    0  7.6 17 120   M    M   5 8      22 170
10  72  57  65   0   0   0 0.03  0.0    0  6.2 14  70   M    M   8 1      17  80
11  74  54  64  -1   1   0 0.00  0.0    0  4.0 14 230   M    M   4 128    15 220
12  79  59  69   4   0   4 1.44  0.0    0  5.4 18  20   M    M   3 138    23  30
13  75  58  67   1   0   2 0.35  0.0    0 10.9 21 350   M    M   3 1      29 350
14  75  54  65  -1   0   0 0.00  0.0    0  5.6 16 290   M    M   0        21 290
15  73  53  63  -3   2   0 0.44  0.0    0  5.8 18 200   M    M   5 13     29 180
16  74  58  66  -1   0   1 0.86  0.0    0  8.1 28 240   M    M   6 123    36 230
17  79  57  68   1   0   3 0.00  0.0    0  5.5 20 350   M    M   4 13     25 340
18  75  56  66  -1   0   1 0.00  0.0    0  8.5 16  70   M    M   5        21  70
19  75  49  62  -6   3   0 0.00  0.0    0  5.5 15 110   M    M   0        17  60
20  81  50  66  -2   0   1 0.00  0.0    0  2.9 12 210   M    M   3        15 210
21  80  64  72   4   0   7    T  0.0    0 10.5 24 200   M    M   5        32 200
22  85  67  76   8   0  11 0.01  0.0    0  5.4 17 160   M    M   5 18     22 160
23  84  67  76   8   0  11 0.00  0.0    0 14.6 26 190   M    M   2 18     33 200
24  80  67  74   5   0   9    T  0.0    0  9.9 20 210   M    M   6 8      26 230
25  81  64  73   4   0   8 0.67  0.0    0  5.1 16 210   M    M   7 13     22 200
26  84  66  75   6   0  10 0.00  0.0    0  4.9 16 200   M    M   5 1      22 190
27  84  65  75   6   0  10 0.04  0.0    0  4.4 14 260   M    M   5 13     18 250
28  77  64  71   1   0   6 0.00  0.0    0  6.0 16 290   M    M   3 1      21 280
29  74  63  69  -1   0   4 0.03  0.0    0  6.4 17  40   M    M   7 1      22  40
30  84  62  73   3   0   8 0.00  0.0    0  6.8 17  60   M    M   6        22  60
================================================================================
SM 2273 1710        52 100  4.33     0.0 211.4          M      134
================================================================================
AV 75.8 57.0                               7.0 FASTST   M    M   4    MAX(MPH)
                                 MISC ---->  # 28 240               # 36  230
================================================================================
NOTES:
# LAST OF SEVERAL OCCURRENCES

COLUMN 17 PEAK WIND IN M.P.H.

PRELIMINARY LOCAL CLIMATOLOGICAL DATA (WS FORM: F-6) , PAGE 2

                                          STATION:  MUSKEGON MI
                                          MONTH:    JUNE
                                          YEAR:     2013
                                          LATITUDE:   43 10 N
                                          LONGITUDE:  86 14 W

[TEMPERATURE DATA]      [PRECIPITATION DATA]       SYMBOLS USED IN COLUMN 16

AVERAGE MONTHLY: 66.4   TOTAL FOR MONTH:   4.33    1 = FOG OR MIST
DPTR FM NORMAL:   0.1   DPTR FM NORMAL:    1.78    2 = FOG REDUCING VISIBILITY
HIGHEST:    85 ON 22    GRTST 24HR  1.79 ON 12-13      TO 1/4 MILE OR LESS
LOWEST:     38 ON  3                               3 = THUNDER
                        SNOW, ICE PELLETS, HAIL    4 = ICE PELLETS
                        TOTAL MONTH:   0.0 INCH    5 = HAIL
                        GRTST 24HR     0.0         6 = FREEZING RAIN OR DRIZZLE
                        GRTST DEPTH:   0           7 = DUSTSTORM OR SANDSTORM:
                                                       VSBY 1/2 MILE OR LESS
                                                   8 = SMOKE OR HAZE
[NO. OF DAYS WITH]      [WEATHER - DAYS WITH]      9 = BLOWING SNOW
                                                   X = TORNADO
MAX 32 OR BELOW:   0    0.01 INCH OR MORE:  13
MAX 90 OR ABOVE:   0    0.10 INCH OR MORE:   6
MIN 32 OR BELOW:   0    0.50 INCH OR MORE:   3
MIN  0 OR BELOW:   0    1.00 INCH OR MORE:   1

[HDD (BASE 65) ]
TOTAL THIS MO.    52    CLEAR  (SCALE 0-3)  10
DPTR FM NORMAL   -14    PTCLDY (SCALE 4-7)  19
TOTAL FM JUL 1  6324    CLOUDY (SCALE 8-10)  1
DPTR FM NORMAL  -236

[CDD (BASE 65) ]
TOTAL THIS MO.   100
DPTR FM NORMAL    -5    [PRESSURE DATA]
TOTAL FM JAN 1   160    HIGHEST SLP 30.20 ON  4
DPTR FM NORMAL    26    LOWEST  SLP 29.57 ON 28

[REMARKS]
#FINAL-06-13#
