213
CXUS53 KGRR 011900
CF6MKG
PRELIMINARY LOCAL CLIMATOLOGICAL DATA (WS FORM: F-6)

                                          STATION:   MUSKEGON
                                          MONTH:     JANUARY
                                          YEAR:      2017
                                          LATITUDE:   43 10 N
                                          LONGITUDE:  86 14 W

  TEMPERATURE IN F:       :PCPN:    SNOW:  WIND      :SUNSHINE: SKY     :PK WND
================================================================================
1   2   3   4   5  6A  6B    7    8   9   10  11  12  13   14  15   16   17  18
                                     12Z  AVG MX 2MIN
DY MAX MIN AVG DEP HDD CDD  WTR  SNW DPTH SPD SPD DIR MIN PSBL S-S WX    SPD DR
================================================================================

 1  39  23  31   4  34   0 0.00  0.0    0  8.5 21 210   M    M   5        27 210
 2  45  24  35   8  30   0 0.09  0.0    0  9.1 20 100   M    M   6 1      25 100
 3  39  30  35   9  30   0 0.04    T    0  8.8 24 290   M    M  10 1      31 280
 4  30  15  23  -3  42   0 0.04  1.2    T 18.1 28 280   M    M  10 9      37 310
 5  15   9  12 -14  53   0 0.09  2.3    2 12.1 20 290   M    M  10 19     28 300
 6  13   9  11 -15  54   0 0.08  2.0    4  7.3 15 270   M    M  10 18     19 280
 7  16  11  14 -12  51   0 0.06  1.4    5 13.6 23 290   M    M  10 89     33 290
 8  21  12  17  -9  48   0 0.06  1.6    4  8.6 20 160   M    M  10 8      26 150
 9  30  15  23  -3  42   0 0.09  1.2    5 11.6 28 220   M    M  10 19     35 220
10  46  27  37  11  28   0 0.37  2.1    6 18.6 39 210   M    M   9 14     54 180
11  44  28  36  10  29   0 0.12  0.0    2 11.7 26 250   M    M   9 1      38 260
12  33  22  28   2  37   0    T    T    0 10.6 23 290   M    M   8 1      29 300
13  23  18  21  -4  44   0    T    T    0  7.0 17 340   M    M   9        22 340
14  32  17  25   0  40   0 0.00  0.0    0  3.9 12 330   M    M   7 18     14 330
15  36  12  24  -1  41   0 0.00  0.0    0  3.2 14 230   M    M   2 18     16 220
16  36  20  28   3  37   0 0.29    T    0  6.4 15 100   M    M   8 168    20 110
17  38  35  37  12  28   0 0.88  0.0    0  8.6 16  90   M    M  10 1      23 100
18  39  36  38  13  27   0 0.00  0.0    0 10.6 21 210   M    M  10 1      26 220
19  41  35  38  13  27   0 0.00  0.0    0  7.1 15 230   M    M  10 18     19 230
20  39  36  38  13  27   0 0.30  0.0    0  5.9 13  40   M    M  10 1      18  50
21  62  37  50  25  15   0 0.02  0.0    0  8.2 16 220   M    M   8 128    21 220
22  48  36  42  17  23   0 0.00  0.0    0  2.4  9 310   M    M  10 12     12 290
23  46  36  41  16  24   0 0.00  0.0    0  6.6 13 340   M    M  10 12     14 330
24  41  37  39  14  26   0    T  0.0    0  5.8 13 320   M    M  10 18     16 320
25  39  34  37  12  28   0 0.14    T    0  6.2 14 100   M    M  10 1      19  90
26  37  33  35  10  30   0 0.07  0.2    T 13.0 21 290   M    M  10 1      26 320
27  33  29  31   6  34   0    T    T    0 13.0 20 270   M    M  10        27 280
28  32  29  31   6  34   0 0.01    T    T 11.2 20 330   M    M  10 1      26 330
29  31  20  26   1  39   0 0.11  2.6    T  7.9 17 300   M    M  10 128    23 280
30  26  20  23  -2  42   0 0.11  1.8    3  8.7 17 130   M    M  10 1      21 130
31  36  25  31   6  34   0 0.06  1.0    5 10.4 23 280   M    M  10 1      30 280
================================================================================
SM 1086  770      1078   0  3.03    17.4 284.7          M      281
================================================================================
AV 35.0 24.8                               9.2 FASTST   M    M   9    MAX(MPH)
                                 MISC ---->  # 39 210               # 54  180
================================================================================
NOTES:
# LAST OF SEVERAL OCCURRENCES

COLUMN 17 PEAK WIND IN M.P.H.

PRELIMINARY LOCAL CLIMATOLOGICAL DATA (WS FORM: F-6) , PAGE 2

                                          STATION:  MUSKEGON
                                          MONTH:    JANUARY
                                          YEAR:     2017
                                          LATITUDE:   43 10 N
                                          LONGITUDE:  86 14 W

[TEMPERATURE DATA]      [PRECIPITATION DATA]       SYMBOLS USED IN COLUMN 16

AVERAGE MONTHLY: 29.9   TOTAL FOR MONTH:   3.03    1 = FOG OR MIST
DPTR FM NORMAL:   4.5   DPTR FM NORMAL:    1.00    2 = FOG REDUCING VISIBILITY
HIGHEST:    62 ON 21    GRTST 24HR  1.17 ON 16-17      TO 1/4 MILE OR LESS
LOWEST:      9 ON  6, 5                            3 = THUNDER
                        SNOW, ICE PELLETS, HAIL    4 = ICE PELLETS
                        TOTAL MONTH:  17.4 INCHES  5 = HAIL
                        GRTST 24HR   2.6 ON   M    6 = FREEZING RAIN OR DRIZZLE
                        GRTST DEPTH:   6 ON 10     7 = DUSTSTORM OR SANDSTORM:
                                                       VSBY 1/2 MILE OR LESS
                                                   8 = SMOKE OR HAZE
[NO. OF DAYS WITH]      [WEATHER - DAYS WITH]      9 = BLOWING SNOW
                                                   X = TORNADO
MAX 32 OR BELOW:  11    0.01 INCH OR MORE:  20
MAX 90 OR ABOVE:   0    0.10 INCH OR MORE:   8
MIN 32 OR BELOW:  21    0.50 INCH OR MORE:   1
MIN  0 OR BELOW:   0    1.00 INCH OR MORE:   0

[HDD (BASE 65) ]
TOTAL THIS MO.  1078    CLEAR  (SCALE 0-3)   1
DPTR FM NORMAL  -148    PTCLDY (SCALE 4-7)   6
TOTAL FM JUL 1  3043    CLOUDY (SCALE 8-10) 24
DPTR FM NORMAL  -629

[CDD (BASE 65) ]
TOTAL THIS MO.     0
DPTR FM NORMAL     0    [PRESSURE DATA]
TOTAL FM JAN 1     0    HIGHEST SLP 30.83 ON 13
DPTR FM NORMAL     0    LOWEST  SLP 29.16 ON 10

[REMARKS]
#FINAL-01-17#
