000
CXUS53 KGRR 011017
CF6MKG
PRELIMINARY LOCAL CLIMATOLOGICAL DATA (WS FORM: F-6)

                                          STATION:   MUSKEGON MI
                                          MONTH:     SEPTEMBER
                                          YEAR:      2013
                                          LATITUDE:   43 10 N
                                          LONGITUDE:  86 14 W

  TEMPERATURE IN F:       :PCPN:    SNOW:  WIND      :SUNSHINE: SKY     :PK WND
================================================================================
1   2   3   4   5  6A  6B    7    8   9   10  11  12  13   14  15   16   17  18
                                     12Z  AVG MX 2MIN
DY MAX MIN AVG DEP HDD CDD  WTR  SNW DPTH SPD SPD DIR MIN PSBL S-S WX    SPD DR
================================================================================

 1  81  62  72   5   0   7 0.00  0.0    0  5.0 13 220   M    M   5 18     16 330
 2  72  61  67   0   0   2 0.00  0.0    0  9.9 17 340   M    M   7        24 340
 3  73  55  64  -3   1   0 0.00  0.0    0  7.2 17 280   M    M   5         M  M
 4  76  64  70   4   0   5 0.00  0.0    0  8.1 15 290   M    M   4        21 270
 5  74  53  64  -2   1   0 0.00  0.0    0  6.6 14 300   M    M   2        17 300
 6  78  49  64  -2   1   0 0.00  0.0    0  6.1 15 200   M    M   4        17 200
 7  80  65  73   8   0   8 0.04  0.0    0  6.9 15 190   M    M   6 138    22 190
 8  80  64  72   7   0   7 0.00  0.0    0  8.3 21  70   M    M   5 1      26  70
 9  85  62  74   9   0   9 0.69  0.0    0  9.2 17 210   M    M   6 13     22 220
10  87  75  81  17   0  16 0.01  0.0    0 14.8 21 220   M    M   1        30 220
11  84  66  75  11   0  10 0.02  0.0    0  6.4 21 210   M    M   6 1      26 230
12  77  57  67   3   0   2    T  0.0    0  9.3 22 360   M    M   4        28  10
13  67  48  58  -5   7   0 0.00  0.0    0  9.2 22  20   M    M   3        28  10
14  67  39  53 -10  12   0 0.00  0.0    0  4.1 14 210   M    M   3        17 210
15  64  55  60  -2   5   0 0.16  0.0    0  4.7 15 350   M    M   7 1      18 340
16  63  46  55  -7  10   0 0.00  0.0    0  5.9 13 350   M    M   6        17 350
17  69  40  55  -7  10   0 0.00  0.0    0  5.1 12 200   M    M   4        15 130
18  77  52  65   4   0   0    T  0.0    0  6.7 16 180   M    M   6        21 200
19  75  65  70   9   0   5 0.59  0.0    0  9.2 22 190   M    M   8 13     28 180
20  74  64  69   9   0   4 0.02  0.0    0 12.1 23 190   M    M   7 138    31 170
21  65  54  60   0   5   0    T  0.0    0 11.0 22 320   M    M   8        26 290
22  58  46  52  -8  13   0 0.00  0.0    0  4.9 12 340   M    M   9        14  40
23  65  39  52  -7  13   0 0.00  0.0    0  5.8 14 120   M    M   2        18 110
24  69  42  56  -3   9   0 0.00  0.0    0  6.1 12 100   M    M   2 1      18 100
25  73  47  60   2   5   0 0.00  0.0    0  3.6 12  90   M    M   4        16  70
26  76  46  61   3   4   0 0.00  0.0    0  2.9 10 280   M    M   0 1      13 290
27  79  46  63   5   2   0 0.00  0.0    0  5.2 15 120   M    M   2 1      18 130
28  80  53  67  10   0   2 0.00  0.0    0 10.7 23 190   M    M   3 1      32 180
29  73  52  63   6   2   0 0.42  0.0    0  7.1 21 190   M    M   6 1      26 310
30  69  47  58   2   7   0 0.00  0.0    0  5.2 13 230   M    M   4        17 230
================================================================================
SM 2210 1614       107  77  1.95     0.0 217.3          M      139
================================================================================
AV 73.7 53.8                               7.2 FASTST   M    M   5    MAX(MPH)
                                 MISC ---->  # 23 190               # 32  180
================================================================================
NOTES:
# LAST OF SEVERAL OCCURRENCES

COLUMN 17 PEAK WIND IN M.P.H.

PRELIMINARY LOCAL CLIMATOLOGICAL DATA (WS FORM: F-6) , PAGE 2

                                          STATION:  MUSKEGON MI
                                          MONTH:    SEPTEMBER
                                          YEAR:     2013
                                          LATITUDE:   43 10 N
                                          LONGITUDE:  86 14 W

[TEMPERATURE DATA]      [PRECIPITATION DATA]       SYMBOLS USED IN COLUMN 16

AVERAGE MONTHLY: 63.7   TOTAL FOR MONTH:   1.95    1 = FOG OR MIST
DPTR FM NORMAL:   1.6   DPTR FM NORMAL:   -1.94    2 = FOG REDUCING VISIBILITY
HIGHEST:    87 ON 10    GRTST 24HR  0.70 ON  9-10      TO 1/4 MILE OR LESS
LOWEST:     39 ON 14,23                            3 = THUNDER
                        SNOW, ICE PELLETS, HAIL    4 = ICE PELLETS
                        TOTAL MONTH:   0.0 INCH    5 = HAIL
                        GRTST 24HR     0.0         6 = FREEZING RAIN OR DRIZZLE
                        GRTST DEPTH:   0           7 = DUSTSTORM OR SANDSTORM:
                                                       VSBY 1/2 MILE OR LESS
                                                   8 = SMOKE OR HAZE
[NO. OF DAYS WITH]      [WEATHER - DAYS WITH]      9 = BLOWING SNOW
                                                   X = TORNADO
MAX 32 OR BELOW:   0    0.01 INCH OR MORE:   8
MAX 90 OR ABOVE:   0    0.10 INCH OR MORE:   4
MIN 32 OR BELOW:   0    0.50 INCH OR MORE:   2
MIN  0 OR BELOW:   0    1.00 INCH OR MORE:   0

[HDD (BASE 65) ]
TOTAL THIS MO.   107    CLEAR  (SCALE 0-3)   8
DPTR FM NORMAL   -36    PTCLDY (SCALE 4-7)  21
TOTAL FM JUL 1   142    CLOUDY (SCALE 8-10)  1
DPTR FM NORMAL   -31

[CDD (BASE 65) ]
TOTAL THIS MO.    77
DPTR FM NORMAL    23    [PRESSURE DATA]
TOTAL FM JAN 1   616    HIGHEST SLP 30.41 ON 17
DPTR FM NORMAL    55    LOWEST  SLP 29.73 ON 21

[REMARKS]
#FINAL-09-13#
