000
CXUS53 KGRR 011017
CF6MKG
PRELIMINARY LOCAL CLIMATOLOGICAL DATA (WS FORM: F-6)

                                          STATION:   MUSKEGON MI
                                          MONTH:     OCTOBER
                                          YEAR:      2013
                                          LATITUDE:   43 10 N
                                          LONGITUDE:  86 14 W

  TEMPERATURE IN F:       :PCPN:    SNOW:  WIND      :SUNSHINE: SKY     :PK WND
================================================================================
1   2   3   4   5  6A  6B    7    8   9   10  11  12  13   14  15   16   17  18
                                     12Z  AVG MX 2MIN
DY MAX MIN AVG DEP HDD CDD  WTR  SNW DPTH SPD SPD DIR MIN PSBL S-S WX    SPD DR
================================================================================

 1  71  55  63   7   2   0 0.00  0.0    0 14.2 25 200   M    M   5 18     38 200
 2  75  50  63   7   2   0 0.00  0.0    0  1.7  8 300   M    M   1 1      13 250
 3  73  54  64   9   1   0 0.16  0.0    0  8.3 22 210   M    M   7 138    31 200
 4  74  66  70  15   0   5 0.61  0.0    0  7.3 16 210   M    M   7 13     20 200
 5  75  64  70  16   0   5 0.37  0.0    0  9.1 17 190   M    M  10 138    23 210
 6  68  54  61   7   4   0 0.22  0.0    0  8.2 21 250   M    M   9 1      26 250
 7  62  47  55   1  10   0 0.27  0.0    0  9.4 20 290   M    M   6 1      28 320
 8  69  44  57   4   8   0 0.00  0.0    0  5.7 12 210   M    M   1        14 220
 9  68  46  57   4   8   0 0.00  0.0    0  4.7 12 220   M    M   0        15 170
10  73  42  58   5   7   0 0.00  0.0    0  2.3 10 140   M    M   2        13 150
11  73  44  59   7   6   0 0.00  0.0    0  4.4 13 130   M    M   3        16 140
12  76  51  64  12   1   0 0.28  0.0    0  9.2 22 200   M    M   4 1      29 190
13  61  43  52   0  13   0 0.00  0.0    0  7.3 15 290   M    M   4        23 290
14  64  37  51   0  14   0 0.00  0.0    0  4.1 14  70   M    M   2 1      20 110
15  66  44  55   4  10   0 0.31  0.0    0 11.1 22 240   M    M   7 13     29 210
16  58  52  55   5  10   0 0.17  0.0    0  9.5 17 280   M    M   9 1      25 230
17  53  48  51   1  14   0 0.25  0.0    0  6.2 15 340   M    M   9 1      20 340
18  60  41  51   1  14   0 0.00  0.0    0  9.9 18 270   M    M   7        24 250
19  55  41  48  -2  17   0 0.17  0.0    0  8.6 22 270   M    M   9 3      32 250
20  58  46  52   3  13   0 0.06  0.0    0 10.4 18 240   M    M   7        26 270
21  58  41  50   1  15   0    T  0.0    0 14.2 25 280   M    M  10        35 290
22  50  34  42  -7  23   0 0.11  0.0    0  9.6 22 270   M    M   8 1      31 280
23  46  34  40  -8  25   0 0.10    T    0  6.8 18 320   M    M   8 1      24 310
24  45  34  40  -8  25   0 0.24    T    0  5.5 18 330   M    M   9 1      25 340
25  52  39  46  -2  19   0 0.01  0.0    0 13.9 36 220   M    M   8        49 230
26  55  42  49   2  16   0    T  0.0    0 18.2 39 230   M    M   9        53 220
27  52  37  45  -2  20   0 0.00  0.0    0 10.0 22 220   M    M   7        29 230
28  51  35  43  -4  22   0 0.00  0.0    0  8.5 17  70   M    M   7        24 350
29  49  34  42  -4  23   0    T  0.0    0  7.1 15 100   M    M   8        17 110
30  61  34  48   2  17   0 0.07  0.0    0  5.8 21 160   M    M   7 18     28 150
31  62  53  58  12   7   0 1.07  0.0    0 13.2 24 260   M    M  10 1      31 270
================================================================================
SM 1913 1386       366  10  4.47    T    264.4          M      200
================================================================================
AV 61.7 44.7                               8.5 FASTST   M    M   6    MAX(MPH)
                                 MISC ---->  # 39 230               # 53  220
================================================================================
NOTES:
# LAST OF SEVERAL OCCURRENCES

COLUMN 17 PEAK WIND IN M.P.H.

PRELIMINARY LOCAL CLIMATOLOGICAL DATA (WS FORM: F-6) , PAGE 2

                                          STATION:  MUSKEGON MI
                                          MONTH:    OCTOBER
                                          YEAR:     2013
                                          LATITUDE:   43 10 N
                                          LONGITUDE:  86 14 W

[TEMPERATURE DATA]      [PRECIPITATION DATA]       SYMBOLS USED IN COLUMN 16

AVERAGE MONTHLY: 53.2   TOTAL FOR MONTH:   4.47    1 = FOG OR MIST
DPTR FM NORMAL:   2.5   DPTR FM NORMAL:    1.36    2 = FOG REDUCING VISIBILITY
HIGHEST:    76 ON 12    GRTST 24HR  1.07 ON 31-31      TO 1/4 MILE OR LESS
LOWEST:     34 ON 30,29                            3 = THUNDER
                        SNOW, ICE PELLETS, HAIL    4 = ICE PELLETS
                        TOTAL MONTH:    T          5 = HAIL
                        GRTST 24HR    T  ON 24-24  6 = FREEZING RAIN OR DRIZZLE
                        GRTST DEPTH:   0           7 = DUSTSTORM OR SANDSTORM:
                                                       VSBY 1/2 MILE OR LESS
                                                   8 = SMOKE OR HAZE
[NO. OF DAYS WITH]      [WEATHER - DAYS WITH]      9 = BLOWING SNOW
                                                   X = TORNADO
MAX 32 OR BELOW:   0    0.01 INCH OR MORE:  17
MAX 90 OR ABOVE:   0    0.10 INCH OR MORE:  14
MIN 32 OR BELOW:   0    0.50 INCH OR MORE:   2
MIN  0 OR BELOW:   0    1.00 INCH OR MORE:   1

[HDD (BASE 65) ]
TOTAL THIS MO.   366    CLEAR  (SCALE 0-3)   6
DPTR FM NORMAL   -84    PTCLDY (SCALE 4-7)  15
TOTAL FM JUL 1   508    CLOUDY (SCALE 8-10) 10
DPTR FM NORMAL  -115

[CDD (BASE 65) ]
TOTAL THIS MO.    10
DPTR FM NORMAL     5    [PRESSURE DATA]
TOTAL FM JAN 1   626    HIGHEST SLP 30.45 ON 29
DPTR FM NORMAL    60    LOWEST  SLP 29.10 ON 31

[REMARKS]
#FINAL-10-13#
