000
CXUS53 KGRR 010910
CF6MKG
PRELIMINARY LOCAL CLIMATOLOGICAL DATA (WS FORM: F-6)
STATION: MUSKEGON
MONTH: APRIL
YEAR: 2023
LATITUDE: 43 10 N
LONGITUDE: 86 14 W
TEMPERATURE IN F: :PCPN: SNOW: WIND :SUNSHINE: SKY :PK WND
================================================================================
1 2 3 4 5 6A 6B 7 8 9 10 11 12 13 14 15 16 17 18
12Z AVG MX 2MIN
DY MAX MIN AVG DEP HDD CDD WTR SNW DPTH SPD SPD DIR MIN PSBL S-S WX SPD DR
================================================================================
1 56 30 43 2 22 0 T 0.0 0 14.9 29 220 M M 7 18 42 300
2 51 23 37 -5 28 0 0.00 0.0 0 9.6 21 200 M M 4 29 200
3 58 45 52 10 13 0 0.16 0.0 0 7.7 23 190 M M 8 1 34 180
4 55 45 50 8 15 0 0.20 0.0 0 14.0 29 100 M M 10 1 42 90
5 71 40 56 13 9 0 0.16 0.0 0 16.0 33 230 M M 8 138 49 200
6 45 36 41 -2 24 0 0.00 0.0 0 13.7 22 230 M M 2 30 220
7 49 30 40 -4 25 0 0.00 0.0 0 6.0 13 60 M M 0 18 270
8 58 33 46 2 19 0 0.00 0.0 0 6.5 20 190 M M 5 8 26 200
9 63 34 49 5 16 0 0.00 0.0 0 7.0 18 200 M M 1 8 25 190
10 65 42 54 9 11 0 0.00 0.0 0 12.1 20 200 M M 3 27 200
11 71 51 61 16 4 0 0.00 0.0 0 13.5 22 210 M M 4 31 210
12 75 55 65 20 0 0 0.00 0.0 0 16.9 24 200 M M 0 37 210
13 77 55 66 20 0 1 0.00 0.0 0 11.2 20 230 M M 1 27 200
14 82 49 66 20 0 1 0.00 0.0 0 4.2 13 230 M M 3 8 20 230
15 81 57 69 22 0 4 T 0.0 0 7.1 23 200 M M 8 38 35 150
16 68 37 53 6 12 0 0.26 0.0 0 13.6 29 200 M M 9 13 42 210
17 39 34 37 -10 28 0 0.22 T 0 16.1 24 290 M M 10 128 37 270
18 47 33 40 -8 25 0 T T 0 11.9 23 290 M M 7 1 36 300
19 53 33 43 -5 22 0 0.61 0.0 0 11.8 23 110 M M 7 138 34 90
20 75 44 60 12 5 0 0.42 0.0 0 14.3 36 230 M M 8 13 59 220
21 57 42 50 1 15 0 0.00 0.0 0 9.5 20 250 M M 8 29 250
22 49 39 44 -5 21 0 0.00 0.0 0 6.9 13 230 M M 9 18 270
23 46 38 42 -8 23 0 T 0.0 0 9.3 18 320 M M 8 8 26 310
24 50 35 43 -7 22 0 0.00 0.0 0 6.2 14 270 M M 5 8 25 250
25 53 35 44 -6 21 0 0.05 T 0 7.8 17 320 M M 7 18 24 310
26 48 32 40 -11 25 0 0.00 0.0 0 6.9 17 280 M M 2 25 280
27 61 28 45 -6 20 0 0.00 0.0 0 5.8 20 190 M M 2 27 180
28 65 42 54 2 11 0 0.00 0.0 0 7.3 15 60 M M 7 22 60
29 60 42 51 -1 14 0 0.11 0.0 0 6.1 15 290 M M 6 18 23 310
30 48 41 45 -7 20 0 0.04 0.0 0 9.1 18 230 M M 10 26 250
================================================================================
SM 1776 1180 470 6 2.23 T 303.0 M 169
================================================================================
AV 59.2 39.3 10.1 FASTST M M 6 MAX(MPH)
MISC ----> 36 230 59 220
================================================================================
NOTES:
# LAST OF SEVERAL OCCURRENCES
COLUMN 17 PEAK WIND IN M.P.H.
PRELIMINARY LOCAL CLIMATOLOGICAL DATA (WS FORM: F-6) , PAGE 2
STATION: MUSKEGON
MONTH: APRIL
YEAR: 2023
LATITUDE: 43 10 N
LONGITUDE: 86 14 W
[TEMPERATURE DATA] [PRECIPITATION DATA] SYMBOLS USED IN COLUMN 16
AVERAGE MONTHLY: 49.3 TOTAL FOR MONTH: 2.23 1 = FOG OR MIST
DPTR FM NORMAL: 2.5 DPTR FM NORMAL: -1.24 2 = FOG REDUCING VISIBILITY
HIGHEST: 82 ON 14 GRTST 24HR 0.63 ON 19-20 TO 1/4 MILE OR LESS
LOWEST: 23 ON 2 3 = THUNDER
SNOW, ICE PELLETS, HAIL 4 = ICE PELLETS
TOTAL MONTH: T 5 = HAIL
GRTST 24HR T ON 17-17 6 = FREEZING RAIN OR DRIZZLE
GRTST DEPTH: 0 7 = DUSTSTORM OR SANDSTORM:
VSBY 1/2 MILE OR LESS
8 = SMOKE OR HAZE
[NO. OF DAYS WITH] [WEATHER - DAYS WITH] 9 = BLOWING SNOW
X = TORNADO
MAX 32 OR BELOW: 0 0.01 INCH OR MORE: 10
MAX 90 OR ABOVE: 0 0.10 INCH OR MORE: 8
MIN 32 OR BELOW: 5 0.50 INCH OR MORE: 1
MIN 0 OR BELOW: 0 1.00 INCH OR MORE: 0
[HDD (BASE 65) ]
TOTAL THIS MO. 470 CLEAR (SCALE 0-3) 8
DPTR FM NORMAL -80 PTCLDY (SCALE 4-7) 15
TOTAL FM JUL 1 5299 CLOUDY (SCALE 8-10) 7
DPTR FM NORMAL -697
[CDD (BASE 65) ]
TOTAL THIS MO. 6
DPTR FM NORMAL 4 [PRESSURE DATA]
TOTAL FM JAN 1 6 HIGHEST SLP 30.62 ON 7
DPTR FM NORMAL 3 LOWEST SLP 29.21 ON 1
[REMARKS]
#FINAL-04-23#