000
CXUS53 KGRR 011017
CF6MKG
PRELIMINARY LOCAL CLIMATOLOGICAL DATA (WS FORM: F-6)

                                          STATION:   MUSKEGON MI
                                          MONTH:     APRIL
                                          YEAR:      2013
                                          LATITUDE:   43 10 N
                                          LONGITUDE:  86 14 W

  TEMPERATURE IN F:       :PCPN:    SNOW:  WIND      :SUNSHINE: SKY     :PK WND
================================================================================
1   2   3   4   5  6A  6B    7    8   9   10  11  12  13   14  15   16   17  18
                                     12Z  AVG MX 2MIN
DY MAX MIN AVG DEP HDD CDD  WTR  SNW DPTH SPD SPD DIR MIN PSBL S-S WX    SPD DR
================================================================================

 1  35  28  32  -9  33   0    T    T    0 13.9 25 330   M    M   7        32 290
 2  38  21  30 -11  35   0 0.00  0.0    0  9.7 23 320   M    M   3        28 320
 3  42  21  32 -10  33   0 0.00  0.0    0  6.4 17 280   M    M   0        23 280
 4  49  24  37  -5  28   0    T  0.0    0 10.1 22 190   M    M   1        28 200
 5  45  31  38  -4  27   0 0.00  0.0    0  9.3 18 280   M    M   1        23 290
 6  59  36  48   5  17   0 0.04  0.0    0 14.0 26 190   M    M   8        37 200
 7  53  33  43   0  22   0 0.07  0.0    0 11.3 31 200   M    M   7 1      41 200
 8  52  33  43  -1  22   0 0.61  0.0    0 10.7 23 200   M    M   6 12     32 200
 9  47  38  43  -1  22   0 1.02  0.0    0  8.5 16  80   M    M  10 123    22  50
10  45  39  42  -2  23   0 0.59  0.0    0 14.5 25  60   M    M   9 13     32  50
11  39  36  38  -7  27   0 0.90  0.0    0 18.5 35  70   M    M   9 1      45  80
12  40  35  38  -7  27   0 0.14    T    0  9.8 21 220   M    M  10 1      26 210
13  42  35  39  -7  26   0 0.02    T    0 13.0 23 290   M    M  10 1      31 250
14  49  30  40  -6  25   0 0.07    T    0 11.3 26 100   M    M   5 1      32  90
15  61  45  53   7  12   0 0.52  0.0    0 11.9 25 200   M    M   9 1      36 160
16  49  38  44  -3  21   0 0.15  0.0    0  8.8 18 330   M    M   3 1      24 320
17  51  39  45  -2  20   0 0.69  0.0    0 12.4 26 100   M    M   7 13     37 100
18  64  44  54   6  11   0 2.02  0.0    0 11.1 32 210   M    M   9 1238   45 170
19  44  32  38 -10  27   0 0.01    T    0 19.6 33 230   M    M  10 8      41 230
20  39  27  33 -15  32   0    T    T    0 11.1 23 320   M    M   7        33 300
21  53  23  38 -11  27   0 0.00  0.0    0  8.7 23 130   M    M   3        26 130
22  63  38  51   2  14   0 0.00  0.0    0  8.7 16 140   M    M   0        24 230
23  60  37  49  -1  16   0 0.38  0.0    0 10.1 20 180   M    M   8 1      28 190
24  45  35  40 -10  25   0    T    T    0 11.5 21 290   M    M   6        25 290
25  49  39  44  -6  21   0 0.02  0.0    0 12.9 23 210   M    M   5        32 200
26  64  36  50  -1  15   0 0.00  0.0    0 13.5 26 190   M    M   1        33 200
27  66  47  57   6   8   0 0.00  0.0    0  6.9 18 190   M    M   0        24 190
28  67  46  57   6   8   0 0.00  0.0    0  3.7 10  90   M    M   9 1      14  60
29  67  43  55   3  10   0 0.01  0.0    0  6.3 16 200   M    M   6 128    21 210
30  81  57  69  17   0   4 0.17  0.0    0 13.3 25 180   M    M   1 3      33 190
================================================================================
SM 1558 1066       634   4  7.43    T    331.5          M      170
================================================================================
AV 51.9 35.5                              11.0 FASTST   M    M   6    MAX(MPH)
                                 MISC ---->  # 35  70               # 45   80
================================================================================
NOTES:
# LAST OF SEVERAL OCCURRENCES

COLUMN 17 PEAK WIND IN M.P.H.

PRELIMINARY LOCAL CLIMATOLOGICAL DATA (WS FORM: F-6) , PAGE 2

                                          STATION:  MUSKEGON MI
                                          MONTH:    APRIL
                                          YEAR:     2013
                                          LATITUDE:   43 10 N
                                          LONGITUDE:  86 14 W

[TEMPERATURE DATA]      [PRECIPITATION DATA]       SYMBOLS USED IN COLUMN 16

AVERAGE MONTHLY: 43.7   TOTAL FOR MONTH:   7.43    1 = FOG OR MIST
DPTR FM NORMAL:  -2.9   DPTR FM NORMAL:    4.52    2 = FOG REDUCING VISIBILITY
HIGHEST:    81 ON 30    GRTST 24HR  2.68 ON 17-18      TO 1/4 MILE OR LESS
LOWEST:     21 ON  3, 2                            3 = THUNDER
                        SNOW, ICE PELLETS, HAIL    4 = ICE PELLETS
                        TOTAL MONTH:    T          5 = HAIL
                        GRTST 24HR    T  ON 24-24  6 = FREEZING RAIN OR DRIZZLE
                        GRTST DEPTH:   0           7 = DUSTSTORM OR SANDSTORM:
                                                       VSBY 1/2 MILE OR LESS
                                                   8 = SMOKE OR HAZE
[NO. OF DAYS WITH]      [WEATHER - DAYS WITH]      9 = BLOWING SNOW
                                                   X = TORNADO
MAX 32 OR BELOW:   0    0.01 INCH OR MORE:  18
MAX 90 OR ABOVE:   0    0.10 INCH OR MORE:  11
MIN 32 OR BELOW:   9    0.50 INCH OR MORE:   7
MIN  0 OR BELOW:   0    1.00 INCH OR MORE:   2

[HDD (BASE 65) ]
TOTAL THIS MO.   634    CLEAR  (SCALE 0-3)   8
DPTR FM NORMAL    78    PTCLDY (SCALE 4-7)  12
TOTAL FM JUL 1  6090    CLOUDY (SCALE 8-10) 10
DPTR FM NORMAL  -128

[CDD (BASE 65) ]
TOTAL THIS MO.     4
DPTR FM NORMAL     0    [PRESSURE DATA]
TOTAL FM JAN 1     4    HIGHEST SLP 30.60 ON 21
DPTR FM NORMAL     0    LOWEST  SLP 29.42 ON 19

[REMARKS]
#FINAL-04-13#
