000
CXUS53 KGRR 011017
CF6MKG
PRELIMINARY LOCAL CLIMATOLOGICAL DATA (WS FORM: F-6)

                                          STATION:   MUSKEGON MI
                                          MONTH:     MARCH
                                          YEAR:      2013
                                          LATITUDE:   43 10 N
                                          LONGITUDE:  86 14 W

  TEMPERATURE IN F:       :PCPN:    SNOW:  WIND      :SUNSHINE: SKY     :PK WND
================================================================================
1   2   3   4   5  6A  6B    7    8   9   10  11  12  13   14  15   16   17  18
                                     12Z  AVG MX 2MIN
DY MAX MIN AVG DEP HDD CDD  WTR  SNW DPTH SPD SPD DIR MIN PSBL S-S WX    SPD DR
================================================================================

 1  34  22  28  -2  37   0 0.00  0.0    9  7.4 16  30   M    M   5        22  40
 2  31  17  24  -6  41   0 0.00  0.0    9  8.1 17 360   M    M   3        25  10
 3  31  10  21 -10  44   0 0.00  0.0    8  5.7 16 300   M    M   3        22 290
 4  33   8  21 -10  44   0 0.00  0.0    8  2.2 12  70   M    M   0        14  70
 5  33  20  27  -4  38   0 0.00  0.0    8 11.6 22  80   M    M   7        29 100
 6  38  28  33   1  32   0 0.00  0.0    7  8.6 21  50   M    M   9        28  50
 7  36  20  28  -4  37   0 0.00  0.0    7  6.2 16 280   M    M   6        21 270
 8  38  16  27  -5  38   0 0.00  0.0    6  2.2 10 230   M    M   0        13 230
 9  42  24  33   1  32   0    T  0.0    5 10.8 21 130   M    M   5        26 120
10  50  39  45  12  20   0 0.62  0.0    4  9.1 22 180   M    M  10 12     29 190
11  49  35  42   9  23   0 0.11    T    2  9.4 21 210   M    M   8 12     28 180
12  35  30  33  -1  32   0 0.01    T    1 11.1 14 280   M    M  10 1      22 260
13  32  25  29  -5  36   0 0.05  0.7    1 14.0 25 330   M    M   6        35 340
14  38  20  29  -5  36   0 0.00  0.0    1  6.6 14 220   M    M   2        20 220
15  40  31  36   2  29   0 0.04  0.4    0  7.6 13 240   M    M   8 18     20 240
16  36  26  31  -4  34   0 0.04  0.5    1  9.9 18 330   M    M   9 18     23 320
17  35  24  30  -5  35   0 0.00  0.0    0 10.1 17  70   M    M   3        24  90
18  35  22  29  -7  36   0 0.20  1.1    0 12.8 26 270   M    M   6 16     37 250
19  30  21  26 -10  39   0 0.03  1.0    1 15.7 25 260   M    M   8 8      36 270
20  27  19  23 -13  42   0 0.06  1.5    2 11.4 20 290   M    M   9 8      24 280
21  32  21  27 -10  38   0 0.03  0.5    2 10.5 20 290   M    M   9 1      26 300
22  34  27  31  -6  34   0 0.00  0.0    2  7.5 15 270   M    M   6        21 310
23  38  28  33  -4  32   0 0.00  0.0    0  5.0 12 340   M    M   9        18 360
24  40  27  34  -4  31   0 0.00  0.0    0 10.2 22  50   M    M   7        29  50
25  41  28  35  -3  30   0    T    T    0 11.5 20 360   M    M   8        25 340
26  43  29  36  -2  29   0    T    T    0  8.9 20 290   M    M   9 1      24 290
27  43  32  38  -1  27   0 0.00  0.0    0  9.7 21 310   M    M   1        28 300
28  46  27  37  -2  28   0 0.00  0.0    0  5.5 17 270   M    M   1        21 270
29  47  24  36  -4  29   0 0.00  0.0    0  3.3 12 280   M    M   1 128    16 280
30  55  22  39  -1  26   0    T  0.0    0  8.4 21 220   M    M   5 12     29 190
31  47  33  40   0  25   0 0.06  0.0    0 11.0 25 340   M    M   9 18     35 340
================================================================================
SM 1189  755      1034   0  1.25     5.7 272.0          M      182
================================================================================
AV 38.4 24.4                               8.8 FASTST   M    M   6    MAX(MPH)
                                 MISC ---->  # 26 270               # 37  250
================================================================================
NOTES:
# LAST OF SEVERAL OCCURRENCES

COLUMN 17 PEAK WIND IN M.P.H.

PRELIMINARY LOCAL CLIMATOLOGICAL DATA (WS FORM: F-6) , PAGE 2

                                          STATION:  MUSKEGON MI
                                          MONTH:    MARCH
                                          YEAR:     2013
                                          LATITUDE:   43 10 N
                                          LONGITUDE:  86 14 W

[TEMPERATURE DATA]      [PRECIPITATION DATA]       SYMBOLS USED IN COLUMN 16

AVERAGE MONTHLY: 31.4   TOTAL FOR MONTH:   1.25    1 = FOG OR MIST
DPTR FM NORMAL:  -3.6   DPTR FM NORMAL:   -1.00    2 = FOG REDUCING VISIBILITY
HIGHEST:    55 ON 30    GRTST 24HR  0.62 ON 10-10      TO 1/4 MILE OR LESS
LOWEST:      8 ON  4                               3 = THUNDER
                        SNOW, ICE PELLETS, HAIL    4 = ICE PELLETS
                        TOTAL MONTH:   5.7 INCHES  5 = HAIL
                        GRTST 24HR   1.5 ON 20-20  6 = FREEZING RAIN OR DRIZZLE
                        GRTST DEPTH:   9 ON  2, 1  7 = DUSTSTORM OR SANDSTORM:
                                                       VSBY 1/2 MILE OR LESS
                                                   8 = SMOKE OR HAZE
[NO. OF DAYS WITH]      [WEATHER - DAYS WITH]      9 = BLOWING SNOW
                                                   X = TORNADO
MAX 32 OR BELOW:   6    0.01 INCH OR MORE:  11
MAX 90 OR ABOVE:   0    0.10 INCH OR MORE:   3
MIN 32 OR BELOW:  28    0.50 INCH OR MORE:   1
MIN  0 OR BELOW:   0    1.00 INCH OR MORE:   0

[HDD (BASE 65) ]
TOTAL THIS MO.  1034    CLEAR  (SCALE 0-3)   8
DPTR FM NORMAL   104    PTCLDY (SCALE 4-7)  12
TOTAL FM JUL 1  5456    CLOUDY (SCALE 8-10) 11
DPTR FM NORMAL  -206

[CDD (BASE 65) ]
TOTAL THIS MO.     0
DPTR FM NORMAL     0    [PRESSURE DATA]
TOTAL FM JAN 1     0    HIGHEST SLP 30.53 ON  8
DPTR FM NORMAL     0    LOWEST  SLP 29.47 ON 11

[REMARKS]
#FINAL-03-13#
