000
CXUS53 KGRR 011017
CF6MKG
PRELIMINARY LOCAL CLIMATOLOGICAL DATA (WS FORM: F-6)

                                          STATION:   MUSKEGON MI
                                          MONTH:     FEBRUARY
                                          YEAR:      2013
                                          LATITUDE:   43 10 N
                                          LONGITUDE:  86 14 W

  TEMPERATURE IN F:       :PCPN:    SNOW:  WIND      :SUNSHINE: SKY     :PK WND
================================================================================
1   2   3   4   5  6A  6B    7    8   9   10  11  12  13   14  15   16   17  18
                                     12Z  AVG MX 2MIN
DY MAX MIN AVG DEP HDD CDD  WTR  SNW DPTH SPD SPD DIR MIN PSBL S-S WX    SPD DR
================================================================================

 1  18  13  16  -9  49   0 0.09  2.5    4 12.9 22 320   M    M  10 8      26 260
 2  21   3  12 -13  53   0 0.21  5.6    8  6.2 17 260   M    M   8 18     24 260
 3  21  11  16  -9  49   0 0.11  3.2    8  7.7 20 300   M    M  10 18     25 310
 4  22   5  14 -12  51   0 0.04  1.2    9  4.4 12  60   M    M   8 18     15 300
 5  31   6  19  -7  46   0 0.08  1.5    7 10.9 23 240   M    M   9 128    30 240
 6  32  13  23  -3  42   0    T    T    7  6.9 16 220   M    M   9        21 230
 7  32  29  31   5  34   0 0.82  9.7    5  9.7 16 130   M    M  10 128    18 140
 8  34  10  22  -4  43   0 0.10  1.9   15  9.5 20 350   M    M   6 18     26 340
 9  31   2  17  -9  48   0 0.00  0.0   15  5.3 13 160   M    M   1 128    18 170
10  46  16  31   5  34   0 0.29  0.0   12 11.7 24 170   M    M   6 1      33 170
11  46  31  39  13  26   0 0.04  0.7    6 21.9 27 230   M    M  10        41 220
12  31  27  29   3  36   0    T    T    6 10.5 20 290   M    M  10        28 300
13  36  22  29   2  36   0 0.00  0.0    6  7.6 16 190   M    M   8 18     22 170
14  39  28  34   7  31   0 0.10  0.5    5 12.2 24 290   M    M  10 18     37 280
15  28  23  26  -1  39   0 0.04  0.8    6  9.7 16 330   M    M  10        21 310
16  24   3  14 -13  51   0 0.16  3.3    7  8.7 16 330   M    M   8 128    23 340
17  24   0  12 -15  53   0    T    T    8  5.8 12 130   M    M   7 18     14 140
18  47  20  34   6  31   0 0.29  0.0    7 13.4 25 170   M    M   5 1      37 160
19  44  18  31   3  34   0 0.30  6.9    4 18.1 30 190   M    M  10 1269   39 190
20  24  17  21  -7  44   0 0.04  1.3   11 14.7 21 350   M    M  10        31 330
21  27  20  24  -4  41   0    T    T   10 10.1 22  90   M    M   7        29  90
22  34  20  27  -1  38   0 0.42  4.8    9 11.3 22  70   M    M  10 1268   28 100
23  33  28  31   2  34   0 0.10  2.5   10 11.8 20 230   M    M  10 18     25 230
24  36  19  28  -1  37   0    T    T   10  6.6 15 270   M    M   6 18     20 260
25  43  15  29   0  36   0 0.00  0.0    9  2.8  9  60   M    M   4 18     12  60
26  38  27  33   4  32   0 0.47  4.9    7 17.0 33  70   M    M   4 12     44  70
27  37  34  36   6  29   0 0.26  1.9   13  6.5 15  40   M    M  10 1      21  30
28  36  30  33   3  32   0    T  0.1   12 11.6 21 350   M    M   9 1      26 340
================================================================================
SM  915  490      1109   0  3.96    53.3 285.5          M      225
================================================================================
AV 32.7 17.5                              10.2 FASTST   M    M   8    MAX(MPH)
                                 MISC ---->  # 33  70               # 44   70
================================================================================
NOTES:
# LAST OF SEVERAL OCCURRENCES

COLUMN 17 PEAK WIND IN M.P.H.

PRELIMINARY LOCAL CLIMATOLOGICAL DATA (WS FORM: F-6) , PAGE 2

                                          STATION:  MUSKEGON MI
                                          MONTH:    FEBRUARY
                                          YEAR:     2013
                                          LATITUDE:   43 10 N
                                          LONGITUDE:  86 14 W

[TEMPERATURE DATA]      [PRECIPITATION DATA]       SYMBOLS USED IN COLUMN 16

AVERAGE MONTHLY: 25.1   TOTAL FOR MONTH:   3.96    1 = FOG OR MIST
DPTR FM NORMAL:  -2.0   DPTR FM NORMAL:    2.13    2 = FOG REDUCING VISIBILITY
HIGHEST:    47 ON 18    GRTST 24HR  1.02 ON  7- 8      TO 1/4 MILE OR LESS
LOWEST:      0 ON 17                               3 = THUNDER
                        SNOW, ICE PELLETS, HAIL    4 = ICE PELLETS
                        TOTAL MONTH:  53.3 INCHES  5 = HAIL
                        GRTST 24HR   9.7 ON   M    6 = FREEZING RAIN OR DRIZZLE
                        GRTST DEPTH:  15 ON  9, 8  7 = DUSTSTORM OR SANDSTORM:
                                                       VSBY 1/2 MILE OR LESS
                                                   8 = SMOKE OR HAZE
[NO. OF DAYS WITH]      [WEATHER - DAYS WITH]      9 = BLOWING SNOW
                                                   X = TORNADO
MAX 32 OR BELOW:  14    0.01 INCH OR MORE:  19
MAX 90 OR ABOVE:   0    0.10 INCH OR MORE:  13
MIN 32 OR BELOW:  27    0.50 INCH OR MORE:   1
MIN  0 OR BELOW:   1    1.00 INCH OR MORE:   0

[HDD (BASE 65) ]
TOTAL THIS MO.  1109    CLEAR  (SCALE 0-3)   1
DPTR FM NORMAL    49    PTCLDY (SCALE 4-7)  10
TOTAL FM JUL 1  4422    CLOUDY (SCALE 8-10) 17
DPTR FM NORMAL  -310

[CDD (BASE 65) ]
TOTAL THIS MO.     0
DPTR FM NORMAL     0    [PRESSURE DATA]
TOTAL FM JAN 1     0    HIGHEST SLP 30.45 ON  9
DPTR FM NORMAL     0    LOWEST  SLP 29.35 ON 19

[REMARKS]
#FINAL-02-13#
