000
CXUS53 KGRR 011344
CF6MKG
PRELIMINARY LOCAL CLIMATOLOGICAL DATA (WS FORM: F-6)

                                          STATION:   MUSKEGON MI
                                          MONTH:     JANUARY
                                          YEAR:      2013
                                          LATITUDE:   43 10 N
                                          LONGITUDE:  86 14 W

  TEMPERATURE IN F:       :PCPN:    SNOW:  WIND      :SUNSHINE: SKY     :PK WND
================================================================================
1   2   3   4   5  6A  6B    7    8   9   10  11  12  13   14  15   16   17  18
                                     12Z  AVG MX 2MIN
DY MAX MIN AVG DEP HDD CDD  WTR  SNW DPTH SPD SPD DIR MIN PSBL S-S WX    SPD DR
================================================================================

 1  26  21  24  -3  41   0    T    T    2  7.4 15 290   M    M  10        20 300
 2  30  22  26  -1  39   0    T    T    2  9.0 17 180   M    M  10        24 180
 3  31  22  27   1  38   0 0.01  0.4    2 10.6 17 270   M    M  10 18     24 270
 4  34  27  31   5  34   0 0.00  0.0    2 14.3 23 240   M    M   6        31 240
 5  39  20  30   4  35   0 0.09  0.0    2 10.4 29 230   M    M   7 18     38 220
 6  39  30  35   9  30   0 0.06  0.1    T 10.6 21 230   M    M  10 18     30 240
 7  38  31  35   9  30   0 0.00  0.0    0 17.5 30 200   M    M   4        38 190
 8  40  32  36  10  29   0 0.00  0.0    0 10.1 22 230   M    M   3 18     28 230
 9  45  36  41  15  24   0 0.01  0.0    0 15.6 25 270   M    M   3        36 250
10  45  25  35   9  30   0 0.14  0.0    0  8.3 22 110   M    M   3 1      29 120
11  53  37  45  19  20   0 0.84  0.0    0 14.7 24 180   M    M   9 12     31 190
12  53  37  45  19  20   0    T  0.0    0 14.4 25 190   M    M   2        37 190
13  37  23  30   5  35   0 0.08    T    0  9.4 20 280   M    M   9 16     28 270
14  28  19  24  -1  41   0 0.01  0.3    T  6.8 20 290   M    M   7        30 290
15  31  25  28   3  37   0    T    T    0  5.8 13 270   M    M   8        17 270
16  36  22  29   4  36   0    T    T    0 14.9 29 210   M    M   7        37 210
17  35  21  28   3  37   0    T    T    0 12.9 22 320   M    M   8        32 310
18  42  18  30   5  35   0 0.02  0.6    0 14.9 32 190   M    M   6 18     41 210
19  44  31  38  13  27   0    T    T    0 17.3 37 290   M    M   7        52 290
20  45  15  30   5  35   0 0.04  1.5    T   M   M 300   M    M   7 89      M 310
21  18   4  11 -14  54   0 0.10  4.2    3 14.1 23 300   M    M  10 9      32 300
22  10   3   7 -18  58   0 0.12  3.7    5  9.9 18 330   M    M  10        22 320
23  19   5  12 -13  53   0 0.22  6.9    6  9.2 24 340   M    M  10 18     29 340
24  16   4  10 -15  55   0    T    T   10  5.2 13  10   M    M   2 1      16  10
25  26  14  20  -5  45   0 0.35  9.4    7  9.4 16 140   M    M  10 128    23 140
26  30  20  25   0  40   0 0.02  0.5   14  6.2 14 330   M    M  10 18     16 330
27  32  24  28   3  37   0 0.06  0.2   10 10.2 20 110   M    M   9 16     25 130
28  43  30  37  12  28   0 0.17  0.0    7  7.2 18 230   M    M  10 126    23 270
29  59  32  46  21  19   0 2.48  0.0    0 13.4 29 190   M    M   9 123    39 190
30  50  24  37  12  28   0 0.50  0.3    T  9.5 28 320   M    M  10 1      36 310
31  24  17  21  -4  44   0 0.16  3.3    1 15.5 28 290   M    M  10 19     38 280
================================================================================
SM 1098  691      1114   0  5.48    31.4 334.7          M      236
================================================================================
AV 35.4 22.3                              11.2 FASTST   M    M   8    MAX(MPH)
                                 MISC ---->  # 37 290               # 52  290
================================================================================
NOTES:
# LAST OF SEVERAL OCCURRENCES

COLUMN 17 PEAK WIND IN M.P.H.

PRELIMINARY LOCAL CLIMATOLOGICAL DATA (WS FORM: F-6) , PAGE 2

                                          STATION:  MUSKEGON MI
                                          MONTH:    JANUARY
                                          YEAR:     2013
                                          LATITUDE:   43 10 N
                                          LONGITUDE:  86 14 W

[TEMPERATURE DATA]      [PRECIPITATION DATA]       SYMBOLS USED IN COLUMN 16

AVERAGE MONTHLY: 28.9   TOTAL FOR MONTH:   5.48    1 = FOG OR MIST
DPTR FM NORMAL:   3.5   DPTR FM NORMAL:    3.45    2 = FOG REDUCING VISIBILITY
HIGHEST:    59 ON 29    GRTST 24HR  2.68 ON 29-30      TO 1/4 MILE OR LESS
LOWEST:      3 ON 22                               3 = THUNDER
                        SNOW, ICE PELLETS, HAIL    4 = ICE PELLETS
                        TOTAL MONTH:  31.4 INCHES  5 = HAIL
                        GRTST 24HR   9.4 ON   M    6 = FREEZING RAIN OR DRIZZLE
                        GRTST DEPTH:  14 ON 26     7 = DUSTSTORM OR SANDSTORM:
                                                       VSBY 1/2 MILE OR LESS
                                                   8 = SMOKE OR HAZE
[NO. OF DAYS WITH]      [WEATHER - DAYS WITH]      9 = BLOWING SNOW
                                                   X = TORNADO
MAX 32 OR BELOW:  13    0.01 INCH OR MORE:  20
MAX 90 OR ABOVE:   0    0.10 INCH OR MORE:  10
MIN 32 OR BELOW:  28    0.50 INCH OR MORE:   3
MIN  0 OR BELOW:   0    1.00 INCH OR MORE:   1

[HDD (BASE 65) ]
TOTAL THIS MO.  1114    CLEAR  (SCALE 0-3)   4
DPTR FM NORMAL  -112    PTCLDY (SCALE 4-7)   9
TOTAL FM JUL 1  3313    CLOUDY (SCALE 8-10) 18
DPTR FM NORMAL  -359

[CDD (BASE 65) ]
TOTAL THIS MO.     0
DPTR FM NORMAL     0    [PRESSURE DATA]
TOTAL FM JAN 1     0    HIGHEST SLP 30.66 ON 24
DPTR FM NORMAL     0    LOWEST  SLP 29.12 ON 30

[REMARKS]
#FINAL-01-13#
